188.165.52.21 www.nougat-bb.be - [20/Feb/2024:18:37:13 +0100] "POST /wp-cron.php?doing_wp_cron=1708450633.5161459445953369140625 HTTP/1.1" 200 0 "-" "WordPress/6.4.3; http://www.nougat-bb.be"
52.167.144.161 www.nougat-bb.be - [20/Feb/2024:18:37:13 +0100] "GET / HTTP/1.1" 200 87673 "-" "Mozilla/5.0 AppleWebKit/537.36 (KHTML, like Gecko; compatible; bingbot/2.0; +http://www.bing.com/bingbot.htm) Chrome/116.0.1938.76 Safari/537.36"
188.165.52.21 www.nougat-bb.be - [21/Feb/2024:14:21:44 +0100] "POST /wp-cron.php?doing_wp_cron=1708521704.8503279685974121093750 HTTP/1.1" 200 0 "-" "WordPress/6.4.3; http://www.nougat-bb.be"
198.235.24.52 www.nougat-bb.be - [21/Feb/2024:14:21:44 +0100] "GET / HTTP/1.1" 200 87673 "-" "Expanse, a Palo Alto Networks company, searches across the global IPv4 space multiple times per day to identify customers' presences on the Internet. If you would like to be excluded from our scans, please send IP addresses/domains to: scaninfo@paloaltonetworks.com"
188.165.52.21 www.nougat-bb.be - [21/Feb/2024:20:26:41 +0100] "POST /wp-cron.php?doing_wp_cron=1708543602.5013570785522460937500 HTTP/1.1" 200 0 "-" "WordPress/6.4.3; http://www.nougat-bb.be"
40.77.167.60 www.nougat-bb.be - [21/Feb/2024:20:26:41 +0100] "GET /?s=2023 HTTP/1.1" 200 79634 "-" "Mozilla/5.0 AppleWebKit/537.36 (KHTML, like Gecko; compatible; bingbot/2.0; +http://www.bing.com/bingbot.htm) Chrome/116.0.1938.76 Safari/537.36"
188.165.52.21 www.nougat-bb.be - [22/Feb/2024:03:47:43 +0100] "POST /wp-cron.php?doing_wp_cron=1708570064.2796061038970947265625 HTTP/1.1" 200 0 "-" "WordPress/6.4.3; http://www.nougat-bb.be"
52.167.144.222 www.nougat-bb.be - [22/Feb/2024:03:47:43 +0100] "GET / HTTP/1.1" 200 87673 "-" "Mozilla/5.0 AppleWebKit/537.36 (KHTML, like Gecko; compatible; bingbot/2.0; +http://www.bing.com/bingbot.htm) Chrome/116.0.1938.76 Safari/537.36"
188.165.52.21 www.nougat-bb.be - [22/Feb/2024:05:28:59 +0100] "POST /wp-cron.php?doing_wp_cron=1708576139.5521841049194335937500 HTTP/1.1" 200 0 "-" "WordPress/6.4.3; http://www.nougat-bb.be"
52.167.144.191 www.nougat-bb.be - [22/Feb/2024:05:28:59 +0100] "GET / HTTP/1.1" 200 87673 "-" "Mozilla/5.0 AppleWebKit/537.36 (KHTML, like Gecko; compatible; bingbot/2.0; +http://www.bing.com/bingbot.htm) Chrome/116.0.1938.76 Safari/537.36"
40.77.167.60 www.nougat-bb.be - [22/Feb/2024:05:29:47 +0100] "GET /wp-content/plugins/LayerSlider/static/js/greensock.js?ver=1.11.8 HTTP/1.1" 200 59709 "-" "Mozilla/5.0 AppleWebKit/537.36 (KHTML, like Gecko; compatible; bingbot/2.0; +http://www.bing.com/bingbot.htm) Chrome/116.0.1938.76 Safari/537.36"
40.77.167.60 www.nougat-bb.be - [22/Feb/2024:05:29:48 +0100] "GET /wp-content/plugins/LayerSlider/static/js/layerslider.transitions.js?ver=5.6.9 HTTP/1.1" 200 21096 "-" "Mozilla/5.0 AppleWebKit/537.36 (KHTML, like Gecko; compatible; bingbot/2.0; +http://www.bing.com/bingbot.htm) Chrome/116.0.1938.76 Safari/537.36"
40.77.167.60 www.nougat-bb.be - [22/Feb/2024:05:29:48 +0100] "GET /wp-content/themes/betheme/betheme/assets/animations/animations.min.css?ver=14.7 HTTP/1.1" 200 58508 "-" "Mozilla/5.0 AppleWebKit/537.36 (KHTML, like Gecko; compatible; bingbot/2.0; +http://www.bing.com/bingbot.htm) Chrome/116.0.1938.76 Safari/537.36"
40.77.167.60 www.nougat-bb.be - [22/Feb/2024:05:29:48 +0100] "GET /wp-content/themes/betheme/betheme/assets/animations/animations.min.js?ver=14.7 HTTP/1.1" 200 1896 "-" "Mozilla/5.0 AppleWebKit/537.36 (KHTML, like Gecko; compatible; bingbot/2.0; +http://www.bing.com/bingbot.htm) Chrome/116.0.1938.76 Safari/537.36"
40.77.167.60 www.nougat-bb.be - [22/Feb/2024:05:29:48 +0100] "GET /wp-content/themes/betheme/betheme/css/layout.css?ver=14.7 HTTP/1.1" 200 109170 "-" "Mozilla/5.0 AppleWebKit/537.36 (KHTML, like Gecko; compatible; bingbot/2.0; +http://www.bing.com/bingbot.htm) Chrome/116.0.1938.76 Safari/537.36"
40.77.167.60 www.nougat-bb.be - [22/Feb/2024:05:29:49 +0100] "GET /wp-content/themes/betheme/betheme/css/responsive.css?ver=14.7 HTTP/1.1" 200 51251 "-" "Mozilla/5.0 AppleWebKit/537.36 (KHTML, like Gecko; compatible; bingbot/2.0; +http://www.bing.com/bingbot.htm) Chrome/116.0.1938.76 Safari/537.36"
40.77.167.60 www.nougat-bb.be - [22/Feb/2024:05:29:49 +0100] "GET /wp-content/themes/betheme/betheme/css/shortcodes.css?ver=14.7 HTTP/1.1" 200 129633 "-" "Mozilla/5.0 AppleWebKit/537.36 (KHTML, like Gecko; compatible; bingbot/2.0; +http://www.bing.com/bingbot.htm) Chrome/116.0.1938.76 Safari/537.36"
40.77.167.60 www.nougat-bb.be - [22/Feb/2024:05:29:49 +0100] "GET /wp-includes/css/dist/block-library/style.min.css?ver=6.4.3 HTTP/1.1" 200 110147 "-" "Mozilla/5.0 AppleWebKit/537.36 (KHTML, like Gecko; compatible; bingbot/2.0; +http://www.bing.com/bingbot.htm) Chrome/116.0.1938.76 Safari/537.36"
40.77.167.60 www.nougat-bb.be - [22/Feb/2024:05:29:49 +0100] "GET /wp-includes/js/jquery/jquery-migrate.min.js?ver=3.4.1 HTTP/1.1" 200 13577 "-" "Mozilla/5.0 AppleWebKit/537.36 (KHTML, like Gecko; compatible; bingbot/2.0; +http://www.bing.com/bingbot.htm) Chrome/116.0.1938.76 Safari/537.36"
40.77.167.60 www.nougat-bb.be - [22/Feb/2024:05:29:50 +0100] "GET /wp-includes/js/wp-emoji-release.min.js?ver=6.4.3 HTTP/1.1" 200 18692 "-" "Mozilla/5.0 AppleWebKit/537.36 (KHTML, like Gecko; compatible; bingbot/2.0; +http://www.bing.com/bingbot.htm) Chrome/116.0.1938.76 Safari/537.36"
52.167.144.167 www.nougat-bb.be - [22/Feb/2024:05:29:57 +0100] "GET /wp-content/plugins/LayerSlider/static/css/layerslider.css?ver=5.6.9 HTTP/1.1" 200 15709 "-" "Mozilla/5.0 AppleWebKit/537.36 (KHTML, like Gecko; compatible; bingbot/2.0; +http://www.bing.com/bingbot.htm) Chrome/116.0.1938.76 Safari/537.36"
52.167.144.167 www.nougat-bb.be - [22/Feb/2024:05:29:57 +0100] "GET /wp-content/plugins/contact-form-7/includes/swv/js/index.js?ver=5.8.5 HTTP/1.1" 200 11117 "-" "Mozilla/5.0 AppleWebKit/537.36 (KHTML, like Gecko; compatible; bingbot/2.0; +http://www.bing.com/bingbot.htm) Chrome/116.0.1938.76 Safari/537.36"
52.167.144.167 www.nougat-bb.be - [22/Feb/2024:05:29:57 +0100] "GET /wp-content/themes/betheme/betheme/assets/jplayer/jplayer.min.js?ver=14.7 HTTP/1.1" 200 52702 "-" "Mozilla/5.0 AppleWebKit/537.36 (KHTML, like Gecko; compatible; bingbot/2.0; +http://www.bing.com/bingbot.htm) Chrome/116.0.1938.76 Safari/537.36"
52.167.144.167 www.nougat-bb.be - [22/Feb/2024:05:29:58 +0100] "GET /wp-content/themes/betheme/betheme/assets/ui/jquery.ui.all.css?ver=14.7 HTTP/1.1" 200 19611 "-" "Mozilla/5.0 AppleWebKit/537.36 (KHTML, like Gecko; compatible; bingbot/2.0; +http://www.bing.com/bingbot.htm) Chrome/116.0.1938.76 Safari/537.36"
52.167.144.167 www.nougat-bb.be - [22/Feb/2024:05:29:58 +0100] "GET /wp-content/themes/betheme/betheme/js/menu.js?ver=14.7 HTTP/1.1" 200 2451 "-" "Mozilla/5.0 AppleWebKit/537.36 (KHTML, like Gecko; compatible; bingbot/2.0; +http://www.bing.com/bingbot.htm) Chrome/116.0.1938.76 Safari/537.36"
52.167.144.167 www.nougat-bb.be - [22/Feb/2024:05:29:58 +0100] "GET /wp-content/themes/betheme/betheme/js/plugins.js?ver=14.7 HTTP/1.1" 200 220551 "-" "Mozilla/5.0 AppleWebKit/537.36 (KHTML, like Gecko; compatible; bingbot/2.0; +http://www.bing.com/bingbot.htm) Chrome/116.0.1938.76 Safari/537.36"
52.167.144.167 www.nougat-bb.be - [22/Feb/2024:05:29:58 +0100] "GET /wp-content/themes/betheme/betheme/js/scripts.js?ver=14.7 HTTP/1.1" 200 61775 "-" "Mozilla/5.0 AppleWebKit/537.36 (KHTML, like Gecko; compatible; bingbot/2.0; +http://www.bing.com/bingbot.htm) Chrome/116.0.1938.76 Safari/537.36"
52.167.144.167 www.nougat-bb.be - [22/Feb/2024:05:29:59 +0100] "GET /wp-content/themes/betheme/betheme/style.css?ver=14.7 HTTP/1.1" 200 282 "-" "Mozilla/5.0 AppleWebKit/537.36 (KHTML, like Gecko; compatible; bingbot/2.0; +http://www.bing.com/bingbot.htm) Chrome/116.0.1938.76 Safari/537.36"
52.167.144.167 www.nougat-bb.be - [22/Feb/2024:05:29:59 +0100] "GET /wp-includes/js/jquery/ui/core.min.js?ver=1.13.2 HTTP/1.1" 200 21438 "-" "Mozilla/5.0 AppleWebKit/537.36 (KHTML, like Gecko; compatible; bingbot/2.0; +http://www.bing.com/bingbot.htm) Chrome/116.0.1938.76 Safari/537.36"
52.167.144.167 www.nougat-bb.be - [22/Feb/2024:05:29:59 +0100] "GET /wp-includes/js/jquery/ui/mouse.min.js?ver=1.13.2 HTTP/1.1" 200 3402 "-" "Mozilla/5.0 AppleWebKit/537.36 (KHTML, like Gecko; compatible; bingbot/2.0; +http://www.bing.com/bingbot.htm) Chrome/116.0.1938.76 Safari/537.36"
52.167.144.142 www.nougat-bb.be - [22/Feb/2024:05:30:07 +0100] "GET /wp-content/plugins/LayerSlider/static/js/layerslider.kreaturamedia.jquery.js?ver=5.6.9 HTTP/1.1" 200 54713 "-" "Mozilla/5.0 AppleWebKit/537.36 (KHTML, like Gecko; compatible; bingbot/2.0; +http://www.bing.com/bingbot.htm) Chrome/116.0.1938.76 Safari/537.36"
52.167.144.142 www.nougat-bb.be - [22/Feb/2024:05:30:08 +0100] "GET /wp-content/plugins/contact-form-7/includes/js/index.js?ver=5.8.5 HTTP/1.1" 200 13182 "-" "Mozilla/5.0 AppleWebKit/537.36 (KHTML, like Gecko; compatible; bingbot/2.0; +http://www.bing.com/bingbot.htm) Chrome/116.0.1938.76 Safari/537.36"
52.167.144.142 www.nougat-bb.be - [22/Feb/2024:05:30:08 +0100] "GET /wp-content/plugins/contact-form-7/includes/css/styles.css?ver=5.8.5 HTTP/1.1" 200 2894 "-" "Mozilla/5.0 AppleWebKit/537.36 (KHTML, like Gecko; compatible; bingbot/2.0; +http://www.bing.com/bingbot.htm) Chrome/116.0.1938.76 Safari/537.36"
52.167.144.142 www.nougat-bb.be - [22/Feb/2024:05:30:08 +0100] "GET /wp-content/themes/betheme/betheme/assets/jplayer/css/jplayer.blue.monday.css?ver=14.7 HTTP/1.1" 200 10145 "-" "Mozilla/5.0 AppleWebKit/537.36 (KHTML, like Gecko; compatible; bingbot/2.0; +http://www.bing.com/bingbot.htm) Chrome/116.0.1938.76 Safari/537.36"
52.167.144.142 www.nougat-bb.be - [22/Feb/2024:05:30:08 +0100] "GET /wp-content/themes/betheme/betheme/assets/prettyPhoto/prettyPhoto.css?ver=14.7 HTTP/1.1" 200 18388 "-" "Mozilla/5.0 AppleWebKit/537.36 (KHTML, like Gecko; compatible; bingbot/2.0; +http://www.bing.com/bingbot.htm) Chrome/116.0.1938.76 Safari/537.36"
52.167.144.142 www.nougat-bb.be - [22/Feb/2024:05:30:08 +0100] "GET /wp-content/themes/betheme/betheme/css/base.css?ver=14.7 HTTP/1.1" 200 49620 "-" "Mozilla/5.0 AppleWebKit/537.36 (KHTML, like Gecko; compatible; bingbot/2.0; +http://www.bing.com/bingbot.htm) Chrome/116.0.1938.76 Safari/537.36"
52.167.144.142 www.nougat-bb.be - [22/Feb/2024:05:30:09 +0100] "GET /wp-content/themes/betheme/betheme/js/parallax/translate3d.js?ver=14.7 HTTP/1.1" 200 6715 "-" "Mozilla/5.0 AppleWebKit/537.36 (KHTML, like Gecko; compatible; bingbot/2.0; +http://www.bing.com/bingbot.htm) Chrome/116.0.1938.76 Safari/537.36"
52.167.144.142 www.nougat-bb.be - [22/Feb/2024:05:30:09 +0100] "GET /wp-includes/js/comment-reply.min.js?ver=6.4.3 HTTP/1.1" 200 2981 "-" "Mozilla/5.0 AppleWebKit/537.36 (KHTML, like Gecko; compatible; bingbot/2.0; +http://www.bing.com/bingbot.htm) Chrome/116.0.1938.76 Safari/537.36"
52.167.144.142 www.nougat-bb.be - [22/Feb/2024:05:30:09 +0100] "GET /wp-includes/js/jquery/jquery.min.js?ver=3.7.1 HTTP/1.1" 200 87553 "-" "Mozilla/5.0 AppleWebKit/537.36 (KHTML, like Gecko; compatible; bingbot/2.0; +http://www.bing.com/bingbot.htm) Chrome/116.0.1938.76 Safari/537.36"
52.167.144.142 www.nougat-bb.be - [22/Feb/2024:05:30:09 +0100] "GET /wp-includes/js/jquery/ui/accordion.min.js?ver=1.13.2 HTTP/1.1" 200 8814 "-" "Mozilla/5.0 AppleWebKit/537.36 (KHTML, like Gecko; compatible; bingbot/2.0; +http://www.bing.com/bingbot.htm) Chrome/116.0.1938.76 Safari/537.36"
52.167.144.142 www.nougat-bb.be - [22/Feb/2024:05:30:10 +0100] "GET /wp-includes/js/jquery/ui/sortable.min.js?ver=1.13.2 HTTP/1.1" 200 25449 "-" "Mozilla/5.0 AppleWebKit/537.36 (KHTML, like Gecko; compatible; bingbot/2.0; +http://www.bing.com/bingbot.htm) Chrome/116.0.1938.76 Safari/537.36"
52.167.144.142 www.nougat-bb.be - [22/Feb/2024:05:30:10 +0100] "GET /wp-includes/js/jquery/ui/tabs.min.js?ver=1.13.2 HTTP/1.1" 200 11937 "-" "Mozilla/5.0 AppleWebKit/537.36 (KHTML, like Gecko; compatible; bingbot/2.0; +http://www.bing.com/bingbot.htm) Chrome/116.0.1938.76 Safari/537.36"
40.77.190.182 www.nougat-bb.be - [22/Feb/2024:05:46:11 +0100] "GET /wp-content/themes/betheme/betheme/fonts/mfn-icons.woff?12022314 HTTP/1.1" 200 80132 "-" "Mozilla/5.0 AppleWebKit/537.36 (KHTML, like Gecko; compatible; bingbot/2.0; +http://www.bing.com/bingbot.htm) Chrome/100.0.4896.127 Safari/537.36"
40.122.38.29 www.nougat-bb.be - [22/Feb/2024:08:02:47 +0100] "GET /robots.txt HTTP/1.1" 404 341 "-" "Mozilla/5.0 (Windows NT 10.0; Win64; x64) AppleWebKit/537.36 (KHTML, like Gecko) Chrome/92.0.4515.115 Safari/537.36"
85.208.96.205 www.nougat-bb.be - [22/Feb/2024:21:13:43 +0100] "GET /robots.txt HTTP/1.1" 404 341 "-" "Mozilla/5.0 (compatible; SemrushBot/7~bl; +http://www.semrush.com/bot.html)"
188.165.52.21 www.nougat-bb.be - [22/Feb/2024:21:13:45 +0100] "POST /wp-cron.php?doing_wp_cron=1708632825.5013730525970458984375 HTTP/1.1" 200 0 "-" "WordPress/6.4.3; http://www.nougat-bb.be"
185.191.171.11 www.nougat-bb.be - [22/Feb/2024:21:13:45 +0100] "GET / HTTP/1.1" 200 87673 "-" "Mozilla/5.0 (compatible; SemrushBot/7~bl; +http://www.semrush.com/bot.html)"
188.165.52.21 www.nougat-bb.be - [22/Feb/2024:21:13:49 +0100] "POST /wp-cron.php HTTP/1.1" 200 0 "-" "WordPress/6.4.3; http://www.nougat-bb.be"
188.165.52.21 www.nougat-bb.be - [22/Feb/2024:21:13:49 +0100] "GET / HTTP/1.1" 200 87673 "-" "WordPress/6.4.3; http://www.nougat-bb.be"
188.165.52.21 www.nougat-bb.be - [22/Feb/2024:21:13:49 +0100] "GET / HTTP/1.1" 200 87673 "-" "WordPress/6.4.3; http://www.nougat-bb.be"
188.165.52.21 www.nougat-bb.be - [22/Feb/2024:21:13:49 +0100] "GET / HTTP/1.1" 200 87673 "-" "WordPress/6.4.3; http://www.nougat-bb.be"
188.165.52.21 www.nougat-bb.be - [22/Feb/2024:22:00:11 +0100] "POST /wp-cron.php?doing_wp_cron=1708635612.1306059360504150390625 HTTP/1.1" 200 0 "-" "WordPress/6.4.3; http://www.nougat-bb.be"
18.118.82.120 www.nougat-bb.be - [22/Feb/2024:22:00:11 +0100] "GET / HTTP/1.1" 200 87673 "-" "Mozilla/5.0 (Macintosh; Intel Mac OS X 10_15_7) AppleWebKit/537.36 (KHTML, like Gecko) Chrome/91.0.4472.114 Safari/537.36"
52.167.144.54 www.nougat-bb.be - [22/Feb/2024:22:25:46 +0100] "GET /robots.txt HTTP/1.1" 404 341 "-" "Mozilla/5.0 AppleWebKit/537.36 (KHTML, like Gecko; compatible; bingbot/2.0; +http://www.bing.com/bingbot.htm) Chrome/116.0.1938.76 Safari/537.36"
188.165.52.21 www.nougat-bb.be - [22/Feb/2024:22:25:58 +0100] "POST /wp-cron.php?doing_wp_cron=1708637159.1663548946380615234375 HTTP/1.1" 200 0 "-" "WordPress/6.4.3; http://www.nougat-bb.be"
40.77.167.5 www.nougat-bb.be - [22/Feb/2024:22:25:58 +0100] "GET /?s=2024 HTTP/1.1" 200 79634 "-" "Mozilla/5.0 AppleWebKit/537.36 (KHTML, like Gecko; compatible; bingbot/2.0; +http://www.bing.com/bingbot.htm) Chrome/116.0.1938.76 Safari/537.36"
66.249.66.164 www.nougat-bb.be - [22/Feb/2024:22:30:59 +0100] "GET /robots.txt HTTP/1.1" 404 341 "-" "Mozilla/5.0 (compatible; Googlebot/2.1; +http://www.google.com/bot.html)"
66.249.66.165 www.nougat-bb.be - [22/Feb/2024:22:30:59 +0100] "GET / HTTP/1.1" 200 87673 "-" "Mozilla/5.0 (Linux; Android 6.0.1; Nexus 5X Build/MMB29P) AppleWebKit/537.36 (KHTML, like Gecko) Chrome/121.0.6167.139 Mobile Safari/537.36 (compatible; Googlebot/2.1; +http://www.google.com/bot.html)"
66.249.66.166 www.nougat-bb.be - [22/Feb/2024:22:31:03 +0100] "GET /wp-content/themes/betheme/betheme/css/shortcodes.css?ver=14.7 HTTP/1.1" 200 129633 "http://www.nougat-bb.be/" "Mozilla/5.0 (Linux; Android 6.0.1; Nexus 5X Build/MMB29P) AppleWebKit/537.36 (KHTML, like Gecko) Chrome/121.0.6167.139 Mobile Safari/537.36 (compatible; Googlebot/2.1; +http://www.google.com/bot.html)"
66.249.66.166 www.nougat-bb.be - [22/Feb/2024:22:31:03 +0100] "HEAD /wp-content/uploads/2016/09/Logo_small@2x.jpg HTTP/1.1" 404 0 "http://www.nougat-bb.be/" "Mozilla/5.0 (Linux; Android 6.0.1; Nexus 5X Build/MMB29P) AppleWebKit/537.36 (KHTML, like Gecko) Chrome/121.0.6167.139 Mobile Safari/537.36 (compatible; Googlebot/2.1; +http://www.google.com/bot.html)"
66.249.66.165 www.nougat-bb.be - [22/Feb/2024:22:31:03 +0100] "HEAD /wp-content/uploads/2016/02/miel@2x.jpg HTTP/1.1" 404 0 "http://www.nougat-bb.be/" "Mozilla/5.0 (Linux; Android 6.0.1; Nexus 5X Build/MMB29P) AppleWebKit/537.36 (KHTML, like Gecko) Chrome/121.0.6167.139 Mobile Safari/537.36 (compatible; Googlebot/2.1; +http://www.google.com/bot.html)"
66.249.66.165 www.nougat-bb.be - [22/Feb/2024:22:31:03 +0100] "HEAD /wp-content/uploads/2016/02/process@2x.jpg HTTP/1.1" 404 0 "http://www.nougat-bb.be/" "Mozilla/5.0 (Linux; Android 6.0.1; Nexus 5X Build/MMB29P) AppleWebKit/537.36 (KHTML, like Gecko) Chrome/121.0.6167.139 Mobile Safari/537.36 (compatible; Googlebot/2.1; +http://www.google.com/bot.html)"
66.249.66.164 www.nougat-bb.be - [22/Feb/2024:22:31:04 +0100] "HEAD /wp-content/uploads/2016/02/hazelnoten_home@2x.jpg HTTP/1.1" 404 0 "http://www.nougat-bb.be/" "Mozilla/5.0 (Linux; Android 6.0.1; Nexus 5X Build/MMB29P) AppleWebKit/537.36 (KHTML, like Gecko) Chrome/121.0.6167.139 Mobile Safari/537.36 (compatible; Googlebot/2.1; +http://www.google.com/bot.html)"
66.249.66.164 www.nougat-bb.be - [22/Feb/2024:22:31:05 +0100] "HEAD /wp-content/uploads/2016/09/Logo_small@2x.jpg HTTP/1.1" 404 0 "http://www.nougat-bb.be/" "Mozilla/5.0 (Linux; Android 6.0.1; Nexus 5X Build/MMB29P) AppleWebKit/537.36 (KHTML, like Gecko) Chrome/121.0.6167.139 Mobile Safari/537.36 (compatible; Googlebot/2.1; +http://www.google.com/bot.html)"
66.249.66.165 www.nougat-bb.be - [22/Feb/2024:22:31:05 +0100] "HEAD /wp-content/uploads/2016/09/Logo_small@2x.jpg HTTP/1.1" 404 0 "http://www.nougat-bb.be/" "Mozilla/5.0 (Linux; Android 6.0.1; Nexus 5X Build/MMB29P) AppleWebKit/537.36 (KHTML, like Gecko) Chrome/121.0.6167.139 Mobile Safari/537.36 (compatible; Googlebot/2.1; +http://www.google.com/bot.html)"
66.249.66.165 www.nougat-bb.be - [22/Feb/2024:22:31:06 +0100] "HEAD /wp-content/uploads/2016/02/home_tea_sep@2x.png HTTP/1.1" 404 0 "http://www.nougat-bb.be/" "Mozilla/5.0 (Linux; Android 6.0.1; Nexus 5X Build/MMB29P) AppleWebKit/537.36 (KHTML, like Gecko) Chrome/121.0.6167.139 Mobile Safari/537.36 (compatible; Googlebot/2.1; +http://www.google.com/bot.html)"
66.249.66.164 www.nougat-bb.be - [22/Feb/2024:22:31:06 +0100] "HEAD /wp-content/uploads/2016/02/home_tea_sep2@2x.png HTTP/1.1" 404 0 "http://www.nougat-bb.be/" "Mozilla/5.0 (Linux; Android 6.0.1; Nexus 5X Build/MMB29P) AppleWebKit/537.36 (KHTML, like Gecko) Chrome/121.0.6167.139 Mobile Safari/537.36 (compatible; Googlebot/2.1; +http://www.google.com/bot.html)"
66.249.66.165 www.nougat-bb.be - [22/Feb/2024:22:31:07 +0100] "HEAD /wp-content/uploads/2016/02/home_tea_sep@2x.png HTTP/1.1" 404 0 "http://www.nougat-bb.be/" "Mozilla/5.0 (Linux; Android 6.0.1; Nexus 5X Build/MMB29P) AppleWebKit/537.36 (KHTML, like Gecko) Chrome/121.0.6167.139 Mobile Safari/537.36 (compatible; Googlebot/2.1; +http://www.google.com/bot.html)"
66.249.66.164 www.nougat-bb.be - [22/Feb/2024:22:31:07 +0100] "HEAD /wp-content/uploads/2016/02/home_tea_sep3@2x.png HTTP/1.1" 404 0 "http://www.nougat-bb.be/" "Mozilla/5.0 (Linux; Android 6.0.1; Nexus 5X Build/MMB29P) AppleWebKit/537.36 (KHTML, like Gecko) Chrome/121.0.6167.139 Mobile Safari/537.36 (compatible; Googlebot/2.1; +http://www.google.com/bot.html)"
66.249.66.164 www.nougat-bb.be - [22/Feb/2024:22:31:09 +0100] "HEAD /wp-content/uploads/2016/02/bruine-amandelen_home@2x.jpg HTTP/1.1" 404 0 "http://www.nougat-bb.be/" "Mozilla/5.0 (Linux; Android 6.0.1; Nexus 5X Build/MMB29P) AppleWebKit/537.36 (KHTML, like Gecko) Chrome/121.0.6167.139 Mobile Safari/537.36 (compatible; Googlebot/2.1; +http://www.google.com/bot.html)"
66.249.66.164 www.nougat-bb.be - [22/Feb/2024:22:31:09 +0100] "HEAD /wp-content/uploads/2016/02/home_tea_sep4@2x.png HTTP/1.1" 404 0 "http://www.nougat-bb.be/" "Mozilla/5.0 (Linux; Android 6.0.1; Nexus 5X Build/MMB29P) AppleWebKit/537.36 (KHTML, like Gecko) Chrome/121.0.6167.139 Mobile Safari/537.36 (compatible; Googlebot/2.1; +http://www.google.com/bot.html)"
188.165.52.21 www.nougat-bb.be - [23/Feb/2024:00:35:41 +0100] "POST /wp-cron.php?doing_wp_cron=1708644941.9373850822448730468750 HTTP/1.1" 200 0 "-" "WordPress/6.4.3; http://www.nougat-bb.be"
52.167.144.226 www.nougat-bb.be - [23/Feb/2024:00:35:41 +0100] "GET /?s=2023 HTTP/1.1" 200 79634 "-" "Mozilla/5.0 AppleWebKit/537.36 (KHTML, like Gecko; compatible; bingbot/2.0; +http://www.bing.com/bingbot.htm) Chrome/116.0.1938.76 Safari/537.36"
188.165.52.21 www.nougat-bb.be - [23/Feb/2024:03:41:39 +0100] "POST /wp-cron.php?doing_wp_cron=1708656099.6304709911346435546875 HTTP/1.1" 200 0 "-" "WordPress/6.4.3; http://www.nougat-bb.be"
40.77.167.68 www.nougat-bb.be - [23/Feb/2024:03:41:39 +0100] "GET /?s=2023 HTTP/1.1" 200 79634 "-" "Mozilla/5.0 AppleWebKit/537.36 (KHTML, like Gecko; compatible; bingbot/2.0; +http://www.bing.com/bingbot.htm) Chrome/116.0.1938.76 Safari/537.36"
188.165.52.21 www.nougat-bb.be - [23/Feb/2024:08:04:52 +0100] "POST /wp-cron.php?doing_wp_cron=1708671892.7867579460144042968750 HTTP/1.1" 200 0 "-" "WordPress/6.4.3; http://www.nougat-bb.be"
52.167.144.167 www.nougat-bb.be - [23/Feb/2024:08:04:52 +0100] "GET / HTTP/1.1" 200 87673 "-" "Mozilla/5.0 AppleWebKit/537.36 (KHTML, like Gecko; compatible; bingbot/2.0; +http://www.bing.com/bingbot.htm) Chrome/116.0.1938.76 Safari/537.36"
114.119.135.96 www.nougat-bb.be - [23/Feb/2024:21:55:41 +0100] "GET /robots.txt HTTP/1.1" 404 341 "-" "Mozilla/5.0 (compatible;PetalBot;+https://webmaster.petalsearch.com/site/petalbot)"
66.249.66.164 www.nougat-bb.be - [24/Feb/2024:05:43:57 +0100] "GET /robots.txt HTTP/1.1" 404 341 "-" "Mozilla/5.0 (compatible; Googlebot/2.1; +http://www.google.com/bot.html)"
188.165.52.21 www.nougat-bb.be - [24/Feb/2024:05:43:57 +0100] "POST /wp-cron.php?doing_wp_cron=1708749837.9638750553131103515625 HTTP/1.1" 200 0 "-" "WordPress/6.4.3; http://www.nougat-bb.be"
66.249.66.165 www.nougat-bb.be - [24/Feb/2024:05:43:57 +0100] "GET /index.php/feed/ HTTP/1.1" 200 1739 "-" "Mozilla/5.0 (Linux; Android 6.0.1; Nexus 5X Build/MMB29P) AppleWebKit/537.36 (KHTML, like Gecko) Chrome/121.0.6167.139 Mobile Safari/537.36 (compatible; Googlebot/2.1; +http://www.google.com/bot.html)"
66.249.66.164 www.nougat-bb.be - [24/Feb/2024:06:23:35 +0100] "GET /index.php/feed/ HTTP/1.1" 200 1739 "-" "Mozilla/5.0 (compatible; Googlebot/2.1; +http://www.google.com/bot.html)"
188.165.52.21 www.nougat-bb.be - [24/Feb/2024:06:39:09 +0100] "POST /wp-cron.php?doing_wp_cron=1708753149.7053210735321044921875 HTTP/1.1" 200 0 "-" "WordPress/6.4.3; http://www.nougat-bb.be"
66.249.66.165 www.nougat-bb.be - [24/Feb/2024:06:39:09 +0100] "GET /index.php/comments/feed/ HTTP/1.1" 200 773 "-" "Mozilla/5.0 (compatible; Googlebot/2.1; +http://www.google.com/bot.html)"
188.165.52.21 www.nougat-bb.be - [24/Feb/2024:15:09:46 +0100] "POST /wp-cron.php?doing_wp_cron=1708783787.6190359592437744140625 HTTP/1.1" 200 0 "-" "WordPress/6.4.3; http://www.nougat-bb.be"
40.77.167.60 www.nougat-bb.be - [24/Feb/2024:15:09:46 +0100] "GET /?s=2024 HTTP/1.1" 200 79634 "-" "Mozilla/5.0 AppleWebKit/537.36 (KHTML, like Gecko; compatible; bingbot/2.0; +http://www.bing.com/bingbot.htm) Chrome/116.0.1938.76 Safari/537.36"
91.121.108.74 www.nougat-bb.be - [24/Feb/2024:21:34:48 +0100] "GET /sts.php HTTP/1.1" 404 341 "-" "Mozlila/5.0 (Linux; Android 7.0; SM-G892A Bulid/NRD90M; wv) AppleWebKit/537.36 (KHTML, like Gecko) Version/4.0 Chrome/60.0.3112.107 Moblie Safari/537.36"
91.121.108.74 www.nougat-bb.be - [24/Feb/2024:21:34:48 +0100] "GET /wp-hoard.php HTTP/1.1" 404 341 "-" "Mozlila/5.0 (Linux; Android 7.0; SM-G892A Bulid/NRD90M; wv) AppleWebKit/537.36 (KHTML, like Gecko) Version/4.0 Chrome/60.0.3112.107 Moblie Safari/537.36"
91.121.108.74 www.nougat-bb.be - [24/Feb/2024:21:34:50 +0100] "GET /wp-l0gin.php HTTP/1.1" 404 341 "-" "Mozlila/5.0 (Linux; Android 7.0; SM-G892A Bulid/NRD90M; wv) AppleWebKit/537.36 (KHTML, like Gecko) Version/4.0 Chrome/60.0.3112.107 Moblie Safari/537.36"
91.121.108.74 www.nougat-bb.be - [24/Feb/2024:21:34:51 +0100] "GET /priv8.php HTTP/1.1" 404 341 "-" "Mozlila/5.0 (Linux; Android 7.0; SM-G892A Bulid/NRD90M; wv) AppleWebKit/537.36 (KHTML, like Gecko) Version/4.0 Chrome/60.0.3112.107 Moblie Safari/537.36"
91.121.108.74 www.nougat-bb.be - [24/Feb/2024:21:34:52 +0100] "GET /wp-post-editor.php HTTP/1.1" 404 341 "-" "Mozlila/5.0 (Linux; Android 7.0; SM-G892A Bulid/NRD90M; wv) AppleWebKit/537.36 (KHTML, like Gecko) Version/4.0 Chrome/60.0.3112.107 Moblie Safari/537.36"
91.121.108.74 www.nougat-bb.be - [24/Feb/2024:21:34:52 +0100] "GET /404.php HTTP/1.1" 404 341 "-" "Mozlila/5.0 (Linux; Android 7.0; SM-G892A Bulid/NRD90M; wv) AppleWebKit/537.36 (KHTML, like Gecko) Version/4.0 Chrome/60.0.3112.107 Moblie Safari/537.36"
91.121.108.74 www.nougat-bb.be - [24/Feb/2024:21:34:52 +0100] "GET /users.php HTTP/1.1" 404 341 "-" "Mozlila/5.0 (Linux; Android 7.0; SM-G892A Bulid/NRD90M; wv) AppleWebKit/537.36 (KHTML, like Gecko) Version/4.0 Chrome/60.0.3112.107 Moblie Safari/537.36"
91.121.108.74 www.nougat-bb.be - [24/Feb/2024:21:34:54 +0100] "GET /classwithtostring.php HTTP/1.1" 404 341 "-" "Mozlila/5.0 (Linux; Android 7.0; SM-G892A Bulid/NRD90M; wv) AppleWebKit/537.36 (KHTML, like Gecko) Version/4.0 Chrome/60.0.3112.107 Moblie Safari/537.36"
91.121.108.74 www.nougat-bb.be - [24/Feb/2024:21:34:55 +0100] "GET /wp-head.php HTTP/1.1" 404 341 "-" "Mozlila/5.0 (Linux; Android 7.0; SM-G892A Bulid/NRD90M; wv) AppleWebKit/537.36 (KHTML, like Gecko) Version/4.0 Chrome/60.0.3112.107 Moblie Safari/537.36"
91.121.108.74 www.nougat-bb.be - [24/Feb/2024:21:34:55 +0100] "GET /admin.php HTTP/1.1" 404 341 "-" "Mozlila/5.0 (Linux; Android 7.0; SM-G892A Bulid/NRD90M; wv) AppleWebKit/537.36 (KHTML, like Gecko) Version/4.0 Chrome/60.0.3112.107 Moblie Safari/537.36"
91.121.108.74 www.nougat-bb.be - [24/Feb/2024:21:34:55 +0100] "GET /about.php HTTP/1.1" 404 341 "-" "Mozlila/5.0 (Linux; Android 7.0; SM-G892A Bulid/NRD90M; wv) AppleWebKit/537.36 (KHTML, like Gecko) Version/4.0 Chrome/60.0.3112.107 Moblie Safari/537.36"
91.121.108.74 www.nougat-bb.be - [24/Feb/2024:21:34:59 +0100] "GET /dropdown.php HTTP/1.1" 404 341 "-" "Mozlila/5.0 (Linux; Android 7.0; SM-G892A Bulid/NRD90M; wv) AppleWebKit/537.36 (KHTML, like Gecko) Version/4.0 Chrome/60.0.3112.107 Moblie Safari/537.36"
91.121.108.74 www.nougat-bb.be - [24/Feb/2024:21:34:59 +0100] "GET /wp-header.php HTTP/1.1" 404 341 "-" "Mozlila/5.0 (Linux; Android 7.0; SM-G892A Bulid/NRD90M; wv) AppleWebKit/537.36 (KHTML, like Gecko) Version/4.0 Chrome/60.0.3112.107 Moblie Safari/537.36"
91.121.108.74 www.nougat-bb.be - [24/Feb/2024:21:35:00 +0100] "GET /radio.php HTTP/1.1" 404 341 "-" "Mozlila/5.0 (Linux; Android 7.0; SM-G892A Bulid/NRD90M; wv) AppleWebKit/537.36 (KHTML, like Gecko) Version/4.0 Chrome/60.0.3112.107 Moblie Safari/537.36"
91.121.108.74 www.nougat-bb.be - [24/Feb/2024:21:35:01 +0100] "GET /simple.php HTTP/1.1" 404 341 "-" "Mozlila/5.0 (Linux; Android 7.0; SM-G892A Bulid/NRD90M; wv) AppleWebKit/537.36 (KHTML, like Gecko) Version/4.0 Chrome/60.0.3112.107 Moblie Safari/537.36"
91.121.108.74 www.nougat-bb.be - [24/Feb/2024:21:35:01 +0100] "GET /cong.php HTTP/1.1" 404 341 "-" "Mozlila/5.0 (Linux; Android 7.0; SM-G892A Bulid/NRD90M; wv) AppleWebKit/537.36 (KHTML, like Gecko) Version/4.0 Chrome/60.0.3112.107 Moblie Safari/537.36"
91.121.108.74 www.nougat-bb.be - [24/Feb/2024:21:35:01 +0100] "GET /options.php HTTP/1.1" 404 341 "-" "Mozlila/5.0 (Linux; Android 7.0; SM-G892A Bulid/NRD90M; wv) AppleWebKit/537.36 (KHTML, like Gecko) Version/4.0 Chrome/60.0.3112.107 Moblie Safari/537.36"
91.121.108.74 www.nougat-bb.be - [24/Feb/2024:21:35:03 +0100] "GET /wp-content/index.php?x=ooo HTTP/1.1" 200 0 "-" "Mozlila/5.0 (Linux; Android 7.0; SM-G892A Bulid/NRD90M; wv) AppleWebKit/537.36 (KHTML, like Gecko) Version/4.0 Chrome/60.0.3112.107 Moblie Safari/537.36"
188.165.52.21 www.nougat-bb.be - [24/Feb/2024:21:35:05 +0100] "POST /wp-cron.php?doing_wp_cron=1708806905.8926560878753662109375 HTTP/1.1" 200 0 "-" "WordPress/6.4.3; http://www.nougat-bb.be"
91.121.108.74 www.nougat-bb.be - [24/Feb/2024:21:35:05 +0100] "GET /wp-admin/options.php HTTP/1.1" 302 0 "-" "Mozlila/5.0 (Linux; Android 7.0; SM-G892A Bulid/NRD90M; wv) AppleWebKit/537.36 (KHTML, like Gecko) Version/4.0 Chrome/60.0.3112.107 Moblie Safari/537.36"
91.121.108.74 www.nougat-bb.be - [24/Feb/2024:21:35:05 +0100] "GET /wp-login.php?redirect_to=http%3A%2F%2Fwww.nougat-bb.be%2Fwp-admin%2Foptions.php&reauth=1 HTTP/1.1" 200 8605 "-" "Mozlila/5.0 (Linux; Android 7.0; SM-G892A Bulid/NRD90M; wv) AppleWebKit/537.36 (KHTML, like Gecko) Version/4.0 Chrome/60.0.3112.107 Moblie Safari/537.36"
91.121.108.74 www.nougat-bb.be - [24/Feb/2024:21:35:07 +0100] "GET /wp-content/plugins/fix/up.php HTTP/1.1" 404 341 "-" "Mozlila/5.0 (Linux; Android 7.0; SM-G892A Bulid/NRD90M; wv) AppleWebKit/537.36 (KHTML, like Gecko) Version/4.0 Chrome/60.0.3112.107 Moblie Safari/537.36"
188.165.52.21 www.nougat-bb.be - [24/Feb/2024:22:13:55 +0100] "POST /wp-cron.php?doing_wp_cron=1708809236.2099120616912841796875 HTTP/1.1" 200 0 "-" "WordPress/6.4.3; http://www.nougat-bb.be"
52.167.144.170 www.nougat-bb.be - [24/Feb/2024:22:13:55 +0100] "GET /?s=2023 HTTP/1.1" 200 79634 "-" "Mozilla/5.0 AppleWebKit/537.36 (KHTML, like Gecko; compatible; bingbot/2.0; +http://www.bing.com/bingbot.htm) Chrome/116.0.1938.76 Safari/537.36"
188.165.52.21 www.nougat-bb.be - [25/Feb/2024:08:43:54 +0100] "POST /wp-cron.php?doing_wp_cron=1708847035.0667710304260253906250 HTTP/1.1" 200 0 "-" "WordPress/6.4.3; http://www.nougat-bb.be"
150.158.93.49 www.nougat-bb.be - [25/Feb/2024:08:43:54 +0100] "GET /xmlrpc.php HTTP/1.1" 405 42 "-" "Mozilla/5.0 (Windows NT 6.1; WOW64; rv:45.0) Gecko/20100101 Firefox/45.0"
150.158.93.49 www.nougat-bb.be - [25/Feb/2024:08:43:55 +0100] "GET /wp-login.php HTTP/1.1" 200 8487 "-" "Mozilla/5.0 (Windows NT 6.1; WOW64; rv:45.0) Gecko/20100101 Firefox/45.0"
150.158.93.49 www.nougat-bb.be - [25/Feb/2024:08:43:56 +0100] "GET /?author=1 HTTP/1.1" 301 0 "https://cn.bing.com/" "Mozilla/5.0 (Windows NT 10.0; Win64; x64) AppleWebKit/537.36 (KHTML, like Gecko) Chrome/75.0.3770.100 Safari/537.36"
150.158.93.49 www.nougat-bb.be - [25/Feb/2024:08:43:57 +0100] "GET /index.php/author/damien/ HTTP/1.1" 200 81598 "https://cn.bing.com/" "Mozilla/5.0 (Windows NT 10.0; Win64; x64) AppleWebKit/537.36 (KHTML, like Gecko) Chrome/75.0.3770.100 Safari/537.36"
150.158.93.49 www.nougat-bb.be - [25/Feb/2024:08:44:01 +0100] "POST /xmlrpc.php HTTP/1.1" 200 410 "http://www.nougat-bb.be/xmlrpc.php" "python-requests/2.6.0 CPython/2.7.5 Linux/3.10.0-1160.45.1.el7.x86_64"
150.158.93.49 www.nougat-bb.be - [25/Feb/2024:08:44:03 +0100] "POST /xmlrpc.php HTTP/1.1" 200 410 "http://www.nougat-bb.be/xmlrpc.php" "python-requests/2.6.0 CPython/2.7.5 Linux/3.10.0-1160.45.1.el7.x86_64"
150.158.93.49 www.nougat-bb.be - [25/Feb/2024:08:44:03 +0100] "POST /xmlrpc.php HTTP/1.1" 200 410 "http://www.nougat-bb.be/xmlrpc.php" "python-requests/2.6.0 CPython/2.7.5 Linux/3.10.0-1160.45.1.el7.x86_64"
150.158.93.49 www.nougat-bb.be - [25/Feb/2024:08:44:04 +0100] "POST /xmlrpc.php HTTP/1.1" 200 410 "http://www.nougat-bb.be/xmlrpc.php" "python-requests/2.6.0 CPython/2.7.5 Linux/3.10.0-1160.45.1.el7.x86_64"
150.158.93.49 www.nougat-bb.be - [25/Feb/2024:08:44:06 +0100] "POST /xmlrpc.php HTTP/1.1" 200 410 "http://www.nougat-bb.be/xmlrpc.php" "python-requests/2.6.0 CPython/2.7.5 Linux/3.10.0-1160.45.1.el7.x86_64"
150.158.93.49 www.nougat-bb.be - [25/Feb/2024:08:44:08 +0100] "POST /xmlrpc.php HTTP/1.1" 200 410 "http://www.nougat-bb.be/xmlrpc.php" "python-requests/2.6.0 CPython/2.7.5 Linux/3.10.0-1160.45.1.el7.x86_64"
150.158.93.49 www.nougat-bb.be - [25/Feb/2024:08:44:10 +0100] "POST /xmlrpc.php HTTP/1.1" 200 410 "http://www.nougat-bb.be/xmlrpc.php" "python-requests/2.6.0 CPython/2.7.5 Linux/3.10.0-1160.45.1.el7.x86_64"
150.158.93.49 www.nougat-bb.be - [25/Feb/2024:08:44:11 +0100] "POST /xmlrpc.php HTTP/1.1" 200 410 "http://www.nougat-bb.be/xmlrpc.php" "python-requests/2.6.0 CPython/2.7.5 Linux/3.10.0-1160.45.1.el7.x86_64"
150.158.93.49 www.nougat-bb.be - [25/Feb/2024:08:44:16 +0100] "POST /xmlrpc.php HTTP/1.1" 200 410 "http://www.nougat-bb.be/xmlrpc.php" "python-requests/2.6.0 CPython/2.7.5 Linux/3.10.0-1160.45.1.el7.x86_64"
150.158.93.49 www.nougat-bb.be - [25/Feb/2024:08:44:17 +0100] "POST /xmlrpc.php HTTP/1.1" 200 410 "http://www.nougat-bb.be/xmlrpc.php" "python-requests/2.6.0 CPython/2.7.5 Linux/3.10.0-1160.45.1.el7.x86_64"
150.158.93.49 www.nougat-bb.be - [25/Feb/2024:08:44:19 +0100] "POST /xmlrpc.php HTTP/1.1" 200 410 "http://www.nougat-bb.be/xmlrpc.php" "python-requests/2.6.0 CPython/2.7.5 Linux/3.10.0-1160.45.1.el7.x86_64"
150.158.93.49 www.nougat-bb.be - [25/Feb/2024:08:44:20 +0100] "POST /xmlrpc.php HTTP/1.1" 200 410 "http://www.nougat-bb.be/xmlrpc.php" "python-requests/2.6.0 CPython/2.7.5 Linux/3.10.0-1160.45.1.el7.x86_64"
150.158.93.49 www.nougat-bb.be - [25/Feb/2024:08:44:21 +0100] "POST /xmlrpc.php HTTP/1.1" 200 410 "http://www.nougat-bb.be/xmlrpc.php" "python-requests/2.6.0 CPython/2.7.5 Linux/3.10.0-1160.45.1.el7.x86_64"
150.158.93.49 www.nougat-bb.be - [25/Feb/2024:08:44:30 +0100] "POST /xmlrpc.php HTTP/1.1" 200 410 "http://www.nougat-bb.be/xmlrpc.php" "python-requests/2.6.0 CPython/2.7.5 Linux/3.10.0-1160.45.1.el7.x86_64"
150.158.93.49 www.nougat-bb.be - [25/Feb/2024:08:44:32 +0100] "POST /xmlrpc.php HTTP/1.1" 200 410 "http://www.nougat-bb.be/xmlrpc.php" "python-requests/2.6.0 CPython/2.7.5 Linux/3.10.0-1160.45.1.el7.x86_64"
150.158.93.49 www.nougat-bb.be - [25/Feb/2024:08:44:34 +0100] "POST /xmlrpc.php HTTP/1.1" 200 410 "http://www.nougat-bb.be/xmlrpc.php" "python-requests/2.6.0 CPython/2.7.5 Linux/3.10.0-1160.45.1.el7.x86_64"
150.158.93.49 www.nougat-bb.be - [25/Feb/2024:08:44:36 +0100] "POST /xmlrpc.php HTTP/1.1" 200 410 "http://www.nougat-bb.be/xmlrpc.php" "python-requests/2.6.0 CPython/2.7.5 Linux/3.10.0-1160.45.1.el7.x86_64"
150.158.93.49 www.nougat-bb.be - [25/Feb/2024:08:44:37 +0100] "POST /xmlrpc.php HTTP/1.1" 200 410 "http://www.nougat-bb.be/xmlrpc.php" "python-requests/2.6.0 CPython/2.7.5 Linux/3.10.0-1160.45.1.el7.x86_64"
150.158.93.49 www.nougat-bb.be - [25/Feb/2024:08:44:41 +0100] "POST /xmlrpc.php HTTP/1.1" 200 410 "http://www.nougat-bb.be/xmlrpc.php" "python-requests/2.6.0 CPython/2.7.5 Linux/3.10.0-1160.45.1.el7.x86_64"
150.158.93.49 www.nougat-bb.be - [25/Feb/2024:08:44:42 +0100] "POST /xmlrpc.php HTTP/1.1" 200 410 "http://www.nougat-bb.be/xmlrpc.php" "python-requests/2.6.0 CPython/2.7.5 Linux/3.10.0-1160.45.1.el7.x86_64"
150.158.93.49 www.nougat-bb.be - [25/Feb/2024:08:44:44 +0100] "POST /xmlrpc.php HTTP/1.1" 200 410 "http://www.nougat-bb.be/xmlrpc.php" "python-requests/2.6.0 CPython/2.7.5 Linux/3.10.0-1160.45.1.el7.x86_64"
150.158.93.49 www.nougat-bb.be - [25/Feb/2024:08:44:45 +0100] "POST /xmlrpc.php HTTP/1.1" 200 410 "http://www.nougat-bb.be/xmlrpc.php" "python-requests/2.6.0 CPython/2.7.5 Linux/3.10.0-1160.45.1.el7.x86_64"
150.158.93.49 www.nougat-bb.be - [25/Feb/2024:08:44:47 +0100] "POST /xmlrpc.php HTTP/1.1" 200 410 "http://www.nougat-bb.be/xmlrpc.php" "python-requests/2.6.0 CPython/2.7.5 Linux/3.10.0-1160.45.1.el7.x86_64"
150.158.93.49 www.nougat-bb.be - [25/Feb/2024:08:44:47 +0100] "POST /xmlrpc.php HTTP/1.1" 200 410 "http://www.nougat-bb.be/xmlrpc.php" "python-requests/2.6.0 CPython/2.7.5 Linux/3.10.0-1160.45.1.el7.x86_64"
150.158.93.49 www.nougat-bb.be - [25/Feb/2024:08:44:50 +0100] "POST /xmlrpc.php HTTP/1.1" 200 410 "http://www.nougat-bb.be/xmlrpc.php" "python-requests/2.6.0 CPython/2.7.5 Linux/3.10.0-1160.45.1.el7.x86_64"
150.158.93.49 www.nougat-bb.be - [25/Feb/2024:08:44:51 +0100] "POST /xmlrpc.php HTTP/1.1" 200 410 "http://www.nougat-bb.be/xmlrpc.php" "python-requests/2.6.0 CPython/2.7.5 Linux/3.10.0-1160.45.1.el7.x86_64"
150.158.93.49 www.nougat-bb.be - [25/Feb/2024:08:44:53 +0100] "POST /xmlrpc.php HTTP/1.1" 200 410 "http://www.nougat-bb.be/xmlrpc.php" "python-requests/2.6.0 CPython/2.7.5 Linux/3.10.0-1160.45.1.el7.x86_64"
150.158.93.49 www.nougat-bb.be - [25/Feb/2024:08:44:54 +0100] "POST /xmlrpc.php HTTP/1.1" 200 410 "http://www.nougat-bb.be/xmlrpc.php" "python-requests/2.6.0 CPython/2.7.5 Linux/3.10.0-1160.45.1.el7.x86_64"
150.158.93.49 www.nougat-bb.be - [25/Feb/2024:08:44:55 +0100] "POST /xmlrpc.php HTTP/1.1" 200 410 "http://www.nougat-bb.be/xmlrpc.php" "python-requests/2.6.0 CPython/2.7.5 Linux/3.10.0-1160.45.1.el7.x86_64"
150.158.93.49 www.nougat-bb.be - [25/Feb/2024:08:44:57 +0100] "POST /xmlrpc.php HTTP/1.1" 200 410 "http://www.nougat-bb.be/xmlrpc.php" "python-requests/2.6.0 CPython/2.7.5 Linux/3.10.0-1160.45.1.el7.x86_64"
150.158.93.49 www.nougat-bb.be - [25/Feb/2024:08:45:00 +0100] "POST /xmlrpc.php HTTP/1.1" 200 410 "http://www.nougat-bb.be/xmlrpc.php" "python-requests/2.6.0 CPython/2.7.5 Linux/3.10.0-1160.45.1.el7.x86_64"
150.158.93.49 www.nougat-bb.be - [25/Feb/2024:08:45:02 +0100] "POST /xmlrpc.php HTTP/1.1" 200 410 "http://www.nougat-bb.be/xmlrpc.php" "python-requests/2.6.0 CPython/2.7.5 Linux/3.10.0-1160.45.1.el7.x86_64"
150.158.93.49 www.nougat-bb.be - [25/Feb/2024:08:45:05 +0100] "POST /xmlrpc.php HTTP/1.1" 200 410 "http://www.nougat-bb.be/xmlrpc.php" "python-requests/2.6.0 CPython/2.7.5 Linux/3.10.0-1160.45.1.el7.x86_64"
150.158.93.49 www.nougat-bb.be - [25/Feb/2024:08:45:06 +0100] "POST /xmlrpc.php HTTP/1.1" 200 410 "http://www.nougat-bb.be/xmlrpc.php" "python-requests/2.6.0 CPython/2.7.5 Linux/3.10.0-1160.45.1.el7.x86_64"
150.158.93.49 www.nougat-bb.be - [25/Feb/2024:08:45:08 +0100] "POST /xmlrpc.php HTTP/1.1" 200 410 "http://www.nougat-bb.be/xmlrpc.php" "python-requests/2.6.0 CPython/2.7.5 Linux/3.10.0-1160.45.1.el7.x86_64"
150.158.93.49 www.nougat-bb.be - [25/Feb/2024:08:45:09 +0100] "POST /xmlrpc.php HTTP/1.1" 200 410 "http://www.nougat-bb.be/xmlrpc.php" "python-requests/2.6.0 CPython/2.7.5 Linux/3.10.0-1160.45.1.el7.x86_64"
150.158.93.49 www.nougat-bb.be - [25/Feb/2024:08:45:10 +0100] "POST /xmlrpc.php HTTP/1.1" 200 410 "http://www.nougat-bb.be/xmlrpc.php" "python-requests/2.6.0 CPython/2.7.5 Linux/3.10.0-1160.45.1.el7.x86_64"
150.158.93.49 www.nougat-bb.be - [25/Feb/2024:08:45:11 +0100] "POST /xmlrpc.php HTTP/1.1" 200 410 "http://www.nougat-bb.be/xmlrpc.php" "python-requests/2.6.0 CPython/2.7.5 Linux/3.10.0-1160.45.1.el7.x86_64"
150.158.93.49 www.nougat-bb.be - [25/Feb/2024:08:45:13 +0100] "POST /xmlrpc.php HTTP/1.1" 200 410 "http://www.nougat-bb.be/xmlrpc.php" "python-requests/2.6.0 CPython/2.7.5 Linux/3.10.0-1160.45.1.el7.x86_64"
150.158.93.49 www.nougat-bb.be - [25/Feb/2024:08:45:14 +0100] "POST /xmlrpc.php HTTP/1.1" 200 410 "http://www.nougat-bb.be/xmlrpc.php" "python-requests/2.6.0 CPython/2.7.5 Linux/3.10.0-1160.45.1.el7.x86_64"
150.158.93.49 www.nougat-bb.be - [25/Feb/2024:08:45:14 +0100] "POST /xmlrpc.php HTTP/1.1" 200 410 "http://www.nougat-bb.be/xmlrpc.php" "python-requests/2.6.0 CPython/2.7.5 Linux/3.10.0-1160.45.1.el7.x86_64"
150.158.93.49 www.nougat-bb.be - [25/Feb/2024:08:45:15 +0100] "POST /xmlrpc.php HTTP/1.1" 200 410 "http://www.nougat-bb.be/xmlrpc.php" "python-requests/2.6.0 CPython/2.7.5 Linux/3.10.0-1160.45.1.el7.x86_64"
150.158.93.49 www.nougat-bb.be - [25/Feb/2024:08:45:21 +0100] "POST /xmlrpc.php HTTP/1.1" 200 410 "http://www.nougat-bb.be/xmlrpc.php" "python-requests/2.6.0 CPython/2.7.5 Linux/3.10.0-1160.45.1.el7.x86_64"
150.158.93.49 www.nougat-bb.be - [25/Feb/2024:08:45:22 +0100] "POST /xmlrpc.php HTTP/1.1" 200 410 "http://www.nougat-bb.be/xmlrpc.php" "python-requests/2.6.0 CPython/2.7.5 Linux/3.10.0-1160.45.1.el7.x86_64"
150.158.93.49 www.nougat-bb.be - [25/Feb/2024:08:45:23 +0100] "POST /xmlrpc.php HTTP/1.1" 200 410 "http://www.nougat-bb.be/xmlrpc.php" "python-requests/2.6.0 CPython/2.7.5 Linux/3.10.0-1160.45.1.el7.x86_64"
150.158.93.49 www.nougat-bb.be - [25/Feb/2024:08:45:24 +0100] "POST /xmlrpc.php HTTP/1.1" 200 410 "http://www.nougat-bb.be/xmlrpc.php" "python-requests/2.6.0 CPython/2.7.5 Linux/3.10.0-1160.45.1.el7.x86_64"
150.158.93.49 www.nougat-bb.be - [25/Feb/2024:08:45:24 +0100] "POST /xmlrpc.php HTTP/1.1" 200 410 "http://www.nougat-bb.be/xmlrpc.php" "python-requests/2.6.0 CPython/2.7.5 Linux/3.10.0-1160.45.1.el7.x86_64"
150.158.93.49 www.nougat-bb.be - [25/Feb/2024:08:45:25 +0100] "POST /xmlrpc.php HTTP/1.1" 200 410 "http://www.nougat-bb.be/xmlrpc.php" "python-requests/2.6.0 CPython/2.7.5 Linux/3.10.0-1160.45.1.el7.x86_64"
150.158.93.49 www.nougat-bb.be - [25/Feb/2024:08:45:26 +0100] "POST /xmlrpc.php HTTP/1.1" 200 410 "http://www.nougat-bb.be/xmlrpc.php" "python-requests/2.6.0 CPython/2.7.5 Linux/3.10.0-1160.45.1.el7.x86_64"
150.158.93.49 www.nougat-bb.be - [25/Feb/2024:08:45:28 +0100] "POST /xmlrpc.php HTTP/1.1" 200 410 "http://www.nougat-bb.be/xmlrpc.php" "python-requests/2.6.0 CPython/2.7.5 Linux/3.10.0-1160.45.1.el7.x86_64"
150.158.93.49 www.nougat-bb.be - [25/Feb/2024:08:45:32 +0100] "POST /xmlrpc.php HTTP/1.1" 200 410 "http://www.nougat-bb.be/xmlrpc.php" "python-requests/2.6.0 CPython/2.7.5 Linux/3.10.0-1160.45.1.el7.x86_64"
150.158.93.49 www.nougat-bb.be - [25/Feb/2024:08:45:35 +0100] "POST /xmlrpc.php HTTP/1.1" 200 410 "http://www.nougat-bb.be/xmlrpc.php" "python-requests/2.6.0 CPython/2.7.5 Linux/3.10.0-1160.45.1.el7.x86_64"
150.158.93.49 www.nougat-bb.be - [25/Feb/2024:08:45:35 +0100] "POST /xmlrpc.php HTTP/1.1" 200 410 "http://www.nougat-bb.be/xmlrpc.php" "python-requests/2.6.0 CPython/2.7.5 Linux/3.10.0-1160.45.1.el7.x86_64"
150.158.93.49 www.nougat-bb.be - [25/Feb/2024:08:45:36 +0100] "POST /xmlrpc.php HTTP/1.1" 200 410 "http://www.nougat-bb.be/xmlrpc.php" "python-requests/2.6.0 CPython/2.7.5 Linux/3.10.0-1160.45.1.el7.x86_64"
150.158.93.49 www.nougat-bb.be - [25/Feb/2024:08:45:37 +0100] "POST /xmlrpc.php HTTP/1.1" 200 410 "http://www.nougat-bb.be/xmlrpc.php" "python-requests/2.6.0 CPython/2.7.5 Linux/3.10.0-1160.45.1.el7.x86_64"
150.158.93.49 www.nougat-bb.be - [25/Feb/2024:08:45:38 +0100] "POST /xmlrpc.php HTTP/1.1" 200 410 "http://www.nougat-bb.be/xmlrpc.php" "python-requests/2.6.0 CPython/2.7.5 Linux/3.10.0-1160.45.1.el7.x86_64"
150.158.93.49 www.nougat-bb.be - [25/Feb/2024:08:45:41 +0100] "POST /xmlrpc.php HTTP/1.1" 200 410 "http://www.nougat-bb.be/xmlrpc.php" "python-requests/2.6.0 CPython/2.7.5 Linux/3.10.0-1160.45.1.el7.x86_64"
150.158.93.49 www.nougat-bb.be - [25/Feb/2024:08:45:43 +0100] "POST /xmlrpc.php HTTP/1.1" 200 410 "http://www.nougat-bb.be/xmlrpc.php" "python-requests/2.6.0 CPython/2.7.5 Linux/3.10.0-1160.45.1.el7.x86_64"
150.158.93.49 www.nougat-bb.be - [25/Feb/2024:08:45:44 +0100] "POST /xmlrpc.php HTTP/1.1" 200 410 "http://www.nougat-bb.be/xmlrpc.php" "python-requests/2.6.0 CPython/2.7.5 Linux/3.10.0-1160.45.1.el7.x86_64"
150.158.93.49 www.nougat-bb.be - [25/Feb/2024:08:45:44 +0100] "POST /xmlrpc.php HTTP/1.1" 200 410 "http://www.nougat-bb.be/xmlrpc.php" "python-requests/2.6.0 CPython/2.7.5 Linux/3.10.0-1160.45.1.el7.x86_64"
150.158.93.49 www.nougat-bb.be - [25/Feb/2024:08:45:45 +0100] "POST /xmlrpc.php HTTP/1.1" 200 410 "http://www.nougat-bb.be/xmlrpc.php" "python-requests/2.6.0 CPython/2.7.5 Linux/3.10.0-1160.45.1.el7.x86_64"
150.158.93.49 www.nougat-bb.be - [25/Feb/2024:08:45:55 +0100] "POST /xmlrpc.php HTTP/1.1" 200 410 "http://www.nougat-bb.be/xmlrpc.php" "python-requests/2.6.0 CPython/2.7.5 Linux/3.10.0-1160.45.1.el7.x86_64"
150.158.93.49 www.nougat-bb.be - [25/Feb/2024:08:45:55 +0100] "POST /xmlrpc.php HTTP/1.1" 200 410 "http://www.nougat-bb.be/xmlrpc.php" "python-requests/2.6.0 CPython/2.7.5 Linux/3.10.0-1160.45.1.el7.x86_64"
150.158.93.49 www.nougat-bb.be - [25/Feb/2024:08:45:55 +0100] "POST /xmlrpc.php HTTP/1.1" 200 410 "http://www.nougat-bb.be/xmlrpc.php" "python-requests/2.6.0 CPython/2.7.5 Linux/3.10.0-1160.45.1.el7.x86_64"
150.158.93.49 www.nougat-bb.be - [25/Feb/2024:08:45:57 +0100] "POST /xmlrpc.php HTTP/1.1" 200 410 "http://www.nougat-bb.be/xmlrpc.php" "python-requests/2.6.0 CPython/2.7.5 Linux/3.10.0-1160.45.1.el7.x86_64"
150.158.93.49 www.nougat-bb.be - [25/Feb/2024:08:46:00 +0100] "POST /xmlrpc.php HTTP/1.1" 200 410 "http://www.nougat-bb.be/xmlrpc.php" "python-requests/2.6.0 CPython/2.7.5 Linux/3.10.0-1160.45.1.el7.x86_64"
150.158.93.49 www.nougat-bb.be - [25/Feb/2024:08:46:00 +0100] "POST /xmlrpc.php HTTP/1.1" 200 410 "http://www.nougat-bb.be/xmlrpc.php" "python-requests/2.6.0 CPython/2.7.5 Linux/3.10.0-1160.45.1.el7.x86_64"
150.158.93.49 www.nougat-bb.be - [25/Feb/2024:08:46:06 +0100] "POST /xmlrpc.php HTTP/1.1" 200 410 "http://www.nougat-bb.be/xmlrpc.php" "python-requests/2.6.0 CPython/2.7.5 Linux/3.10.0-1160.45.1.el7.x86_64"
150.158.93.49 www.nougat-bb.be - [25/Feb/2024:08:46:09 +0100] "POST /xmlrpc.php HTTP/1.1" 200 410 "http://www.nougat-bb.be/xmlrpc.php" "python-requests/2.6.0 CPython/2.7.5 Linux/3.10.0-1160.45.1.el7.x86_64"
150.158.93.49 www.nougat-bb.be - [25/Feb/2024:08:46:09 +0100] "POST /xmlrpc.php HTTP/1.1" 200 410 "http://www.nougat-bb.be/xmlrpc.php" "python-requests/2.6.0 CPython/2.7.5 Linux/3.10.0-1160.45.1.el7.x86_64"
150.158.93.49 www.nougat-bb.be - [25/Feb/2024:08:46:11 +0100] "POST /xmlrpc.php HTTP/1.1" 200 410 "http://www.nougat-bb.be/xmlrpc.php" "python-requests/2.6.0 CPython/2.7.5 Linux/3.10.0-1160.45.1.el7.x86_64"
150.158.93.49 www.nougat-bb.be - [25/Feb/2024:08:46:16 +0100] "POST /xmlrpc.php HTTP/1.1" 200 410 "http://www.nougat-bb.be/xmlrpc.php" "python-requests/2.6.0 CPython/2.7.5 Linux/3.10.0-1160.45.1.el7.x86_64"
150.158.93.49 www.nougat-bb.be - [25/Feb/2024:08:46:17 +0100] "POST /xmlrpc.php HTTP/1.1" 200 410 "http://www.nougat-bb.be/xmlrpc.php" "python-requests/2.6.0 CPython/2.7.5 Linux/3.10.0-1160.45.1.el7.x86_64"
150.158.93.49 www.nougat-bb.be - [25/Feb/2024:08:46:21 +0100] "POST /xmlrpc.php HTTP/1.1" 200 410 "http://www.nougat-bb.be/xmlrpc.php" "python-requests/2.6.0 CPython/2.7.5 Linux/3.10.0-1160.45.1.el7.x86_64"
150.158.93.49 www.nougat-bb.be - [25/Feb/2024:08:46:22 +0100] "POST /xmlrpc.php HTTP/1.1" 200 410 "http://www.nougat-bb.be/xmlrpc.php" "python-requests/2.6.0 CPython/2.7.5 Linux/3.10.0-1160.45.1.el7.x86_64"
150.158.93.49 www.nougat-bb.be - [25/Feb/2024:08:46:23 +0100] "POST /xmlrpc.php HTTP/1.1" 200 410 "http://www.nougat-bb.be/xmlrpc.php" "python-requests/2.6.0 CPython/2.7.5 Linux/3.10.0-1160.45.1.el7.x86_64"
150.158.93.49 www.nougat-bb.be - [25/Feb/2024:08:46:24 +0100] "POST /xmlrpc.php HTTP/1.1" 200 410 "http://www.nougat-bb.be/xmlrpc.php" "python-requests/2.6.0 CPython/2.7.5 Linux/3.10.0-1160.45.1.el7.x86_64"
150.158.93.49 www.nougat-bb.be - [25/Feb/2024:08:46:25 +0100] "POST /xmlrpc.php HTTP/1.1" 200 410 "http://www.nougat-bb.be/xmlrpc.php" "python-requests/2.6.0 CPython/2.7.5 Linux/3.10.0-1160.45.1.el7.x86_64"
150.158.93.49 www.nougat-bb.be - [25/Feb/2024:09:17:45 +0100] "GET /xmlrpc.php HTTP/1.1" 405 42 "-" "Mozilla/5.0 (Windows NT 6.1; WOW64; rv:45.0) Gecko/20100101 Firefox/45.0"
150.158.93.49 www.nougat-bb.be - [25/Feb/2024:09:17:46 +0100] "GET /wp-login.php HTTP/1.1" 200 8487 "-" "Mozilla/5.0 (Windows NT 6.1; WOW64; rv:45.0) Gecko/20100101 Firefox/45.0"
150.158.93.49 www.nougat-bb.be - [25/Feb/2024:09:17:46 +0100] "GET /?author=1 HTTP/1.1" 301 0 "https://cn.bing.com/" "Mozilla/5.0 (Windows NT 10.0; Win64; x64) AppleWebKit/537.36 (KHTML, like Gecko) Chrome/75.0.3770.100 Safari/537.36"
150.158.93.49 www.nougat-bb.be - [25/Feb/2024:09:17:47 +0100] "GET /index.php/author/damien/ HTTP/1.1" 200 81598 "https://cn.bing.com/" "Mozilla/5.0 (Windows NT 10.0; Win64; x64) AppleWebKit/537.36 (KHTML, like Gecko) Chrome/75.0.3770.100 Safari/537.36"
150.158.93.49 www.nougat-bb.be - [25/Feb/2024:09:17:52 +0100] "POST /xmlrpc.php HTTP/1.1" 200 410 "http://www.nougat-bb.be/xmlrpc.php" "python-requests/2.6.0 CPython/2.7.5 Linux/3.10.0-1160.45.1.el7.x86_64"
150.158.93.49 www.nougat-bb.be - [25/Feb/2024:09:17:52 +0100] "POST /xmlrpc.php HTTP/1.1" 200 410 "http://www.nougat-bb.be/xmlrpc.php" "python-requests/2.6.0 CPython/2.7.5 Linux/3.10.0-1160.45.1.el7.x86_64"
150.158.93.49 www.nougat-bb.be - [25/Feb/2024:09:17:54 +0100] "POST /xmlrpc.php HTTP/1.1" 200 410 "http://www.nougat-bb.be/xmlrpc.php" "python-requests/2.6.0 CPython/2.7.5 Linux/3.10.0-1160.45.1.el7.x86_64"
150.158.93.49 www.nougat-bb.be - [25/Feb/2024:09:17:55 +0100] "POST /xmlrpc.php HTTP/1.1" 200 410 "http://www.nougat-bb.be/xmlrpc.php" "python-requests/2.6.0 CPython/2.7.5 Linux/3.10.0-1160.45.1.el7.x86_64"
150.158.93.49 www.nougat-bb.be - [25/Feb/2024:09:18:00 +0100] "POST /xmlrpc.php HTTP/1.1" 200 410 "http://www.nougat-bb.be/xmlrpc.php" "python-requests/2.6.0 CPython/2.7.5 Linux/3.10.0-1160.45.1.el7.x86_64"
150.158.93.49 www.nougat-bb.be - [25/Feb/2024:09:18:01 +0100] "POST /xmlrpc.php HTTP/1.1" 200 410 "http://www.nougat-bb.be/xmlrpc.php" "python-requests/2.6.0 CPython/2.7.5 Linux/3.10.0-1160.45.1.el7.x86_64"
150.158.93.49 www.nougat-bb.be - [25/Feb/2024:09:18:02 +0100] "POST /xmlrpc.php HTTP/1.1" 200 410 "http://www.nougat-bb.be/xmlrpc.php" "python-requests/2.6.0 CPython/2.7.5 Linux/3.10.0-1160.45.1.el7.x86_64"
150.158.93.49 www.nougat-bb.be - [25/Feb/2024:09:18:03 +0100] "POST /xmlrpc.php HTTP/1.1" 200 410 "http://www.nougat-bb.be/xmlrpc.php" "python-requests/2.6.0 CPython/2.7.5 Linux/3.10.0-1160.45.1.el7.x86_64"
150.158.93.49 www.nougat-bb.be - [25/Feb/2024:09:18:06 +0100] "POST /xmlrpc.php HTTP/1.1" 200 410 "http://www.nougat-bb.be/xmlrpc.php" "python-requests/2.6.0 CPython/2.7.5 Linux/3.10.0-1160.45.1.el7.x86_64"
150.158.93.49 www.nougat-bb.be - [25/Feb/2024:09:18:07 +0100] "POST /xmlrpc.php HTTP/1.1" 200 410 "http://www.nougat-bb.be/xmlrpc.php" "python-requests/2.6.0 CPython/2.7.5 Linux/3.10.0-1160.45.1.el7.x86_64"
150.158.93.49 www.nougat-bb.be - [25/Feb/2024:09:18:08 +0100] "POST /xmlrpc.php HTTP/1.1" 200 410 "http://www.nougat-bb.be/xmlrpc.php" "python-requests/2.6.0 CPython/2.7.5 Linux/3.10.0-1160.45.1.el7.x86_64"
150.158.93.49 www.nougat-bb.be - [25/Feb/2024:09:18:08 +0100] "POST /xmlrpc.php HTTP/1.1" 200 410 "http://www.nougat-bb.be/xmlrpc.php" "python-requests/2.6.0 CPython/2.7.5 Linux/3.10.0-1160.45.1.el7.x86_64"
150.158.93.49 www.nougat-bb.be - [25/Feb/2024:09:18:13 +0100] "POST /xmlrpc.php HTTP/1.1" 200 410 "http://www.nougat-bb.be/xmlrpc.php" "python-requests/2.6.0 CPython/2.7.5 Linux/3.10.0-1160.45.1.el7.x86_64"
