40.77.167.38 www.nougat-bb.be - [29/Jan/2024:03:51:52 +0100] "GET /?s=2024 HTTP/1.1" 200 79634 "-" "Mozilla/5.0 AppleWebKit/537.36 (KHTML, like Gecko; compatible; bingbot/2.0; +http://www.bing.com/bingbot.htm) Chrome/116.0.1938.76 Safari/537.36"
164.155.128.69 www.nougat-bb.be - [29/Jan/2024:03:57:59 +0100] "POST /wp-login.php HTTP/1.1" 200 8952 "-" "Mozilla/5.0"
164.155.128.69 www.nougat-bb.be - [29/Jan/2024:04:08:16 +0100] "POST /wp-login.php HTTP/1.1" 200 8952 "-" "Mozilla/5.0"
164.155.128.69 www.nougat-bb.be - [29/Jan/2024:04:19:10 +0100] "POST /wp-login.php HTTP/1.1" 200 8952 "-" "Mozilla/5.0"
164.155.128.69 www.nougat-bb.be - [29/Jan/2024:04:29:57 +0100] "POST /wp-login.php HTTP/1.1" 200 8952 "-" "Mozilla/5.0"
188.165.52.21 www.nougat-bb.be - [29/Jan/2024:04:40:39 +0100] "POST /wp-cron.php?doing_wp_cron=1706499639.3572158813476562500000 HTTP/1.1" 200 0 "-" "WordPress/6.4.2; http://www.nougat-bb.be"
164.155.128.69 www.nougat-bb.be - [29/Jan/2024:04:40:39 +0100] "POST /wp-login.php HTTP/1.1" 200 8952 "-" "Mozilla/5.0"
164.155.128.69 www.nougat-bb.be - [29/Jan/2024:04:51:21 +0100] "POST /wp-login.php HTTP/1.1" 200 8952 "-" "Mozilla/5.0"
164.155.128.69 www.nougat-bb.be - [29/Jan/2024:05:01:57 +0100] "POST /wp-login.php HTTP/1.1" 200 8952 "-" "Mozilla/5.0"
164.155.128.69 www.nougat-bb.be - [29/Jan/2024:05:12:18 +0100] "POST /wp-login.php HTTP/1.1" 200 8952 "-" "Mozilla/5.0"
207.46.13.153 www.nougat-bb.be - [29/Jan/2024:05:13:51 +0100] "GET / HTTP/1.1" 200 87673 "-" "Mozilla/5.0 AppleWebKit/537.36 (KHTML, like Gecko; compatible; bingbot/2.0; +http://www.bing.com/bingbot.htm) Chrome/116.0.1938.76 Safari/537.36"
207.46.13.153 www.nougat-bb.be - [29/Jan/2024:05:14:11 +0100] "GET /wp-content/plugins/LayerSlider/static/css/layerslider.css?ver=5.6.9 HTTP/1.1" 200 15709 "-" "Mozilla/5.0 AppleWebKit/537.36 (KHTML, like Gecko; compatible; bingbot/2.0; +http://www.bing.com/bingbot.htm) Chrome/116.0.1938.76 Safari/537.36"
207.46.13.153 www.nougat-bb.be - [29/Jan/2024:05:14:12 +0100] "GET /wp-content/plugins/contact-form-7/includes/swv/js/index.js?ver=5.8.5 HTTP/1.1" 200 11117 "-" "Mozilla/5.0 AppleWebKit/537.36 (KHTML, like Gecko; compatible; bingbot/2.0; +http://www.bing.com/bingbot.htm) Chrome/116.0.1938.76 Safari/537.36"
207.46.13.153 www.nougat-bb.be - [29/Jan/2024:05:14:13 +0100] "GET /wp-content/themes/betheme/betheme/assets/jplayer/jplayer.min.js?ver=14.7 HTTP/1.1" 200 52702 "-" "Mozilla/5.0 AppleWebKit/537.36 (KHTML, like Gecko; compatible; bingbot/2.0; +http://www.bing.com/bingbot.htm) Chrome/116.0.1938.76 Safari/537.36"
207.46.13.153 www.nougat-bb.be - [29/Jan/2024:05:14:13 +0100] "GET /wp-content/themes/betheme/betheme/assets/ui/jquery.ui.all.css?ver=14.7 HTTP/1.1" 200 19611 "-" "Mozilla/5.0 AppleWebKit/537.36 (KHTML, like Gecko; compatible; bingbot/2.0; +http://www.bing.com/bingbot.htm) Chrome/116.0.1938.76 Safari/537.36"
207.46.13.153 www.nougat-bb.be - [29/Jan/2024:05:14:15 +0100] "GET /wp-content/themes/betheme/betheme/js/menu.js?ver=14.7 HTTP/1.1" 200 2451 "-" "Mozilla/5.0 AppleWebKit/537.36 (KHTML, like Gecko; compatible; bingbot/2.0; +http://www.bing.com/bingbot.htm) Chrome/116.0.1938.76 Safari/537.36"
207.46.13.153 www.nougat-bb.be - [29/Jan/2024:05:14:15 +0100] "GET /wp-content/themes/betheme/betheme/js/plugins.js?ver=14.7 HTTP/1.1" 200 220551 "-" "Mozilla/5.0 AppleWebKit/537.36 (KHTML, like Gecko; compatible; bingbot/2.0; +http://www.bing.com/bingbot.htm) Chrome/116.0.1938.76 Safari/537.36"
207.46.13.153 www.nougat-bb.be - [29/Jan/2024:05:14:15 +0100] "GET /wp-content/themes/betheme/betheme/js/scripts.js?ver=14.7 HTTP/1.1" 200 61775 "-" "Mozilla/5.0 AppleWebKit/537.36 (KHTML, like Gecko; compatible; bingbot/2.0; +http://www.bing.com/bingbot.htm) Chrome/116.0.1938.76 Safari/537.36"
207.46.13.153 www.nougat-bb.be - [29/Jan/2024:05:14:15 +0100] "GET /wp-content/themes/betheme/betheme/style.css?ver=14.7 HTTP/1.1" 200 282 "-" "Mozilla/5.0 AppleWebKit/537.36 (KHTML, like Gecko; compatible; bingbot/2.0; +http://www.bing.com/bingbot.htm) Chrome/116.0.1938.76 Safari/537.36"
207.46.13.153 www.nougat-bb.be - [29/Jan/2024:05:14:15 +0100] "GET /wp-includes/js/jquery/ui/core.min.js?ver=1.13.2 HTTP/1.1" 200 21438 "-" "Mozilla/5.0 AppleWebKit/537.36 (KHTML, like Gecko; compatible; bingbot/2.0; +http://www.bing.com/bingbot.htm) Chrome/116.0.1938.76 Safari/537.36"
207.46.13.153 www.nougat-bb.be - [29/Jan/2024:05:14:16 +0100] "GET /wp-includes/js/jquery/ui/mouse.min.js?ver=1.13.2 HTTP/1.1" 200 3402 "-" "Mozilla/5.0 AppleWebKit/537.36 (KHTML, like Gecko; compatible; bingbot/2.0; +http://www.bing.com/bingbot.htm) Chrome/116.0.1938.76 Safari/537.36"
207.46.13.153 www.nougat-bb.be - [29/Jan/2024:05:14:16 +0100] "GET /wp-includes/js/wp-emoji-release.min.js?ver=6.4.2 HTTP/1.1" 200 18692 "-" "Mozilla/5.0 AppleWebKit/537.36 (KHTML, like Gecko; compatible; bingbot/2.0; +http://www.bing.com/bingbot.htm) Chrome/116.0.1938.76 Safari/537.36"
207.46.13.141 www.nougat-bb.be - [29/Jan/2024:05:14:22 +0100] "GET /wp-content/plugins/LayerSlider/static/js/greensock.js?ver=1.11.8 HTTP/1.1" 200 59709 "-" "Mozilla/5.0 AppleWebKit/537.36 (KHTML, like Gecko; compatible; bingbot/2.0; +http://www.bing.com/bingbot.htm) Chrome/116.0.1938.76 Safari/537.36"
207.46.13.141 www.nougat-bb.be - [29/Jan/2024:05:14:22 +0100] "GET /wp-content/plugins/LayerSlider/static/js/layerslider.transitions.js?ver=5.6.9 HTTP/1.1" 200 21096 "-" "Mozilla/5.0 AppleWebKit/537.36 (KHTML, like Gecko; compatible; bingbot/2.0; +http://www.bing.com/bingbot.htm) Chrome/116.0.1938.76 Safari/537.36"
207.46.13.141 www.nougat-bb.be - [29/Jan/2024:05:14:22 +0100] "GET /wp-content/themes/betheme/betheme/assets/animations/animations.min.js?ver=14.7 HTTP/1.1" 200 1896 "-" "Mozilla/5.0 AppleWebKit/537.36 (KHTML, like Gecko; compatible; bingbot/2.0; +http://www.bing.com/bingbot.htm) Chrome/116.0.1938.76 Safari/537.36"
207.46.13.141 www.nougat-bb.be - [29/Jan/2024:05:14:22 +0100] "GET /wp-content/themes/betheme/betheme/assets/animations/animations.min.css?ver=14.7 HTTP/1.1" 200 58508 "-" "Mozilla/5.0 AppleWebKit/537.36 (KHTML, like Gecko; compatible; bingbot/2.0; +http://www.bing.com/bingbot.htm) Chrome/116.0.1938.76 Safari/537.36"
207.46.13.141 www.nougat-bb.be - [29/Jan/2024:05:14:23 +0100] "GET /wp-content/themes/betheme/betheme/css/layout.css?ver=14.7 HTTP/1.1" 200 109170 "-" "Mozilla/5.0 AppleWebKit/537.36 (KHTML, like Gecko; compatible; bingbot/2.0; +http://www.bing.com/bingbot.htm) Chrome/116.0.1938.76 Safari/537.36"
207.46.13.141 www.nougat-bb.be - [29/Jan/2024:05:14:23 +0100] "GET /wp-content/themes/betheme/betheme/css/responsive.css?ver=14.7 HTTP/1.1" 200 51251 "-" "Mozilla/5.0 AppleWebKit/537.36 (KHTML, like Gecko; compatible; bingbot/2.0; +http://www.bing.com/bingbot.htm) Chrome/116.0.1938.76 Safari/537.36"
207.46.13.141 www.nougat-bb.be - [29/Jan/2024:05:14:23 +0100] "GET /wp-content/themes/betheme/betheme/css/shortcodes.css?ver=14.7 HTTP/1.1" 200 129633 "-" "Mozilla/5.0 AppleWebKit/537.36 (KHTML, like Gecko; compatible; bingbot/2.0; +http://www.bing.com/bingbot.htm) Chrome/116.0.1938.76 Safari/537.36"
207.46.13.141 www.nougat-bb.be - [29/Jan/2024:05:14:24 +0100] "GET /wp-includes/js/jquery/jquery-migrate.min.js?ver=3.4.1 HTTP/1.1" 200 13577 "-" "Mozilla/5.0 AppleWebKit/537.36 (KHTML, like Gecko; compatible; bingbot/2.0; +http://www.bing.com/bingbot.htm) Chrome/116.0.1938.76 Safari/537.36"
52.167.144.187 www.nougat-bb.be - [29/Jan/2024:05:14:29 +0100] "GET /wp-content/plugins/LayerSlider/static/js/layerslider.kreaturamedia.jquery.js?ver=5.6.9 HTTP/1.1" 200 54713 "-" "Mozilla/5.0 AppleWebKit/537.36 (KHTML, like Gecko; compatible; bingbot/2.0; +http://www.bing.com/bingbot.htm) Chrome/116.0.1938.76 Safari/537.36"
52.167.144.187 www.nougat-bb.be - [29/Jan/2024:05:14:29 +0100] "GET /wp-content/plugins/contact-form-7/includes/css/styles.css?ver=5.8.5 HTTP/1.1" 200 2894 "-" "Mozilla/5.0 AppleWebKit/537.36 (KHTML, like Gecko; compatible; bingbot/2.0; +http://www.bing.com/bingbot.htm) Chrome/116.0.1938.76 Safari/537.36"
52.167.144.187 www.nougat-bb.be - [29/Jan/2024:05:14:30 +0100] "GET /wp-content/plugins/contact-form-7/includes/js/index.js?ver=5.8.5 HTTP/1.1" 200 13182 "-" "Mozilla/5.0 AppleWebKit/537.36 (KHTML, like Gecko; compatible; bingbot/2.0; +http://www.bing.com/bingbot.htm) Chrome/116.0.1938.76 Safari/537.36"
52.167.144.187 www.nougat-bb.be - [29/Jan/2024:05:14:30 +0100] "GET /wp-content/themes/betheme/betheme/assets/jplayer/css/jplayer.blue.monday.css?ver=14.7 HTTP/1.1" 200 10145 "-" "Mozilla/5.0 AppleWebKit/537.36 (KHTML, like Gecko; compatible; bingbot/2.0; +http://www.bing.com/bingbot.htm) Chrome/116.0.1938.76 Safari/537.36"
52.167.144.187 www.nougat-bb.be - [29/Jan/2024:05:14:30 +0100] "GET /wp-content/themes/betheme/betheme/assets/prettyPhoto/prettyPhoto.css?ver=14.7 HTTP/1.1" 200 18388 "-" "Mozilla/5.0 AppleWebKit/537.36 (KHTML, like Gecko; compatible; bingbot/2.0; +http://www.bing.com/bingbot.htm) Chrome/116.0.1938.76 Safari/537.36"
52.167.144.187 www.nougat-bb.be - [29/Jan/2024:05:14:31 +0100] "GET /wp-content/themes/betheme/betheme/css/base.css?ver=14.7 HTTP/1.1" 200 49620 "-" "Mozilla/5.0 AppleWebKit/537.36 (KHTML, like Gecko; compatible; bingbot/2.0; +http://www.bing.com/bingbot.htm) Chrome/116.0.1938.76 Safari/537.36"
52.167.144.187 www.nougat-bb.be - [29/Jan/2024:05:14:31 +0100] "GET /wp-content/themes/betheme/betheme/js/parallax/translate3d.js?ver=14.7 HTTP/1.1" 200 6715 "-" "Mozilla/5.0 AppleWebKit/537.36 (KHTML, like Gecko; compatible; bingbot/2.0; +http://www.bing.com/bingbot.htm) Chrome/116.0.1938.76 Safari/537.36"
52.167.144.187 www.nougat-bb.be - [29/Jan/2024:05:14:31 +0100] "GET /wp-includes/css/dist/block-library/style.min.css?ver=6.4.2 HTTP/1.1" 200 110035 "-" "Mozilla/5.0 AppleWebKit/537.36 (KHTML, like Gecko; compatible; bingbot/2.0; +http://www.bing.com/bingbot.htm) Chrome/116.0.1938.76 Safari/537.36"
52.167.144.187 www.nougat-bb.be - [29/Jan/2024:05:14:32 +0100] "GET /wp-includes/js/comment-reply.min.js?ver=6.4.2 HTTP/1.1" 200 2981 "-" "Mozilla/5.0 AppleWebKit/537.36 (KHTML, like Gecko; compatible; bingbot/2.0; +http://www.bing.com/bingbot.htm) Chrome/116.0.1938.76 Safari/537.36"
52.167.144.187 www.nougat-bb.be - [29/Jan/2024:05:14:32 +0100] "GET /wp-includes/js/jquery/jquery.min.js?ver=3.7.1 HTTP/1.1" 200 87553 "-" "Mozilla/5.0 AppleWebKit/537.36 (KHTML, like Gecko; compatible; bingbot/2.0; +http://www.bing.com/bingbot.htm) Chrome/116.0.1938.76 Safari/537.36"
52.167.144.187 www.nougat-bb.be - [29/Jan/2024:05:14:32 +0100] "GET /wp-includes/js/jquery/ui/accordion.min.js?ver=1.13.2 HTTP/1.1" 200 8814 "-" "Mozilla/5.0 AppleWebKit/537.36 (KHTML, like Gecko; compatible; bingbot/2.0; +http://www.bing.com/bingbot.htm) Chrome/116.0.1938.76 Safari/537.36"
52.167.144.187 www.nougat-bb.be - [29/Jan/2024:05:14:32 +0100] "GET /wp-includes/js/jquery/ui/tabs.min.js?ver=1.13.2 HTTP/1.1" 200 11937 "-" "Mozilla/5.0 AppleWebKit/537.36 (KHTML, like Gecko; compatible; bingbot/2.0; +http://www.bing.com/bingbot.htm) Chrome/116.0.1938.76 Safari/537.36"
52.167.144.187 www.nougat-bb.be - [29/Jan/2024:05:14:33 +0100] "GET /wp-includes/js/jquery/ui/sortable.min.js?ver=1.13.2 HTTP/1.1" 200 25449 "-" "Mozilla/5.0 AppleWebKit/537.36 (KHTML, like Gecko; compatible; bingbot/2.0; +http://www.bing.com/bingbot.htm) Chrome/116.0.1938.76 Safari/537.36"
164.155.128.69 www.nougat-bb.be - [29/Jan/2024:05:23:14 +0100] "POST /wp-login.php HTTP/1.1" 200 8952 "-" "Mozilla/5.0"
40.77.189.50 www.nougat-bb.be - [29/Jan/2024:05:30:44 +0100] "GET /wp-content/themes/betheme/betheme/fonts/mfn-icons.woff?12022314 HTTP/1.1" 200 80132 "http://www.nougat-bb.be/wp-content/themes/betheme/betheme/css/base.css?ver=14.7" "Mozilla/5.0 AppleWebKit/537.36 (KHTML, like Gecko; compatible; bingbot/2.0; +http://www.bing.com/bingbot.htm) Chrome/112.0.0.0 Safari/537.36"
164.155.128.69 www.nougat-bb.be - [29/Jan/2024:05:33:59 +0100] "POST /wp-login.php HTTP/1.1" 200 8952 "-" "Mozilla/5.0"
188.165.52.21 www.nougat-bb.be - [29/Jan/2024:05:44:43 +0100] "POST /wp-cron.php?doing_wp_cron=1706503483.4903969764709472656250 HTTP/1.1" 200 0 "-" "WordPress/6.4.2; http://www.nougat-bb.be"
164.155.128.69 www.nougat-bb.be - [29/Jan/2024:05:44:43 +0100] "POST /wp-login.php HTTP/1.1" 200 8952 "-" "Mozilla/5.0"
164.155.128.69 www.nougat-bb.be - [29/Jan/2024:05:55:27 +0100] "POST /wp-login.php HTTP/1.1" 200 8952 "-" "Mozilla/5.0"
164.155.128.69 www.nougat-bb.be - [29/Jan/2024:06:05:50 +0100] "POST /wp-login.php HTTP/1.1" 200 8952 "-" "Mozilla/5.0"
164.155.128.69 www.nougat-bb.be - [29/Jan/2024:06:16:32 +0100] "POST /wp-login.php HTTP/1.1" 200 8952 "-" "Mozilla/5.0"
164.155.128.69 www.nougat-bb.be - [29/Jan/2024:06:27:23 +0100] "POST /wp-login.php HTTP/1.1" 200 8952 "-" "Mozilla/5.0"
188.165.52.21 www.nougat-bb.be - [29/Jan/2024:06:38:05 +0100] "POST /wp-cron.php?doing_wp_cron=1706506685.9386289119720458984375 HTTP/1.1" 200 0 "-" "WordPress/6.4.2; http://www.nougat-bb.be"
164.155.128.69 www.nougat-bb.be - [29/Jan/2024:06:38:05 +0100] "POST /wp-login.php HTTP/1.1" 200 8952 "-" "Mozilla/5.0"
164.155.128.69 www.nougat-bb.be - [29/Jan/2024:06:48:47 +0100] "POST /wp-login.php HTTP/1.1" 200 8952 "-" "Mozilla/5.0"
164.155.128.69 www.nougat-bb.be - [29/Jan/2024:06:59:27 +0100] "POST /wp-login.php HTTP/1.1" 200 8952 "-" "Mozilla/5.0"
164.155.128.69 www.nougat-bb.be - [29/Jan/2024:07:09:41 +0100] "POST /wp-login.php HTTP/1.1" 200 8952 "-" "Mozilla/5.0"
164.155.128.69 www.nougat-bb.be - [29/Jan/2024:07:20:46 +0100] "POST /wp-login.php HTTP/1.1" 200 8952 "-" "Mozilla/5.0"
164.155.128.69 www.nougat-bb.be - [29/Jan/2024:07:31:29 +0100] "POST /wp-login.php HTTP/1.1" 200 8952 "-" "Mozilla/5.0"
188.165.52.21 www.nougat-bb.be - [29/Jan/2024:07:42:10 +0100] "POST /wp-cron.php?doing_wp_cron=1706510530.5255091190338134765625 HTTP/1.1" 200 0 "-" "WordPress/6.4.2; http://www.nougat-bb.be"
164.155.128.69 www.nougat-bb.be - [29/Jan/2024:07:42:10 +0100] "POST /wp-login.php HTTP/1.1" 200 8952 "-" "Mozilla/5.0"
164.155.128.69 www.nougat-bb.be - [29/Jan/2024:07:52:50 +0100] "POST /wp-login.php HTTP/1.1" 200 8952 "-" "Mozilla/5.0"
164.155.128.69 www.nougat-bb.be - [29/Jan/2024:08:03:20 +0100] "POST /wp-login.php HTTP/1.1" 200 8952 "-" "Mozilla/5.0"
164.155.128.69 www.nougat-bb.be - [29/Jan/2024:08:13:48 +0100] "POST /wp-login.php HTTP/1.1" 200 8952 "-" "Mozilla/5.0"
164.155.128.69 www.nougat-bb.be - [29/Jan/2024:08:24:47 +0100] "POST /wp-login.php HTTP/1.1" 200 8952 "-" "Mozilla/5.0"
164.155.128.69 www.nougat-bb.be - [29/Jan/2024:08:35:27 +0100] "POST /wp-login.php HTTP/1.1" 200 8952 "-" "Mozilla/5.0"
188.165.52.21 www.nougat-bb.be - [29/Jan/2024:08:46:06 +0100] "POST /wp-cron.php?doing_wp_cron=1706514366.4525790214538574218750 HTTP/1.1" 200 0 "-" "WordPress/6.4.2; http://www.nougat-bb.be"
164.155.128.69 www.nougat-bb.be - [29/Jan/2024:08:46:06 +0100] "POST /wp-login.php HTTP/1.1" 200 8952 "-" "Mozilla/5.0"
164.155.128.69 www.nougat-bb.be - [29/Jan/2024:08:56:45 +0100] "POST /wp-login.php HTTP/1.1" 200 8952 "-" "Mozilla/5.0"
164.155.128.69 www.nougat-bb.be - [29/Jan/2024:09:07:04 +0100] "POST /wp-login.php HTTP/1.1" 200 8952 "-" "Mozilla/5.0"
188.165.52.21 www.nougat-bb.be - [29/Jan/2024:14:50:51 +0100] "POST /wp-cron.php?doing_wp_cron=1706536251.6608920097351074218750 HTTP/1.1" 200 0 "-" "WordPress/6.4.2; http://www.nougat-bb.be"
3.224.220.101 www.nougat-bb.be - [29/Jan/2024:14:50:51 +0100] "GET /index.php/wp-json/oembed/1.0/embed?url=http://www.nougat-bb.be/ HTTP/1.1" 200 2247 "-" "Mozilla/5.0 (Macintosh; Intel Mac OS X 10_10_1) AppleWebKit/600.2.5 (KHTML, like Gecko) Version/8.0.2 Safari/600.2.5 (Amazonbot/0.1; +https://developer.amazon.com/support/amazonbot)"
3.224.220.101 www.nougat-bb.be - [29/Jan/2024:14:50:54 +0100] "GET /index.php/wp-json/oembed/1.0/%22http:/www.nougat-bb.be/%22 HTTP/1.1" 404 183 "-" "Mozilla/5.0 (Macintosh; Intel Mac OS X 10_10_1) AppleWebKit/600.2.5 (KHTML, like Gecko) Version/8.0.2 Safari/600.2.5 (Amazonbot/0.1; +https://developer.amazon.com/support/amazonbot)"
40.77.167.77 www.nougat-bb.be - [29/Jan/2024:15:23:37 +0100] "GET /?s= HTTP/1.1" 200 79610 "-" "Mozilla/5.0 AppleWebKit/537.36 (KHTML, like Gecko; compatible; bingbot/2.0; +http://www.bing.com/bingbot.htm) Chrome/116.0.1938.76 Safari/537.36"
188.165.52.21 www.nougat-bb.be - [29/Jan/2024:18:04:52 +0100] "POST /wp-cron.php?doing_wp_cron=1706547892.4953649044036865234375 HTTP/1.1" 200 0 "-" "WordPress/6.4.2; http://www.nougat-bb.be"
40.77.167.3 www.nougat-bb.be - [29/Jan/2024:18:04:52 +0100] "GET /?s=2024 HTTP/1.1" 200 79634 "-" "Mozilla/5.0 AppleWebKit/537.36 (KHTML, like Gecko; compatible; bingbot/2.0; +http://www.bing.com/bingbot.htm) Chrome/116.0.1938.76 Safari/537.36"
66.249.66.165 www.nougat-bb.be - [29/Jan/2024:20:05:38 +0100] "GET /robots.txt HTTP/1.1" 404 341 "-" "Mozilla/5.0 (compatible; Googlebot/2.1; +http://www.google.com/bot.html)"
188.165.52.21 www.nougat-bb.be - [29/Jan/2024:20:05:38 +0100] "POST /wp-cron.php?doing_wp_cron=1706555139.6517651081085205078125 HTTP/1.1" 200 0 "-" "WordPress/6.4.2; http://www.nougat-bb.be"
66.249.66.166 www.nougat-bb.be - [29/Jan/2024:20:05:39 +0100] "GET / HTTP/1.1" 200 87673 "-" "Mozilla/5.0 (Linux; Android 6.0.1; Nexus 5X Build/MMB29P) AppleWebKit/537.36 (KHTML, like Gecko) Chrome/121.0.6167.85 Mobile Safari/537.36 (compatible; Googlebot/2.1; +http://www.google.com/bot.html)"
66.249.66.164 www.nougat-bb.be - [29/Jan/2024:20:05:40 +0100] "GET /wp-content/themes/betheme/betheme/assets/animations/animations.min.css?ver=14.7 HTTP/1.1" 200 58508 "http://www.nougat-bb.be/" "Mozilla/5.0 (Linux; Android 6.0.1; Nexus 5X Build/MMB29P) AppleWebKit/537.36 (KHTML, like Gecko) Chrome/120.0.6099.224 Mobile Safari/537.36 (compatible; Googlebot/2.1; +http://www.google.com/bot.html)"
66.249.66.164 www.nougat-bb.be - [29/Jan/2024:20:05:41 +0100] "GET /wp-content/themes/betheme/betheme/css/layout.css?ver=14.7 HTTP/1.1" 200 109170 "http://www.nougat-bb.be/" "Mozilla/5.0 (Linux; Android 6.0.1; Nexus 5X Build/MMB29P) AppleWebKit/537.36 (KHTML, like Gecko) Chrome/120.0.6099.224 Mobile Safari/537.36 (compatible; Googlebot/2.1; +http://www.google.com/bot.html)"
66.249.66.164 www.nougat-bb.be - [29/Jan/2024:20:05:41 +0100] "GET /wp-content/plugins/contact-form-7/includes/swv/js/index.js?ver=5.8.5 HTTP/1.1" 200 11117 "http://www.nougat-bb.be/" "Mozilla/5.0 (Linux; Android 6.0.1; Nexus 5X Build/MMB29P) AppleWebKit/537.36 (KHTML, like Gecko) Chrome/120.0.6099.224 Mobile Safari/537.36 (compatible; Googlebot/2.1; +http://www.google.com/bot.html)"
66.249.66.164 www.nougat-bb.be - [29/Jan/2024:20:05:42 +0100] "GET /wp-includes/js/jquery/ui/mouse.min.js?ver=1.13.2 HTTP/1.1" 200 3402 "http://www.nougat-bb.be/" "Mozilla/5.0 (Linux; Android 6.0.1; Nexus 5X Build/MMB29P) AppleWebKit/537.36 (KHTML, like Gecko) Chrome/120.0.6099.224 Mobile Safari/537.36 (compatible; Googlebot/2.1; +http://www.google.com/bot.html)"
66.249.66.164 www.nougat-bb.be - [29/Jan/2024:20:05:42 +0100] "GET /wp-content/plugins/LayerSlider/static/js/layerslider.transitions.js?ver=5.6.9 HTTP/1.1" 200 21096 "http://www.nougat-bb.be/" "Mozilla/5.0 (Linux; Android 6.0.1; Nexus 5X Build/MMB29P) AppleWebKit/537.36 (KHTML, like Gecko) Chrome/120.0.6099.224 Mobile Safari/537.36 (compatible; Googlebot/2.1; +http://www.google.com/bot.html)"
66.249.66.164 www.nougat-bb.be - [29/Jan/2024:20:05:43 +0100] "GET /wp-includes/js/jquery/jquery-migrate.min.js?ver=3.4.1 HTTP/1.1" 200 13577 "http://www.nougat-bb.be/" "Mozilla/5.0 (Linux; Android 6.0.1; Nexus 5X Build/MMB29P) AppleWebKit/537.36 (KHTML, like Gecko) Chrome/120.0.6099.224 Mobile Safari/537.36 (compatible; Googlebot/2.1; +http://www.google.com/bot.html)"
66.249.66.165 www.nougat-bb.be - [29/Jan/2024:20:05:43 +0100] "GET /wp-content/themes/betheme/betheme/css/base.css?ver=14.7 HTTP/1.1" 200 49620 "http://www.nougat-bb.be/" "Mozilla/5.0 (Linux; Android 6.0.1; Nexus 5X Build/MMB29P) AppleWebKit/537.36 (KHTML, like Gecko) Chrome/120.0.6099.224 Mobile Safari/537.36 (compatible; Googlebot/2.1; +http://www.google.com/bot.html)"
66.249.66.165 www.nougat-bb.be - [29/Jan/2024:20:05:45 +0100] "GET /wp-content/themes/betheme/betheme/assets/prettyPhoto/prettyPhoto.css?ver=14.7 HTTP/1.1" 200 18388 "http://www.nougat-bb.be/" "Mozilla/5.0 (Linux; Android 6.0.1; Nexus 5X Build/MMB29P) AppleWebKit/537.36 (KHTML, like Gecko) Chrome/120.0.6099.224 Mobile Safari/537.36 (compatible; Googlebot/2.1; +http://www.google.com/bot.html)"
66.249.66.165 www.nougat-bb.be - [29/Jan/2024:20:05:45 +0100] "GET /wp-content/plugins/contact-form-7/includes/css/styles.css?ver=5.8.5 HTTP/1.1" 200 2894 "http://www.nougat-bb.be/" "Mozilla/5.0 (Linux; Android 6.0.1; Nexus 5X Build/MMB29P) AppleWebKit/537.36 (KHTML, like Gecko) Chrome/120.0.6099.224 Mobile Safari/537.36 (compatible; Googlebot/2.1; +http://www.google.com/bot.html)"
66.249.66.165 www.nougat-bb.be - [29/Jan/2024:20:05:46 +0100] "GET /wp-includes/js/jquery/ui/sortable.min.js?ver=1.13.2 HTTP/1.1" 200 25449 "http://www.nougat-bb.be/" "Mozilla/5.0 (Linux; Android 6.0.1; Nexus 5X Build/MMB29P) AppleWebKit/537.36 (KHTML, like Gecko) Chrome/120.0.6099.224 Mobile Safari/537.36 (compatible; Googlebot/2.1; +http://www.google.com/bot.html)"
66.249.66.164 www.nougat-bb.be - [29/Jan/2024:20:05:46 +0100] "GET /wp-includes/js/jquery/ui/accordion.min.js?ver=1.13.2 HTTP/1.1" 200 8814 "http://www.nougat-bb.be/" "Mozilla/5.0 (Linux; Android 6.0.1; Nexus 5X Build/MMB29P) AppleWebKit/537.36 (KHTML, like Gecko) Chrome/120.0.6099.224 Mobile Safari/537.36 (compatible; Googlebot/2.1; +http://www.google.com/bot.html)"
66.249.66.164 www.nougat-bb.be - [29/Jan/2024:20:05:46 +0100] "GET /wp-content/themes/betheme/betheme/assets/animations/animations.min.js?ver=14.7 HTTP/1.1" 200 1896 "http://www.nougat-bb.be/" "Mozilla/5.0 (Linux; Android 6.0.1; Nexus 5X Build/MMB29P) AppleWebKit/537.36 (KHTML, like Gecko) Chrome/120.0.6099.224 Mobile Safari/537.36 (compatible; Googlebot/2.1; +http://www.google.com/bot.html)"
66.249.66.164 www.nougat-bb.be - [29/Jan/2024:20:05:47 +0100] "GET /wp-content/themes/betheme/betheme/js/menu.js?ver=14.7 HTTP/1.1" 200 2451 "http://www.nougat-bb.be/" "Mozilla/5.0 (Linux; Android 6.0.1; Nexus 5X Build/MMB29P) AppleWebKit/537.36 (KHTML, like Gecko) Chrome/120.0.6099.224 Mobile Safari/537.36 (compatible; Googlebot/2.1; +http://www.google.com/bot.html)"
66.249.66.164 www.nougat-bb.be - [29/Jan/2024:20:05:47 +0100] "GET /wp-includes/js/comment-reply.min.js?ver=6.4.2 HTTP/1.1" 200 2981 "http://www.nougat-bb.be/" "Mozilla/5.0 (Linux; Android 6.0.1; Nexus 5X Build/MMB29P) AppleWebKit/537.36 (KHTML, like Gecko) Chrome/120.0.6099.224 Mobile Safari/537.36 (compatible; Googlebot/2.1; +http://www.google.com/bot.html)"
66.249.66.164 www.nougat-bb.be - [29/Jan/2024:20:05:49 +0100] "GET /wp-content/themes/betheme/betheme/js/parallax/translate3d.js?ver=14.7 HTTP/1.1" 200 6715 "http://www.nougat-bb.be/" "Mozilla/5.0 (Linux; Android 6.0.1; Nexus 5X Build/MMB29P) AppleWebKit/537.36 (KHTML, like Gecko) Chrome/120.0.6099.224 Mobile Safari/537.36 (compatible; Googlebot/2.1; +http://www.google.com/bot.html)"
66.249.66.164 www.nougat-bb.be - [29/Jan/2024:20:05:49 +0100] "HEAD /wp-content/uploads/2016/02/bruine-amandelen_home@2x.jpg HTTP/1.1" 404 0 "http://www.nougat-bb.be/" "Mozilla/5.0 (Linux; Android 6.0.1; Nexus 5X Build/MMB29P) AppleWebKit/537.36 (KHTML, like Gecko) Chrome/120.0.6099.224 Mobile Safari/537.36 (compatible; Googlebot/2.1; +http://www.google.com/bot.html)"
66.249.66.164 www.nougat-bb.be - [29/Jan/2024:20:05:50 +0100] "HEAD /wp-content/uploads/2016/02/home_tea_sep4@2x.png HTTP/1.1" 404 0 "http://www.nougat-bb.be/" "Mozilla/5.0 (Linux; Android 6.0.1; Nexus 5X Build/MMB29P) AppleWebKit/537.36 (KHTML, like Gecko) Chrome/120.0.6099.224 Mobile Safari/537.36 (compatible; Googlebot/2.1; +http://www.google.com/bot.html)"
66.249.66.164 www.nougat-bb.be - [29/Jan/2024:20:05:50 +0100] "HEAD /wp-content/uploads/2016/02/home_tea_sep@2x.png HTTP/1.1" 404 0 "http://www.nougat-bb.be/" "Mozilla/5.0 (Linux; Android 6.0.1; Nexus 5X Build/MMB29P) AppleWebKit/537.36 (KHTML, like Gecko) Chrome/120.0.6099.224 Mobile Safari/537.36 (compatible; Googlebot/2.1; +http://www.google.com/bot.html)"
66.249.66.164 www.nougat-bb.be - [29/Jan/2024:20:05:50 +0100] "HEAD /wp-content/uploads/2016/02/hazelnoten_home@2x.jpg HTTP/1.1" 404 0 "http://www.nougat-bb.be/" "Mozilla/5.0 (Linux; Android 6.0.1; Nexus 5X Build/MMB29P) AppleWebKit/537.36 (KHTML, like Gecko) Chrome/120.0.6099.224 Mobile Safari/537.36 (compatible; Googlebot/2.1; +http://www.google.com/bot.html)"
66.249.66.164 www.nougat-bb.be - [29/Jan/2024:20:05:51 +0100] "HEAD /wp-content/uploads/2016/09/Logo_small@2x.jpg HTTP/1.1" 404 0 "http://www.nougat-bb.be/" "Mozilla/5.0 (Linux; Android 6.0.1; Nexus 5X Build/MMB29P) AppleWebKit/537.36 (KHTML, like Gecko) Chrome/120.0.6099.224 Mobile Safari/537.36 (compatible; Googlebot/2.1; +http://www.google.com/bot.html)"
66.249.66.164 www.nougat-bb.be - [29/Jan/2024:20:05:51 +0100] "HEAD /wp-content/uploads/2016/02/process@2x.jpg HTTP/1.1" 404 0 "http://www.nougat-bb.be/" "Mozilla/5.0 (Linux; Android 6.0.1; Nexus 5X Build/MMB29P) AppleWebKit/537.36 (KHTML, like Gecko) Chrome/120.0.6099.224 Mobile Safari/537.36 (compatible; Googlebot/2.1; +http://www.google.com/bot.html)"
66.249.66.164 www.nougat-bb.be - [29/Jan/2024:20:05:52 +0100] "HEAD /wp-content/uploads/2016/02/miel@2x.jpg HTTP/1.1" 404 0 "http://www.nougat-bb.be/" "Mozilla/5.0 (Linux; Android 6.0.1; Nexus 5X Build/MMB29P) AppleWebKit/537.36 (KHTML, like Gecko) Chrome/120.0.6099.224 Mobile Safari/537.36 (compatible; Googlebot/2.1; +http://www.google.com/bot.html)"
66.249.66.164 www.nougat-bb.be - [29/Jan/2024:20:05:52 +0100] "HEAD /wp-content/uploads/2016/02/home_tea_sep@2x.png HTTP/1.1" 404 0 "http://www.nougat-bb.be/" "Mozilla/5.0 (Linux; Android 6.0.1; Nexus 5X Build/MMB29P) AppleWebKit/537.36 (KHTML, like Gecko) Chrome/120.0.6099.224 Mobile Safari/537.36 (compatible; Googlebot/2.1; +http://www.google.com/bot.html)"
66.249.66.164 www.nougat-bb.be - [29/Jan/2024:20:05:53 +0100] "HEAD /wp-content/uploads/2016/09/Logo_small@2x.jpg HTTP/1.1" 404 0 "http://www.nougat-bb.be/" "Mozilla/5.0 (Linux; Android 6.0.1; Nexus 5X Build/MMB29P) AppleWebKit/537.36 (KHTML, like Gecko) Chrome/120.0.6099.224 Mobile Safari/537.36 (compatible; Googlebot/2.1; +http://www.google.com/bot.html)"
66.249.66.164 www.nougat-bb.be - [29/Jan/2024:20:05:53 +0100] "HEAD /wp-content/uploads/2016/09/Logo_small@2x.jpg HTTP/1.1" 404 0 "http://www.nougat-bb.be/" "Mozilla/5.0 (Linux; Android 6.0.1; Nexus 5X Build/MMB29P) AppleWebKit/537.36 (KHTML, like Gecko) Chrome/120.0.6099.224 Mobile Safari/537.36 (compatible; Googlebot/2.1; +http://www.google.com/bot.html)"
66.249.66.164 www.nougat-bb.be - [29/Jan/2024:20:05:54 +0100] "HEAD /wp-content/uploads/2016/02/home_tea_sep2@2x.png HTTP/1.1" 404 0 "http://www.nougat-bb.be/" "Mozilla/5.0 (Linux; Android 6.0.1; Nexus 5X Build/MMB29P) AppleWebKit/537.36 (KHTML, like Gecko) Chrome/120.0.6099.224 Mobile Safari/537.36 (compatible; Googlebot/2.1; +http://www.google.com/bot.html)"
66.249.66.164 www.nougat-bb.be - [29/Jan/2024:20:05:54 +0100] "HEAD /wp-content/uploads/2016/02/home_tea_sep3@2x.png HTTP/1.1" 404 0 "http://www.nougat-bb.be/" "Mozilla/5.0 (Linux; Android 6.0.1; Nexus 5X Build/MMB29P) AppleWebKit/537.36 (KHTML, like Gecko) Chrome/120.0.6099.224 Mobile Safari/537.36 (compatible; Googlebot/2.1; +http://www.google.com/bot.html)"
66.249.66.164 www.nougat-bb.be - [29/Jan/2024:20:05:55 +0100] "HEAD /wp-content/uploads/2016/02/home_tea_sep@2x.png HTTP/1.1" 404 0 "http://www.nougat-bb.be/" "Mozilla/5.0 (Linux; Android 6.0.1; Nexus 5X Build/MMB29P) AppleWebKit/537.36 (KHTML, like Gecko) Chrome/120.0.6099.224 Mobile Safari/537.36 (compatible; Googlebot/2.1; +http://www.google.com/bot.html)"
66.249.66.165 www.nougat-bb.be - [29/Jan/2024:21:07:01 +0100] "GET /wp-content/uploads/2016/02/hazelnoten_home.jpg HTTP/1.1" 200 63213 "-" "Googlebot-Image/1.0"
188.165.52.21 www.nougat-bb.be - [29/Jan/2024:21:37:34 +0100] "POST /wp-cron.php?doing_wp_cron=1706560654.5943589210510253906250 HTTP/1.1" 200 0 "-" "WordPress/6.4.2; http://www.nougat-bb.be"
66.249.66.165 www.nougat-bb.be - [29/Jan/2024:21:37:34 +0100] "GET / HTTP/1.1" 200 87673 "-" "Mozilla/5.0 (Linux; Android 6.0.1; Nexus 5X Build/MMB29P) AppleWebKit/537.36 (KHTML, like Gecko) Chrome/121.0.6167.85 Mobile Safari/537.36 (compatible; Googlebot/2.1; +http://www.google.com/bot.html)"
66.249.66.164 www.nougat-bb.be - [29/Jan/2024:21:38:13 +0100] "GET /wp-content/themes/betheme/betheme/assets/prettyPhoto/prettyPhoto.css?ver=14.7 HTTP/1.1" 200 18388 "http://www.nougat-bb.be/" "Mozilla/5.0 (Linux; Android 6.0.1; Nexus 5X Build/MMB29P) AppleWebKit/537.36 (KHTML, like Gecko) Chrome/120.0.6099.224 Mobile Safari/537.36 (compatible; Googlebot/2.1; +http://www.google.com/bot.html)"
66.249.66.165 www.nougat-bb.be - [29/Jan/2024:21:38:13 +0100] "GET /wp-includes/js/jquery/ui/sortable.min.js?ver=1.13.2 HTTP/1.1" 200 25449 "http://www.nougat-bb.be/" "Mozilla/5.0 (Linux; Android 6.0.1; Nexus 5X Build/MMB29P) AppleWebKit/537.36 (KHTML, like Gecko) Chrome/120.0.6099.224 Mobile Safari/537.36 (compatible; Googlebot/2.1; +http://www.google.com/bot.html)"
66.249.66.166 www.nougat-bb.be - [29/Jan/2024:21:38:13 +0100] "GET /wp-includes/js/jquery/ui/mouse.min.js?ver=1.13.2 HTTP/1.1" 200 3402 "http://www.nougat-bb.be/" "Mozilla/5.0 (Linux; Android 6.0.1; Nexus 5X Build/MMB29P) AppleWebKit/537.36 (KHTML, like Gecko) Chrome/120.0.6099.224 Mobile Safari/537.36 (compatible; Googlebot/2.1; +http://www.google.com/bot.html)"
66.249.66.165 www.nougat-bb.be - [29/Jan/2024:21:38:15 +0100] "GET /wp-content/themes/betheme/betheme/js/plugins.js?ver=14.7 HTTP/1.1" 200 220551 "http://www.nougat-bb.be/" "Mozilla/5.0 (Linux; Android 6.0.1; Nexus 5X Build/MMB29P) AppleWebKit/537.36 (KHTML, like Gecko) Chrome/120.0.6099.224 Mobile Safari/537.36 (compatible; Googlebot/2.1; +http://www.google.com/bot.html)"
66.249.66.164 www.nougat-bb.be - [29/Jan/2024:21:38:15 +0100] "HEAD /wp-content/uploads/2016/02/home_tea_sep4@2x.png HTTP/1.1" 404 0 "http://www.nougat-bb.be/" "Mozilla/5.0 (Linux; Android 6.0.1; Nexus 5X Build/MMB29P) AppleWebKit/537.36 (KHTML, like Gecko) Chrome/120.0.6099.224 Mobile Safari/537.36 (compatible; Googlebot/2.1; +http://www.google.com/bot.html)"
66.249.66.165 www.nougat-bb.be - [29/Jan/2024:21:38:15 +0100] "HEAD /wp-content/uploads/2016/02/home_tea_sep@2x.png HTTP/1.1" 404 0 "http://www.nougat-bb.be/" "Mozilla/5.0 (Linux; Android 6.0.1; Nexus 5X Build/MMB29P) AppleWebKit/537.36 (KHTML, like Gecko) Chrome/120.0.6099.224 Mobile Safari/537.36 (compatible; Googlebot/2.1; +http://www.google.com/bot.html)"
66.249.66.164 www.nougat-bb.be - [29/Jan/2024:21:38:16 +0100] "HEAD /wp-content/uploads/2016/02/hazelnoten_home@2x.jpg HTTP/1.1" 404 0 "http://www.nougat-bb.be/" "Mozilla/5.0 (Linux; Android 6.0.1; Nexus 5X Build/MMB29P) AppleWebKit/537.36 (KHTML, like Gecko) Chrome/120.0.6099.224 Mobile Safari/537.36 (compatible; Googlebot/2.1; +http://www.google.com/bot.html)"
66.249.66.164 www.nougat-bb.be - [29/Jan/2024:21:38:16 +0100] "HEAD /wp-content/uploads/2016/02/home_tea_sep@2x.png HTTP/1.1" 404 0 "http://www.nougat-bb.be/" "Mozilla/5.0 (Linux; Android 6.0.1; Nexus 5X Build/MMB29P) AppleWebKit/537.36 (KHTML, like Gecko) Chrome/120.0.6099.224 Mobile Safari/537.36 (compatible; Googlebot/2.1; +http://www.google.com/bot.html)"
66.249.66.165 www.nougat-bb.be - [29/Jan/2024:21:38:17 +0100] "HEAD /wp-content/uploads/2016/02/home_tea_sep@2x.png HTTP/1.1" 404 0 "http://www.nougat-bb.be/" "Mozilla/5.0 (Linux; Android 6.0.1; Nexus 5X Build/MMB29P) AppleWebKit/537.36 (KHTML, like Gecko) Chrome/120.0.6099.224 Mobile Safari/537.36 (compatible; Googlebot/2.1; +http://www.google.com/bot.html)"
66.249.66.164 www.nougat-bb.be - [29/Jan/2024:21:38:17 +0100] "HEAD /wp-content/uploads/2016/02/bruine-amandelen_home@2x.jpg HTTP/1.1" 404 0 "http://www.nougat-bb.be/" "Mozilla/5.0 (Linux; Android 6.0.1; Nexus 5X Build/MMB29P) AppleWebKit/537.36 (KHTML, like Gecko) Chrome/120.0.6099.224 Mobile Safari/537.36 (compatible; Googlebot/2.1; +http://www.google.com/bot.html)"
66.249.66.164 www.nougat-bb.be - [29/Jan/2024:21:38:19 +0100] "HEAD /wp-content/uploads/2016/02/home_tea_sep2@2x.png HTTP/1.1" 404 0 "http://www.nougat-bb.be/" "Mozilla/5.0 (Linux; Android 6.0.1; Nexus 5X Build/MMB29P) AppleWebKit/537.36 (KHTML, like Gecko) Chrome/120.0.6099.224 Mobile Safari/537.36 (compatible; Googlebot/2.1; +http://www.google.com/bot.html)"
66.249.66.164 www.nougat-bb.be - [29/Jan/2024:21:38:19 +0100] "HEAD /wp-content/uploads/2016/09/Logo_small@2x.jpg HTTP/1.1" 404 0 "http://www.nougat-bb.be/" "Mozilla/5.0 (Linux; Android 6.0.1; Nexus 5X Build/MMB29P) AppleWebKit/537.36 (KHTML, like Gecko) Chrome/120.0.6099.224 Mobile Safari/537.36 (compatible; Googlebot/2.1; +http://www.google.com/bot.html)"
66.249.66.165 www.nougat-bb.be - [29/Jan/2024:21:38:20 +0100] "HEAD /wp-content/uploads/2016/02/process@2x.jpg HTTP/1.1" 404 0 "http://www.nougat-bb.be/" "Mozilla/5.0 (Linux; Android 6.0.1; Nexus 5X Build/MMB29P) AppleWebKit/537.36 (KHTML, like Gecko) Chrome/120.0.6099.224 Mobile Safari/537.36 (compatible; Googlebot/2.1; +http://www.google.com/bot.html)"
66.249.66.164 www.nougat-bb.be - [29/Jan/2024:21:38:20 +0100] "HEAD /wp-content/uploads/2016/02/home_tea_sep3@2x.png HTTP/1.1" 404 0 "http://www.nougat-bb.be/" "Mozilla/5.0 (Linux; Android 6.0.1; Nexus 5X Build/MMB29P) AppleWebKit/537.36 (KHTML, like Gecko) Chrome/120.0.6099.224 Mobile Safari/537.36 (compatible; Googlebot/2.1; +http://www.google.com/bot.html)"
66.249.66.165 www.nougat-bb.be - [29/Jan/2024:21:38:20 +0100] "HEAD /wp-content/uploads/2016/09/Logo_small@2x.jpg HTTP/1.1" 404 0 "http://www.nougat-bb.be/" "Mozilla/5.0 (Linux; Android 6.0.1; Nexus 5X Build/MMB29P) AppleWebKit/537.36 (KHTML, like Gecko) Chrome/120.0.6099.224 Mobile Safari/537.36 (compatible; Googlebot/2.1; +http://www.google.com/bot.html)"
66.249.66.165 www.nougat-bb.be - [29/Jan/2024:21:38:21 +0100] "HEAD /wp-content/uploads/2016/09/Logo_small@2x.jpg HTTP/1.1" 404 0 "http://www.nougat-bb.be/" "Mozilla/5.0 (Linux; Android 6.0.1; Nexus 5X Build/MMB29P) AppleWebKit/537.36 (KHTML, like Gecko) Chrome/120.0.6099.224 Mobile Safari/537.36 (compatible; Googlebot/2.1; +http://www.google.com/bot.html)"
66.249.66.164 www.nougat-bb.be - [29/Jan/2024:21:38:21 +0100] "HEAD /wp-content/uploads/2016/02/miel@2x.jpg HTTP/1.1" 404 0 "http://www.nougat-bb.be/" "Mozilla/5.0 (Linux; Android 6.0.1; Nexus 5X Build/MMB29P) AppleWebKit/537.36 (KHTML, like Gecko) Chrome/120.0.6099.224 Mobile Safari/537.36 (compatible; Googlebot/2.1; +http://www.google.com/bot.html)"
66.249.66.164 www.nougat-bb.be - [29/Jan/2024:22:03:44 +0100] "GET /index.php/comments/feed/ HTTP/1.1" 200 773 "-" "Mozilla/5.0 (Linux; Android 6.0.1; Nexus 5X Build/MMB29P) AppleWebKit/537.36 (KHTML, like Gecko) Chrome/121.0.6167.85 Mobile Safari/537.36 (compatible; Googlebot/2.1; +http://www.google.com/bot.html)"
23.22.35.162 www.nougat-bb.be - [30/Jan/2024:02:47:43 +0100] "GET /robots.txt HTTP/1.1" 404 341 "-" "Mozilla/5.0 (Macintosh; Intel Mac OS X 10_10_1) AppleWebKit/600.2.5 (KHTML, like Gecko) Version/8.0.2 Safari/600.2.5 (Amazonbot/0.1; +https://developer.amazon.com/support/amazonbot)"
188.165.52.21 www.nougat-bb.be - [30/Jan/2024:02:47:43 +0100] "POST /wp-cron.php?doing_wp_cron=1706579263.9905259609222412109375 HTTP/1.1" 200 0 "-" "WordPress/6.4.2; http://www.nougat-bb.be"
23.22.35.162 www.nougat-bb.be - [30/Jan/2024:02:47:43 +0100] "GET /index.php/wp-json/oembed/1.0/embed?url=http://www.nougat-bb.be/index.php/2016/09/19/hello-world/ HTTP/1.1" 200 2208 "-" "Mozilla/5.0 (Macintosh; Intel Mac OS X 10_10_1) AppleWebKit/600.2.5 (KHTML, like Gecko) Version/8.0.2 Safari/600.2.5 (Amazonbot/0.1; +https://developer.amazon.com/support/amazonbot)"
3.224.220.101 www.nougat-bb.be - [30/Jan/2024:02:47:47 +0100] "GET /index.php/wp-json/oembed/1.0/%22http:/www.nougat-bb.be/index.php/2016/09/19/hello-world/%22 HTTP/1.1" 404 183 "-" "Mozilla/5.0 (Macintosh; Intel Mac OS X 10_10_1) AppleWebKit/600.2.5 (KHTML, like Gecko) Version/8.0.2 Safari/600.2.5 (Amazonbot/0.1; +https://developer.amazon.com/support/amazonbot)"
23.22.35.162 www.nougat-bb.be - [30/Jan/2024:02:48:43 +0100] "GET /index.php/wp-json/oembed/1.0/embed?url=http://www.nougat-bb.be/index.php/contact-us/ HTTP/1.1" 200 2184 "-" "Mozilla/5.0 (Macintosh; Intel Mac OS X 10_10_1) AppleWebKit/600.2.5 (KHTML, like Gecko) Version/8.0.2 Safari/600.2.5 (Amazonbot/0.1; +https://developer.amazon.com/support/amazonbot)"
52.70.240.171 www.nougat-bb.be - [30/Jan/2024:02:48:46 +0100] "GET /index.php/wp-json/oembed/1.0/%22http:/www.nougat-bb.be/index.php/contact-us/%22 HTTP/1.1" 404 183 "-" "Mozilla/5.0 (Macintosh; Intel Mac OS X 10_10_1) AppleWebKit/600.2.5 (KHTML, like Gecko) Version/8.0.2 Safari/600.2.5 (Amazonbot/0.1; +https://developer.amazon.com/support/amazonbot)"
3.224.220.101 www.nougat-bb.be - [30/Jan/2024:02:49:27 +0100] "GET /index.php/wp-json/oembed/1.0/embed?url=http://www.nougat-bb.be/index.php/fabrication/ HTTP/1.1" 200 2177 "-" "Mozilla/5.0 (Macintosh; Intel Mac OS X 10_10_1) AppleWebKit/600.2.5 (KHTML, like Gecko) Version/8.0.2 Safari/600.2.5 (Amazonbot/0.1; +https://developer.amazon.com/support/amazonbot)"
23.22.35.162 www.nougat-bb.be - [30/Jan/2024:02:49:31 +0100] "GET /index.php/wp-json/oembed/1.0/%22http:/www.nougat-bb.be/index.php/fabrication/%22 HTTP/1.1" 404 183 "-" "Mozilla/5.0 (Macintosh; Intel Mac OS X 10_10_1) AppleWebKit/600.2.5 (KHTML, like Gecko) Version/8.0.2 Safari/600.2.5 (Amazonbot/0.1; +https://developer.amazon.com/support/amazonbot)"
40.77.167.93 www.nougat-bb.be - [30/Jan/2024:07:11:09 +0100] "GET /robots.txt HTTP/1.1" 404 341 "-" "Mozilla/5.0 AppleWebKit/537.36 (KHTML, like Gecko; compatible; bingbot/2.0; +http://www.bing.com/bingbot.htm) Chrome/116.0.1938.76 Safari/537.36"
188.165.52.21 www.nougat-bb.be - [30/Jan/2024:07:11:18 +0100] "POST /wp-cron.php?doing_wp_cron=1706595078.7478590011596679687500 HTTP/1.1" 200 0 "-" "WordPress/6.4.2; http://www.nougat-bb.be"
52.167.144.24 www.nougat-bb.be - [30/Jan/2024:07:11:18 +0100] "GET /?s= HTTP/1.1" 200 79610 "-" "Mozilla/5.0 AppleWebKit/537.36 (KHTML, like Gecko; compatible; bingbot/2.0; +http://www.bing.com/bingbot.htm) Chrome/116.0.1938.76 Safari/537.36"
85.208.96.199 www.nougat-bb.be - [30/Jan/2024:07:43:52 +0100] "GET /robots.txt HTTP/1.1" 404 341 "-" "Mozilla/5.0 (compatible; SemrushBot/7~bl; +http://www.semrush.com/bot.html)"
188.165.52.21 www.nougat-bb.be - [30/Jan/2024:07:43:53 +0100] "POST /wp-cron.php?doing_wp_cron=1706597033.7542231082916259765625 HTTP/1.1" 200 0 "-" "WordPress/6.4.2; http://www.nougat-bb.be"
185.191.171.11 www.nougat-bb.be - [30/Jan/2024:07:43:53 +0100] "GET /index.php/fabrication/ HTTP/1.1" 200 80840 "-" "Mozilla/5.0 (compatible; SemrushBot/7~bl; +http://www.semrush.com/bot.html)"
85.208.96.200 www.nougat-bb.be - [30/Jan/2024:07:44:04 +0100] "GET /sitemap.xml HTTP/1.1" 404 341 "-" "Mozilla/5.0 (compatible; SemrushBot/7~bl; +http://www.semrush.com/bot.html)"
66.249.66.166 www.nougat-bb.be - [30/Jan/2024:13:09:11 +0100] "GET /robots.txt HTTP/1.1" 404 341 "-" "Mozilla/5.0 (compatible; Googlebot/2.1; +http://www.google.com/bot.html)"
188.165.52.21 www.nougat-bb.be - [30/Jan/2024:13:09:11 +0100] "POST /wp-cron.php?doing_wp_cron=1706616552.0872299671173095703125 HTTP/1.1" 200 0 "-" "WordPress/6.4.2; http://www.nougat-bb.be"
66.249.66.165 www.nougat-bb.be - [30/Jan/2024:13:09:11 +0100] "GET / HTTP/1.1" 200 87673 "-" "Mozilla/5.0 (compatible; Googlebot/2.1; +http://www.google.com/bot.html)"
66.249.66.165 www.nougat-bb.be - [30/Jan/2024:13:09:12 +0100] "GET /wp-includes/js/jquery/jquery.min.js?ver=3.7.1 HTTP/1.1" 200 87553 "http://www.nougat-bb.be/" "Mozilla/5.0 AppleWebKit/537.36 (KHTML, like Gecko; compatible; Googlebot/2.1; +http://www.google.com/bot.html) Chrome/120.0.6099.224 Safari/537.36"
66.249.66.164 www.nougat-bb.be - [30/Jan/2024:13:09:12 +0100] "GET /wp-includes/css/dist/block-library/style.min.css?ver=6.4.2 HTTP/1.1" 200 110035 "http://www.nougat-bb.be/" "Mozilla/5.0 AppleWebKit/537.36 (KHTML, like Gecko; compatible; Googlebot/2.1; +http://www.google.com/bot.html) Chrome/120.0.6099.224 Safari/537.36"
66.249.66.164 www.nougat-bb.be - [30/Jan/2024:13:09:13 +0100] "GET /wp-content/plugins/LayerSlider/static/js/greensock.js?ver=1.11.8 HTTP/1.1" 200 59709 "http://www.nougat-bb.be/" "Mozilla/5.0 AppleWebKit/537.36 (KHTML, like Gecko; compatible; Googlebot/2.1; +http://www.google.com/bot.html) Chrome/120.0.6099.224 Safari/537.36"
66.249.66.164 www.nougat-bb.be - [30/Jan/2024:13:09:13 +0100] "GET /wp-content/plugins/contact-form-7/includes/css/styles.css?ver=5.8.5 HTTP/1.1" 200 2894 "http://www.nougat-bb.be/" "Mozilla/5.0 AppleWebKit/537.36 (KHTML, like Gecko; compatible; Googlebot/2.1; +http://www.google.com/bot.html) Chrome/120.0.6099.224 Safari/537.36"
66.249.66.165 www.nougat-bb.be - [30/Jan/2024:13:09:14 +0100] "GET /wp-content/plugins/contact-form-7/includes/js/index.js?ver=5.8.5 HTTP/1.1" 200 13182 "http://www.nougat-bb.be/" "Mozilla/5.0 AppleWebKit/537.36 (KHTML, like Gecko; compatible; Googlebot/2.1; +http://www.google.com/bot.html) Chrome/120.0.6099.224 Safari/537.36"
66.249.66.166 www.nougat-bb.be - [30/Jan/2024:13:09:14 +0100] "GET /wp-content/plugins/LayerSlider/static/css/layerslider.css?ver=5.6.9 HTTP/1.1" 200 15709 "http://www.nougat-bb.be/" "Mozilla/5.0 AppleWebKit/537.36 (KHTML, like Gecko; compatible; Googlebot/2.1; +http://www.google.com/bot.html) Chrome/120.0.6099.224 Safari/537.36"
66.249.66.165 www.nougat-bb.be - [30/Jan/2024:13:09:15 +0100] "GET /wp-includes/js/jquery/ui/core.min.js?ver=1.13.2 HTTP/1.1" 200 21438 "http://www.nougat-bb.be/" "Mozilla/5.0 AppleWebKit/537.36 (KHTML, like Gecko; compatible; Googlebot/2.1; +http://www.google.com/bot.html) Chrome/120.0.6099.224 Safari/537.36"
66.249.66.165 www.nougat-bb.be - [30/Jan/2024:13:09:15 +0100] "GET /wp-content/themes/betheme/betheme/assets/jplayer/css/jplayer.blue.monday.css?ver=14.7 HTTP/1.1" 200 10145 "http://www.nougat-bb.be/" "Mozilla/5.0 AppleWebKit/537.36 (KHTML, like Gecko; compatible; Googlebot/2.1; +http://www.google.com/bot.html) Chrome/120.0.6099.224 Safari/537.36"
66.249.66.164 www.nougat-bb.be - [30/Jan/2024:13:09:16 +0100] "GET /wp-includes/js/jquery/ui/sortable.min.js?ver=1.13.2 HTTP/1.1" 200 25449 "http://www.nougat-bb.be/" "Mozilla/5.0 AppleWebKit/537.36 (KHTML, like Gecko; compatible; Googlebot/2.1; +http://www.google.com/bot.html) Chrome/120.0.6099.224 Safari/537.36"
66.249.66.165 www.nougat-bb.be - [30/Jan/2024:13:09:16 +0100] "GET /wp-includes/js/jquery/ui/tabs.min.js?ver=1.13.2 HTTP/1.1" 200 11937 "http://www.nougat-bb.be/" "Mozilla/5.0 AppleWebKit/537.36 (KHTML, like Gecko; compatible; Googlebot/2.1; +http://www.google.com/bot.html) Chrome/120.0.6099.224 Safari/537.36"
66.249.66.164 www.nougat-bb.be - [30/Jan/2024:13:09:18 +0100] "GET /wp-content/themes/betheme/betheme/js/plugins.js?ver=14.7 HTTP/1.1" 200 220551 "http://www.nougat-bb.be/" "Mozilla/5.0 AppleWebKit/537.36 (KHTML, like Gecko; compatible; Googlebot/2.1; +http://www.google.com/bot.html) Chrome/120.0.6099.224 Safari/537.36"
66.249.66.165 www.nougat-bb.be - [30/Jan/2024:13:09:18 +0100] "GET /wp-content/themes/betheme/betheme/js/scripts.js?ver=14.7 HTTP/1.1" 200 61775 "http://www.nougat-bb.be/" "Mozilla/5.0 AppleWebKit/537.36 (KHTML, like Gecko; compatible; Googlebot/2.1; +http://www.google.com/bot.html) Chrome/120.0.6099.224 Safari/537.36"
66.249.66.164 www.nougat-bb.be - [30/Jan/2024:13:09:19 +0100] "GET /wp-includes/js/comment-reply.min.js?ver=6.4.2 HTTP/1.1" 200 2981 "http://www.nougat-bb.be/" "Mozilla/5.0 AppleWebKit/537.36 (KHTML, like Gecko; compatible; Googlebot/2.1; +http://www.google.com/bot.html) Chrome/120.0.6099.224 Safari/537.36"
66.249.66.164 www.nougat-bb.be - [30/Jan/2024:13:09:19 +0100] "GET /wp-content/themes/betheme/betheme/js/parallax/translate3d.js?ver=14.7 HTTP/1.1" 200 6715 "http://www.nougat-bb.be/" "Mozilla/5.0 AppleWebKit/537.36 (KHTML, like Gecko; compatible; Googlebot/2.1; +http://www.google.com/bot.html) Chrome/120.0.6099.224 Safari/537.36"
66.249.66.164 www.nougat-bb.be - [30/Jan/2024:13:09:19 +0100] "GET /wp-includes/js/jquery/ui/accordion.min.js?ver=1.13.2 HTTP/1.1" 200 8814 "http://www.nougat-bb.be/" "Mozilla/5.0 AppleWebKit/537.36 (KHTML, like Gecko; compatible; Googlebot/2.1; +http://www.google.com/bot.html) Chrome/120.0.6099.224 Safari/537.36"
66.249.66.164 www.nougat-bb.be - [30/Jan/2024:13:09:20 +0100] "GET /wp-content/themes/betheme/betheme/js/menu.js?ver=14.7 HTTP/1.1" 200 2451 "http://www.nougat-bb.be/" "Mozilla/5.0 AppleWebKit/537.36 (KHTML, like Gecko; compatible; Googlebot/2.1; +http://www.google.com/bot.html) Chrome/120.0.6099.224 Safari/537.36"
40.77.167.46 www.nougat-bb.be - [30/Jan/2024:13:22:50 +0100] "GET /?s=2023 HTTP/1.1" 200 79634 "-" "Mozilla/5.0 AppleWebKit/537.36 (KHTML, like Gecko; compatible; bingbot/2.0; +http://www.bing.com/bingbot.htm) Chrome/116.0.1938.76 Safari/537.36"
114.119.140.38 www.nougat-bb.be - [30/Jan/2024:17:30:27 +0100] "GET /robots.txt HTTP/1.1" 404 341 "-" "Mozilla/5.0 (compatible;PetalBot;+https://webmaster.petalsearch.com/site/petalbot)"
188.165.52.21 www.nougat-bb.be - [31/Jan/2024:07:36:36 +0100] "POST /wp-cron.php?doing_wp_cron=1706682996.7264230251312255859375 HTTP/1.1" 200 0 "-" "WordPress/6.4.2; http://www.nougat-bb.be"
69.147.248.120 www.nougat-bb.be - [31/Jan/2024:07:36:36 +0100] "GET /index.php/contact-us/ HTTP/1.1" 200 87068 "-" "Mozilla/5.0 (Windows NT 10.0; Win64; x64; Xbox; Xbox One) AppleWebKit/537.36 (KHTML, like Gecko) Chrome/114.0.0.0 Safari/537.36 Edge/44.18363.8131"
69.147.248.120 www.nougat-bb.be - [31/Jan/2024:07:36:38 +0100] "GET /wp-content/plugins/contact-form-7/includes/js/index.js?ver=5.8.5 HTTP/1.1" 200 13182 "http://www.nougat-bb.be/index.php/contact-us/" "Mozilla/5.0 (Windows NT 10.0; Win64; x64; Xbox; Xbox One) AppleWebKit/537.36 (KHTML, like Gecko) Chrome/114.0.0.0 Safari/537.36 Edge/44.18363.8131"
69.147.248.120 www.nougat-bb.be - [31/Jan/2024:07:36:39 +0100] "POST /index.php/wp-json/contact-form-7/v1/contact-forms/95/feedback HTTP/1.1" 200 223 "http://www.nougat-bb.be/index.php/contact-us/" "Mozilla/5.0 (Windows NT 10.0; Win64; x64; Xbox; Xbox One) AppleWebKit/537.36 (KHTML, like Gecko) Chrome/114.0.0.0 Safari/537.36 Edge/44.18363.8131"
188.165.52.21 www.nougat-bb.be - [31/Jan/2024:15:58:01 +0100] "POST /wp-cron.php?doing_wp_cron=1706713081.3744459152221679687500 HTTP/1.1" 200 0 "-" "WordPress/6.4.2; http://www.nougat-bb.be"
52.167.144.140 www.nougat-bb.be - [31/Jan/2024:15:58:01 +0100] "GET /?s= HTTP/1.1" 200 79610 "-" "Mozilla/5.0 AppleWebKit/537.36 (KHTML, like Gecko; compatible; bingbot/2.0; +http://www.bing.com/bingbot.htm) Chrome/116.0.1938.76 Safari/537.36"
188.165.52.21 www.nougat-bb.be - [31/Jan/2024:18:31:48 +0100] "POST /wp-cron.php?doing_wp_cron=1706722308.3356120586395263671875 HTTP/1.1" 200 0 "-" "WordPress/6.4.2; http://www.nougat-bb.be"
40.77.167.3 www.nougat-bb.be - [31/Jan/2024:18:31:48 +0100] "GET /?s=2024 HTTP/1.1" 200 79634 "-" "Mozilla/5.0 AppleWebKit/537.36 (KHTML, like Gecko; compatible; bingbot/2.0; +http://www.bing.com/bingbot.htm) Chrome/116.0.1938.76 Safari/537.36"
13.89.219.53 www.nougat-bb.be - [01/Feb/2024:10:03:22 +0100] "GET /robots.txt HTTP/1.1" 404 341 "-" "Mozilla/5.0 (Windows NT 10.0; Win64; x64) AppleWebKit/537.36 (KHTML, like Gecko) Chrome/93.0.4577.63 Safari/537.36"
40.77.167.93 www.nougat-bb.be - [01/Feb/2024:16:41:25 +0100] "GET /robots.txt HTTP/1.1" 404 341 "-" "Mozilla/5.0 AppleWebKit/537.36 (KHTML, like Gecko; compatible; bingbot/2.0; +http://www.bing.com/bingbot.htm) Chrome/116.0.1938.76 Safari/537.36"
188.165.52.21 www.nougat-bb.be - [01/Feb/2024:16:41:31 +0100] "POST /wp-cron.php?doing_wp_cron=1706802092.1508610248565673828125 HTTP/1.1" 200 0 "-" "WordPress/6.4.2; http://www.nougat-bb.be"
40.77.167.53 www.nougat-bb.be - [01/Feb/2024:16:41:31 +0100] "GET /?s= HTTP/1.1" 200 79610 "-" "Mozilla/5.0 AppleWebKit/537.36 (KHTML, like Gecko; compatible; bingbot/2.0; +http://www.bing.com/bingbot.htm) Chrome/116.0.1938.76 Safari/537.36"
188.165.52.21 www.nougat-bb.be - [01/Feb/2024:16:41:36 +0100] "POST /wp-cron.php?doing_wp_cron=1706802096.5788600444793701171875 HTTP/1.1" 200 0 "-" "WordPress/6.4.3; http://www.nougat-bb.be"
188.165.52.21 www.nougat-bb.be - [01/Feb/2024:16:41:36 +0100] "POST /wp-admin/upgrade.php?step=upgrade_db HTTP/1.1" 200 1 "-" "WordPress/6.4.2; http://www.nougat-bb.be"
66.249.75.233 www.nougat-bb.be - [01/Feb/2024:22:27:31 +0100] "GET /robots.txt HTTP/1.1" 404 341 "-" "Mozilla/5.0 (compatible; Googlebot/2.1; +http://www.google.com/bot.html)"
188.165.52.21 www.nougat-bb.be - [01/Feb/2024:22:27:32 +0100] "POST /wp-cron.php?doing_wp_cron=1706822853.2964138984680175781250 HTTP/1.1" 200 0 "-" "WordPress/6.4.3; http://www.nougat-bb.be"
66.249.75.235 www.nougat-bb.be - [01/Feb/2024:22:27:32 +0100] "GET / HTTP/1.1" 200 87673 "-" "Mozilla/5.0 (Linux; Android 6.0.1; Nexus 5X Build/MMB29P) AppleWebKit/537.36 (KHTML, like Gecko) Chrome/121.0.6167.85 Mobile Safari/537.36 (compatible; Googlebot/2.1; +http://www.google.com/bot.html)"
188.165.52.21 www.nougat-bb.be - [01/Feb/2024:22:27:35 +0100] "POST /wp-cron.php HTTP/1.1" 200 0 "-" "WordPress/6.4.3; http://www.nougat-bb.be"
188.165.52.21 www.nougat-bb.be - [01/Feb/2024:22:27:35 +0100] "GET / HTTP/1.1" 200 87673 "-" "WordPress/6.4.3; http://www.nougat-bb.be"
188.165.52.21 www.nougat-bb.be - [01/Feb/2024:22:27:35 +0100] "GET / HTTP/1.1" 200 87673 "-" "WordPress/6.4.3; http://www.nougat-bb.be"
188.165.52.21 www.nougat-bb.be - [01/Feb/2024:22:27:35 +0100] "GET / HTTP/1.1" 200 87673 "-" "WordPress/6.4.3; http://www.nougat-bb.be"
66.249.75.233 www.nougat-bb.be - [01/Feb/2024:22:34:54 +0100] "GET /wp-includes/js/jquery/jquery-migrate.min.js?ver=3.4.1 HTTP/1.1" 200 13577 "http://www.nougat-bb.be/" "Mozilla/5.0 (Linux; Android 6.0.1; Nexus 5X Build/MMB29P) AppleWebKit/537.36 (KHTML, like Gecko) Chrome/120.0.6099.224 Mobile Safari/537.36 (compatible; Googlebot/2.1; +http://www.google.com/bot.html)"
