188.165.52.21 www.nougat-bb.be - [03/Feb/2024:22:11:34 +0100] "POST /wp-cron.php?doing_wp_cron=1706994694.6438589096069335937500 HTTP/1.1" 200 0 "-" "WordPress/6.4.3; http://www.nougat-bb.be"
93.159.230.87 www.nougat-bb.be - [03/Feb/2024:22:11:34 +0100] "GET / HTTP/1.1" 200 87673 "-" "Mozilla/5.0 (Linux; arm_64; Android 12; CPH2205) AppleWebKit/537.36 (KHTML, like Gecko) Chrome/110.0.0.0 YaBrowser/23.3.3.86.00 SA/3 Mobile Safari/537.36"
188.165.52.21 www.nougat-bb.be - [03/Feb/2024:23:44:30 +0100] "POST /wp-cron.php?doing_wp_cron=1707000270.6584410667419433593750 HTTP/1.1" 200 0 "-" "WordPress/6.4.3; http://www.nougat-bb.be"
109.197.199.22 www.nougat-bb.be - [03/Feb/2024:23:44:30 +0100] "GET / HTTP/1.1" 200 87673 "-" "Mozilla/5.0 (compatible; Googlebot/2.1; +http://www.google.com/bot.html)"
185.191.171.14 www.nougat-bb.be - [04/Feb/2024:09:14:13 +0100] "GET /robots.txt HTTP/1.1" 404 341 "-" "Mozilla/5.0 (compatible; SemrushBot/7~bl; +http://www.semrush.com/bot.html)"
188.165.52.21 www.nougat-bb.be - [04/Feb/2024:09:14:13 +0100] "POST /wp-cron.php?doing_wp_cron=1707034453.6571750640869140625000 HTTP/1.1" 200 0 "-" "WordPress/6.4.3; http://www.nougat-bb.be"
85.208.96.207 www.nougat-bb.be - [04/Feb/2024:09:14:13 +0100] "GET /index.php/contact-us/ HTTP/1.1" 200 87068 "-" "Mozilla/5.0 (compatible; SemrushBot/7~bl; +http://www.semrush.com/bot.html)"
65.21.197.13 www.nougat-bb.be - [04/Feb/2024:14:12:52 +0100] "GET /robots.txt HTTP/1.1" 404 341 "-" "Mozilla/5.0 (compatible; SeekportBot; +https://bot.seekport.com)"
65.21.197.13 www.nougat-bb.be - [04/Feb/2024:14:12:52 +0100] "GET /robots.txt HTTP/1.1" 404 341 "-" "Mozilla/5.0 (compatible; SeekportBot; +https://bot.seekport.com)"
188.165.52.21 www.nougat-bb.be - [04/Feb/2024:14:12:53 +0100] "POST /wp-cron.php?doing_wp_cron=1707052373.9603700637817382812500 HTTP/1.1" 200 0 "-" "WordPress/6.4.3; http://www.nougat-bb.be"
65.21.197.13 www.nougat-bb.be - [04/Feb/2024:14:12:53 +0100] "GET / HTTP/1.1" 200 87673 "-" "Mozilla/5.0 (compatible; SeekportBot; +https://bot.seekport.com)"
65.21.197.13 www.nougat-bb.be - [04/Feb/2024:14:12:55 +0100] "GET / HTTP/1.1" 200 87673 "http://www.nougat-bb.be/" "Mozilla/5.0 (compatible; SeekportBot; +https://bot.seekport.com)"
65.21.197.13 www.nougat-bb.be - [04/Feb/2024:14:12:55 +0100] "GET /index.php/fabrication/ HTTP/1.1" 200 80840 "http://www.nougat-bb.be/" "Mozilla/5.0 (compatible; SeekportBot; +https://bot.seekport.com)"
65.21.197.13 www.nougat-bb.be - [04/Feb/2024:14:12:55 +0100] "GET /index.php/contact-us/ HTTP/1.1" 200 87068 "http://www.nougat-bb.be/" "Mozilla/5.0 (compatible; SeekportBot; +https://bot.seekport.com)"
40.77.167.93 www.nougat-bb.be - [05/Feb/2024:06:41:35 +0100] "GET /robots.txt HTTP/1.1" 404 341 "-" "Mozilla/5.0 AppleWebKit/537.36 (KHTML, like Gecko; compatible; bingbot/2.0; +http://www.bing.com/bingbot.htm) Chrome/116.0.1938.76 Safari/537.36"
188.165.52.21 www.nougat-bb.be - [05/Feb/2024:06:41:45 +0100] "POST /wp-cron.php?doing_wp_cron=1707111706.0469229221343994140625 HTTP/1.1" 200 0 "-" "WordPress/6.4.3; http://www.nougat-bb.be"
52.167.144.25 www.nougat-bb.be - [05/Feb/2024:06:41:45 +0100] "GET / HTTP/1.1" 200 87673 "-" "Mozilla/5.0 AppleWebKit/537.36 (KHTML, like Gecko; compatible; bingbot/2.0; +http://www.bing.com/bingbot.htm) Chrome/116.0.1938.76 Safari/537.36"
188.165.52.21 www.nougat-bb.be - [05/Feb/2024:15:33:29 +0100] "POST /wp-cron.php?doing_wp_cron=1707143609.3163199424743652343750 HTTP/1.1" 200 0 "-" "WordPress/6.4.3; http://www.nougat-bb.be"
52.167.144.205 www.nougat-bb.be - [05/Feb/2024:15:33:29 +0100] "GET /?s=2023 HTTP/1.1" 200 79634 "-" "Mozilla/5.0 AppleWebKit/537.36 (KHTML, like Gecko; compatible; bingbot/2.0; +http://www.bing.com/bingbot.htm) Chrome/116.0.1938.76 Safari/537.36"
66.249.66.164 www.nougat-bb.be - [05/Feb/2024:18:21:09 +0100] "GET /robots.txt HTTP/1.1" 404 341 "-" "Mozilla/5.0 (compatible; Googlebot/2.1; +http://www.google.com/bot.html)"
188.165.52.21 www.nougat-bb.be - [05/Feb/2024:18:21:10 +0100] "POST /wp-cron.php?doing_wp_cron=1707153670.3239729404449462890625 HTTP/1.1" 200 0 "-" "WordPress/6.4.3; http://www.nougat-bb.be"
66.249.66.164 www.nougat-bb.be - [05/Feb/2024:18:21:10 +0100] "GET /index.php/fabrication/ HTTP/1.1" 200 80840 "-" "Mozilla/5.0 (Linux; Android 6.0.1; Nexus 5X Build/MMB29P) AppleWebKit/537.36 (KHTML, like Gecko) Chrome/121.0.6167.85 Mobile Safari/537.36 (compatible; Googlebot/2.1; +http://www.google.com/bot.html)"
66.249.66.164 www.nougat-bb.be - [05/Feb/2024:18:21:33 +0100] "GET /wp-content/themes/betheme/betheme/assets/prettyPhoto/prettyPhoto.css?ver=14.7 HTTP/1.1" 200 18388 "http://www.nougat-bb.be/index.php/fabrication/" "Mozilla/5.0 (Linux; Android 6.0.1; Nexus 5X Build/MMB29P) AppleWebKit/537.36 (KHTML, like Gecko) Chrome/121.0.6167.85 Mobile Safari/537.36 (compatible; Googlebot/2.1; +http://www.google.com/bot.html)"
66.249.66.164 www.nougat-bb.be - [05/Feb/2024:18:21:34 +0100] "GET /wp-includes/js/jquery/ui/mouse.min.js?ver=1.13.2 HTTP/1.1" 200 3402 "http://www.nougat-bb.be/index.php/fabrication/" "Mozilla/5.0 (Linux; Android 6.0.1; Nexus 5X Build/MMB29P) AppleWebKit/537.36 (KHTML, like Gecko) Chrome/121.0.6167.85 Mobile Safari/537.36 (compatible; Googlebot/2.1; +http://www.google.com/bot.html)"
66.249.66.164 www.nougat-bb.be - [05/Feb/2024:18:21:34 +0100] "GET /wp-content/plugins/contact-form-7/includes/swv/js/index.js?ver=5.8.5 HTTP/1.1" 200 11117 "http://www.nougat-bb.be/index.php/fabrication/" "Mozilla/5.0 (Linux; Android 6.0.1; Nexus 5X Build/MMB29P) AppleWebKit/537.36 (KHTML, like Gecko) Chrome/121.0.6167.85 Mobile Safari/537.36 (compatible; Googlebot/2.1; +http://www.google.com/bot.html)"
66.249.66.165 www.nougat-bb.be - [05/Feb/2024:18:21:34 +0100] "GET /wp-includes/js/jquery/jquery-migrate.min.js?ver=3.4.1 HTTP/1.1" 200 13577 "http://www.nougat-bb.be/index.php/fabrication/" "Mozilla/5.0 (Linux; Android 6.0.1; Nexus 5X Build/MMB29P) AppleWebKit/537.36 (KHTML, like Gecko) Chrome/121.0.6167.85 Mobile Safari/537.36 (compatible; Googlebot/2.1; +http://www.google.com/bot.html)"
66.249.66.164 www.nougat-bb.be - [05/Feb/2024:18:21:35 +0100] "GET /wp-content/themes/betheme/betheme/assets/animations/animations.min.css?ver=14.7 HTTP/1.1" 200 58508 "http://www.nougat-bb.be/index.php/fabrication/" "Mozilla/5.0 (Linux; Android 6.0.1; Nexus 5X Build/MMB29P) AppleWebKit/537.36 (KHTML, like Gecko) Chrome/121.0.6167.85 Mobile Safari/537.36 (compatible; Googlebot/2.1; +http://www.google.com/bot.html)"
66.249.66.165 www.nougat-bb.be - [05/Feb/2024:18:21:35 +0100] "GET /wp-includes/css/dist/block-library/style.min.css?ver=6.4.3 HTTP/1.1" 200 110147 "http://www.nougat-bb.be/index.php/fabrication/" "Mozilla/5.0 (Linux; Android 6.0.1; Nexus 5X Build/MMB29P) AppleWebKit/537.36 (KHTML, like Gecko) Chrome/121.0.6167.85 Mobile Safari/537.36 (compatible; Googlebot/2.1; +http://www.google.com/bot.html)"
66.249.66.164 www.nougat-bb.be - [05/Feb/2024:18:21:35 +0100] "GET /wp-includes/js/comment-reply.min.js?ver=6.4.3 HTTP/1.1" 200 2981 "http://www.nougat-bb.be/index.php/fabrication/" "Mozilla/5.0 (Linux; Android 6.0.1; Nexus 5X Build/MMB29P) AppleWebKit/537.36 (KHTML, like Gecko) Chrome/121.0.6167.85 Mobile Safari/537.36 (compatible; Googlebot/2.1; +http://www.google.com/bot.html)"
66.249.66.164 www.nougat-bb.be - [05/Feb/2024:18:21:49 +0100] "HEAD /wp-content/uploads/2016/09/Logo_small@2x.jpg HTTP/1.1" 404 0 "http://www.nougat-bb.be/index.php/fabrication/" "Mozilla/5.0 (Linux; Android 6.0.1; Nexus 5X Build/MMB29P) AppleWebKit/537.36 (KHTML, like Gecko) Chrome/121.0.6167.85 Mobile Safari/537.36 (compatible; Googlebot/2.1; +http://www.google.com/bot.html)"
66.249.66.164 www.nougat-bb.be - [05/Feb/2024:18:21:49 +0100] "HEAD /wp-content/uploads/2016/09/Logo_small@2x.jpg HTTP/1.1" 404 0 "http://www.nougat-bb.be/index.php/fabrication/" "Mozilla/5.0 (Linux; Android 6.0.1; Nexus 5X Build/MMB29P) AppleWebKit/537.36 (KHTML, like Gecko) Chrome/121.0.6167.85 Mobile Safari/537.36 (compatible; Googlebot/2.1; +http://www.google.com/bot.html)"
66.249.66.164 www.nougat-bb.be - [05/Feb/2024:18:21:51 +0100] "HEAD /wp-content/uploads/2016/09/Logo_small@2x.jpg HTTP/1.1" 404 0 "http://www.nougat-bb.be/index.php/fabrication/" "Mozilla/5.0 (Linux; Android 6.0.1; Nexus 5X Build/MMB29P) AppleWebKit/537.36 (KHTML, like Gecko) Chrome/121.0.6167.85 Mobile Safari/537.36 (compatible; Googlebot/2.1; +http://www.google.com/bot.html)"
66.249.66.165 www.nougat-bb.be - [05/Feb/2024:18:22:02 +0100] "GET /favicon.ico HTTP/1.1" 404 341 "-" "Googlebot-Image/1.0"
66.249.66.166 www.nougat-bb.be - [05/Feb/2024:18:22:03 +0100] "GET /wp-content/themes/betheme/betheme/images/favicon.ico HTTP/1.1" 200 5430 "-" "Googlebot-Image/1.0"
188.165.52.21 www.nougat-bb.be - [05/Feb/2024:21:27:13 +0100] "POST /wp-cron.php?doing_wp_cron=1707164833.6506640911102294921875 HTTP/1.1" 200 0 "-" "WordPress/6.4.3; http://www.nougat-bb.be"
66.249.66.165 www.nougat-bb.be - [05/Feb/2024:21:27:13 +0100] "GET / HTTP/1.1" 200 87673 "-" "Mozilla/5.0 (Linux; Android 6.0.1; Nexus 5X Build/MMB29P) AppleWebKit/537.36 (KHTML, like Gecko) Chrome/121.0.6167.85 Mobile Safari/537.36 (compatible; Googlebot/2.1; +http://www.google.com/bot.html)"
66.249.66.164 www.nougat-bb.be - [05/Feb/2024:21:27:14 +0100] "GET /wp-content/themes/betheme/betheme/css/responsive.css?ver=14.7 HTTP/1.1" 200 51251 "http://www.nougat-bb.be/" "Mozilla/5.0 (Linux; Android 6.0.1; Nexus 5X Build/MMB29P) AppleWebKit/537.36 (KHTML, like Gecko) Chrome/121.0.6167.85 Mobile Safari/537.36 (compatible; Googlebot/2.1; +http://www.google.com/bot.html)"
66.249.66.165 www.nougat-bb.be - [05/Feb/2024:21:27:14 +0100] "GET /wp-content/themes/betheme/betheme/css/base.css?ver=14.7 HTTP/1.1" 200 49620 "http://www.nougat-bb.be/" "Mozilla/5.0 (Linux; Android 6.0.1; Nexus 5X Build/MMB29P) AppleWebKit/537.36 (KHTML, like Gecko) Chrome/121.0.6167.85 Mobile Safari/537.36 (compatible; Googlebot/2.1; +http://www.google.com/bot.html)"
66.249.66.164 www.nougat-bb.be - [05/Feb/2024:21:27:15 +0100] "GET /wp-content/themes/betheme/betheme/assets/jplayer/css/jplayer.blue.monday.css?ver=14.7 HTTP/1.1" 200 10145 "http://www.nougat-bb.be/" "Mozilla/5.0 (Linux; Android 6.0.1; Nexus 5X Build/MMB29P) AppleWebKit/537.36 (KHTML, like Gecko) Chrome/121.0.6167.85 Mobile Safari/537.36 (compatible; Googlebot/2.1; +http://www.google.com/bot.html)"
66.249.66.164 www.nougat-bb.be - [05/Feb/2024:21:27:15 +0100] "GET /wp-includes/js/jquery/jquery.min.js?ver=3.7.1 HTTP/1.1" 200 87553 "http://www.nougat-bb.be/" "Mozilla/5.0 (Linux; Android 6.0.1; Nexus 5X Build/MMB29P) AppleWebKit/537.36 (KHTML, like Gecko) Chrome/121.0.6167.85 Mobile Safari/537.36 (compatible; Googlebot/2.1; +http://www.google.com/bot.html)"
66.249.66.164 www.nougat-bb.be - [05/Feb/2024:21:27:16 +0100] "GET /wp-content/plugins/contact-form-7/includes/js/index.js?ver=5.8.5 HTTP/1.1" 200 13182 "http://www.nougat-bb.be/" "Mozilla/5.0 (Linux; Android 6.0.1; Nexus 5X Build/MMB29P) AppleWebKit/537.36 (KHTML, like Gecko) Chrome/121.0.6167.85 Mobile Safari/537.36 (compatible; Googlebot/2.1; +http://www.google.com/bot.html)"
66.249.66.166 www.nougat-bb.be - [05/Feb/2024:21:27:16 +0100] "GET /wp-content/plugins/contact-form-7/includes/swv/js/index.js?ver=5.8.5 HTTP/1.1" 200 11117 "http://www.nougat-bb.be/" "Mozilla/5.0 (Linux; Android 6.0.1; Nexus 5X Build/MMB29P) AppleWebKit/537.36 (KHTML, like Gecko) Chrome/121.0.6167.85 Mobile Safari/537.36 (compatible; Googlebot/2.1; +http://www.google.com/bot.html)"
66.249.66.164 www.nougat-bb.be - [05/Feb/2024:21:27:19 +0100] "GET /wp-content/themes/betheme/betheme/js/parallax/translate3d.js?ver=14.7 HTTP/1.1" 200 6715 "http://www.nougat-bb.be/" "Mozilla/5.0 (Linux; Android 6.0.1; Nexus 5X Build/MMB29P) AppleWebKit/537.36 (KHTML, like Gecko) Chrome/121.0.6167.85 Mobile Safari/537.36 (compatible; Googlebot/2.1; +http://www.google.com/bot.html)"
66.249.66.164 www.nougat-bb.be - [05/Feb/2024:21:27:20 +0100] "HEAD /wp-content/uploads/2016/09/Logo_small@2x.jpg HTTP/1.1" 404 0 "http://www.nougat-bb.be/" "Mozilla/5.0 (Linux; Android 6.0.1; Nexus 5X Build/MMB29P) AppleWebKit/537.36 (KHTML, like Gecko) Chrome/121.0.6167.85 Mobile Safari/537.36 (compatible; Googlebot/2.1; +http://www.google.com/bot.html)"
66.249.66.164 www.nougat-bb.be - [05/Feb/2024:21:27:21 +0100] "HEAD /wp-content/uploads/2016/09/Logo_small@2x.jpg HTTP/1.1" 404 0 "http://www.nougat-bb.be/" "Mozilla/5.0 (Linux; Android 6.0.1; Nexus 5X Build/MMB29P) AppleWebKit/537.36 (KHTML, like Gecko) Chrome/121.0.6167.85 Mobile Safari/537.36 (compatible; Googlebot/2.1; +http://www.google.com/bot.html)"
66.249.66.165 www.nougat-bb.be - [05/Feb/2024:21:27:21 +0100] "HEAD /wp-content/uploads/2016/02/bruine-amandelen_home@2x.jpg HTTP/1.1" 404 0 "http://www.nougat-bb.be/" "Mozilla/5.0 (Linux; Android 6.0.1; Nexus 5X Build/MMB29P) AppleWebKit/537.36 (KHTML, like Gecko) Chrome/121.0.6167.85 Mobile Safari/537.36 (compatible; Googlebot/2.1; +http://www.google.com/bot.html)"
66.249.66.164 www.nougat-bb.be - [05/Feb/2024:21:27:21 +0100] "HEAD /wp-content/uploads/2016/02/home_tea_sep@2x.png HTTP/1.1" 404 0 "http://www.nougat-bb.be/" "Mozilla/5.0 (Linux; Android 6.0.1; Nexus 5X Build/MMB29P) AppleWebKit/537.36 (KHTML, like Gecko) Chrome/121.0.6167.85 Mobile Safari/537.36 (compatible; Googlebot/2.1; +http://www.google.com/bot.html)"
66.249.66.164 www.nougat-bb.be - [05/Feb/2024:21:27:23 +0100] "HEAD /wp-content/uploads/2016/02/home_tea_sep3@2x.png HTTP/1.1" 404 0 "http://www.nougat-bb.be/" "Mozilla/5.0 (Linux; Android 6.0.1; Nexus 5X Build/MMB29P) AppleWebKit/537.36 (KHTML, like Gecko) Chrome/121.0.6167.85 Mobile Safari/537.36 (compatible; Googlebot/2.1; +http://www.google.com/bot.html)"
66.249.66.165 www.nougat-bb.be - [05/Feb/2024:21:27:23 +0100] "HEAD /wp-content/uploads/2016/02/home_tea_sep@2x.png HTTP/1.1" 404 0 "http://www.nougat-bb.be/" "Mozilla/5.0 (Linux; Android 6.0.1; Nexus 5X Build/MMB29P) AppleWebKit/537.36 (KHTML, like Gecko) Chrome/121.0.6167.85 Mobile Safari/537.36 (compatible; Googlebot/2.1; +http://www.google.com/bot.html)"
66.249.66.165 www.nougat-bb.be - [05/Feb/2024:21:27:24 +0100] "HEAD /wp-content/uploads/2016/09/Logo_small@2x.jpg HTTP/1.1" 404 0 "http://www.nougat-bb.be/" "Mozilla/5.0 (Linux; Android 6.0.1; Nexus 5X Build/MMB29P) AppleWebKit/537.36 (KHTML, like Gecko) Chrome/121.0.6167.85 Mobile Safari/537.36 (compatible; Googlebot/2.1; +http://www.google.com/bot.html)"
66.249.66.164 www.nougat-bb.be - [05/Feb/2024:21:27:24 +0100] "HEAD /wp-content/uploads/2016/02/home_tea_sep@2x.png HTTP/1.1" 404 0 "http://www.nougat-bb.be/" "Mozilla/5.0 (Linux; Android 6.0.1; Nexus 5X Build/MMB29P) AppleWebKit/537.36 (KHTML, like Gecko) Chrome/121.0.6167.85 Mobile Safari/537.36 (compatible; Googlebot/2.1; +http://www.google.com/bot.html)"
66.249.66.164 www.nougat-bb.be - [05/Feb/2024:21:27:24 +0100] "HEAD /wp-content/uploads/2016/02/home_tea_sep4@2x.png HTTP/1.1" 404 0 "http://www.nougat-bb.be/" "Mozilla/5.0 (Linux; Android 6.0.1; Nexus 5X Build/MMB29P) AppleWebKit/537.36 (KHTML, like Gecko) Chrome/121.0.6167.85 Mobile Safari/537.36 (compatible; Googlebot/2.1; +http://www.google.com/bot.html)"
66.249.66.164 www.nougat-bb.be - [05/Feb/2024:21:27:24 +0100] "HEAD /wp-content/uploads/2016/02/hazelnoten_home@2x.jpg HTTP/1.1" 404 0 "http://www.nougat-bb.be/" "Mozilla/5.0 (Linux; Android 6.0.1; Nexus 5X Build/MMB29P) AppleWebKit/537.36 (KHTML, like Gecko) Chrome/121.0.6167.85 Mobile Safari/537.36 (compatible; Googlebot/2.1; +http://www.google.com/bot.html)"
66.249.66.164 www.nougat-bb.be - [05/Feb/2024:21:27:25 +0100] "HEAD /wp-content/uploads/2016/02/home_tea_sep2@2x.png HTTP/1.1" 404 0 "http://www.nougat-bb.be/" "Mozilla/5.0 (Linux; Android 6.0.1; Nexus 5X Build/MMB29P) AppleWebKit/537.36 (KHTML, like Gecko) Chrome/121.0.6167.85 Mobile Safari/537.36 (compatible; Googlebot/2.1; +http://www.google.com/bot.html)"
66.249.66.164 www.nougat-bb.be - [05/Feb/2024:21:27:25 +0100] "HEAD /wp-content/uploads/2016/02/miel@2x.jpg HTTP/1.1" 404 0 "http://www.nougat-bb.be/" "Mozilla/5.0 (Linux; Android 6.0.1; Nexus 5X Build/MMB29P) AppleWebKit/537.36 (KHTML, like Gecko) Chrome/121.0.6167.85 Mobile Safari/537.36 (compatible; Googlebot/2.1; +http://www.google.com/bot.html)"
66.249.66.164 www.nougat-bb.be - [05/Feb/2024:21:27:26 +0100] "HEAD /wp-content/uploads/2016/02/process@2x.jpg HTTP/1.1" 404 0 "http://www.nougat-bb.be/" "Mozilla/5.0 (Linux; Android 6.0.1; Nexus 5X Build/MMB29P) AppleWebKit/537.36 (KHTML, like Gecko) Chrome/121.0.6167.85 Mobile Safari/537.36 (compatible; Googlebot/2.1; +http://www.google.com/bot.html)"
188.165.52.21 www.nougat-bb.be - [05/Feb/2024:23:53:34 +0100] "POST /wp-cron.php?doing_wp_cron=1707173615.1183791160583496093750 HTTP/1.1" 200 0 "-" "WordPress/6.4.3; http://www.nougat-bb.be"
52.167.144.189 www.nougat-bb.be - [05/Feb/2024:23:53:34 +0100] "GET /?s= HTTP/1.1" 200 79610 "-" "Mozilla/5.0 AppleWebKit/537.36 (KHTML, like Gecko; compatible; bingbot/2.0; +http://www.bing.com/bingbot.htm) Chrome/116.0.1938.76 Safari/537.36"
188.165.52.21 www.nougat-bb.be - [06/Feb/2024:05:13:04 +0100] "POST /wp-cron.php?doing_wp_cron=1707192785.4970819950103759765625 HTTP/1.1" 200 0 "-" "WordPress/6.4.3; http://www.nougat-bb.be"
52.167.144.204 www.nougat-bb.be - [06/Feb/2024:05:13:04 +0100] "GET / HTTP/1.1" 200 87673 "-" "Mozilla/5.0 AppleWebKit/537.36 (KHTML, like Gecko; compatible; bingbot/2.0; +http://www.bing.com/bingbot.htm) Chrome/116.0.1938.76 Safari/537.36"
52.167.144.176 www.nougat-bb.be - [06/Feb/2024:05:13:29 +0100] "GET /wp-content/plugins/LayerSlider/static/js/layerslider.kreaturamedia.jquery.js?ver=5.6.9 HTTP/1.1" 200 54713 "-" "Mozilla/5.0 AppleWebKit/537.36 (KHTML, like Gecko; compatible; bingbot/2.0; +http://www.bing.com/bingbot.htm) Chrome/116.0.1938.76 Safari/537.36"
52.167.144.176 www.nougat-bb.be - [06/Feb/2024:05:13:30 +0100] "GET /wp-content/plugins/contact-form-7/includes/css/styles.css?ver=5.8.5 HTTP/1.1" 200 2894 "-" "Mozilla/5.0 AppleWebKit/537.36 (KHTML, like Gecko; compatible; bingbot/2.0; +http://www.bing.com/bingbot.htm) Chrome/116.0.1938.76 Safari/537.36"
52.167.144.176 www.nougat-bb.be - [06/Feb/2024:05:13:30 +0100] "GET /wp-content/plugins/contact-form-7/includes/js/index.js?ver=5.8.5 HTTP/1.1" 200 13182 "-" "Mozilla/5.0 AppleWebKit/537.36 (KHTML, like Gecko; compatible; bingbot/2.0; +http://www.bing.com/bingbot.htm) Chrome/116.0.1938.76 Safari/537.36"
52.167.144.176 www.nougat-bb.be - [06/Feb/2024:05:13:30 +0100] "GET /wp-content/themes/betheme/betheme/assets/jplayer/css/jplayer.blue.monday.css?ver=14.7 HTTP/1.1" 200 10145 "-" "Mozilla/5.0 AppleWebKit/537.36 (KHTML, like Gecko; compatible; bingbot/2.0; +http://www.bing.com/bingbot.htm) Chrome/116.0.1938.76 Safari/537.36"
52.167.144.176 www.nougat-bb.be - [06/Feb/2024:05:13:30 +0100] "GET /wp-content/themes/betheme/betheme/assets/prettyPhoto/prettyPhoto.css?ver=14.7 HTTP/1.1" 200 18388 "-" "Mozilla/5.0 AppleWebKit/537.36 (KHTML, like Gecko; compatible; bingbot/2.0; +http://www.bing.com/bingbot.htm) Chrome/116.0.1938.76 Safari/537.36"
52.167.144.176 www.nougat-bb.be - [06/Feb/2024:05:13:31 +0100] "GET /wp-content/themes/betheme/betheme/css/base.css?ver=14.7 HTTP/1.1" 200 49620 "-" "Mozilla/5.0 AppleWebKit/537.36 (KHTML, like Gecko; compatible; bingbot/2.0; +http://www.bing.com/bingbot.htm) Chrome/116.0.1938.76 Safari/537.36"
52.167.144.176 www.nougat-bb.be - [06/Feb/2024:05:13:31 +0100] "GET /wp-content/themes/betheme/betheme/js/parallax/translate3d.js?ver=14.7 HTTP/1.1" 200 6715 "-" "Mozilla/5.0 AppleWebKit/537.36 (KHTML, like Gecko; compatible; bingbot/2.0; +http://www.bing.com/bingbot.htm) Chrome/116.0.1938.76 Safari/537.36"
52.167.144.176 www.nougat-bb.be - [06/Feb/2024:05:13:31 +0100] "GET /wp-includes/js/comment-reply.min.js?ver=6.4.3 HTTP/1.1" 200 2981 "-" "Mozilla/5.0 AppleWebKit/537.36 (KHTML, like Gecko; compatible; bingbot/2.0; +http://www.bing.com/bingbot.htm) Chrome/116.0.1938.76 Safari/537.36"
52.167.144.176 www.nougat-bb.be - [06/Feb/2024:05:13:31 +0100] "GET /wp-includes/js/jquery/jquery.min.js?ver=3.7.1 HTTP/1.1" 200 87553 "-" "Mozilla/5.0 AppleWebKit/537.36 (KHTML, like Gecko; compatible; bingbot/2.0; +http://www.bing.com/bingbot.htm) Chrome/116.0.1938.76 Safari/537.36"
52.167.144.176 www.nougat-bb.be - [06/Feb/2024:05:13:32 +0100] "GET /wp-includes/js/jquery/ui/sortable.min.js?ver=1.13.2 HTTP/1.1" 200 25449 "-" "Mozilla/5.0 AppleWebKit/537.36 (KHTML, like Gecko; compatible; bingbot/2.0; +http://www.bing.com/bingbot.htm) Chrome/116.0.1938.76 Safari/537.36"
52.167.144.176 www.nougat-bb.be - [06/Feb/2024:05:13:32 +0100] "GET /wp-includes/js/jquery/ui/accordion.min.js?ver=1.13.2 HTTP/1.1" 200 8814 "-" "Mozilla/5.0 AppleWebKit/537.36 (KHTML, like Gecko; compatible; bingbot/2.0; +http://www.bing.com/bingbot.htm) Chrome/116.0.1938.76 Safari/537.36"
52.167.144.176 www.nougat-bb.be - [06/Feb/2024:05:13:32 +0100] "GET /wp-includes/js/jquery/ui/tabs.min.js?ver=1.13.2 HTTP/1.1" 200 11937 "-" "Mozilla/5.0 AppleWebKit/537.36 (KHTML, like Gecko; compatible; bingbot/2.0; +http://www.bing.com/bingbot.htm) Chrome/116.0.1938.76 Safari/537.36"
207.46.13.14 www.nougat-bb.be - [06/Feb/2024:05:13:41 +0100] "GET /wp-content/plugins/LayerSlider/static/js/greensock.js?ver=1.11.8 HTTP/1.1" 200 59709 "-" "Mozilla/5.0 AppleWebKit/537.36 (KHTML, like Gecko; compatible; bingbot/2.0; +http://www.bing.com/bingbot.htm) Chrome/116.0.1938.76 Safari/537.36"
207.46.13.14 www.nougat-bb.be - [06/Feb/2024:05:13:42 +0100] "GET /wp-content/plugins/LayerSlider/static/js/layerslider.transitions.js?ver=5.6.9 HTTP/1.1" 200 21096 "-" "Mozilla/5.0 AppleWebKit/537.36 (KHTML, like Gecko; compatible; bingbot/2.0; +http://www.bing.com/bingbot.htm) Chrome/116.0.1938.76 Safari/537.36"
207.46.13.14 www.nougat-bb.be - [06/Feb/2024:05:13:42 +0100] "GET /wp-content/themes/betheme/betheme/assets/animations/animations.min.css?ver=14.7 HTTP/1.1" 200 58508 "-" "Mozilla/5.0 AppleWebKit/537.36 (KHTML, like Gecko; compatible; bingbot/2.0; +http://www.bing.com/bingbot.htm) Chrome/116.0.1938.76 Safari/537.36"
207.46.13.14 www.nougat-bb.be - [06/Feb/2024:05:13:42 +0100] "GET /wp-content/themes/betheme/betheme/assets/animations/animations.min.js?ver=14.7 HTTP/1.1" 200 1896 "-" "Mozilla/5.0 AppleWebKit/537.36 (KHTML, like Gecko; compatible; bingbot/2.0; +http://www.bing.com/bingbot.htm) Chrome/116.0.1938.76 Safari/537.36"
207.46.13.14 www.nougat-bb.be - [06/Feb/2024:05:13:42 +0100] "GET /wp-content/themes/betheme/betheme/css/layout.css?ver=14.7 HTTP/1.1" 200 109170 "-" "Mozilla/5.0 AppleWebKit/537.36 (KHTML, like Gecko; compatible; bingbot/2.0; +http://www.bing.com/bingbot.htm) Chrome/116.0.1938.76 Safari/537.36"
207.46.13.14 www.nougat-bb.be - [06/Feb/2024:05:13:43 +0100] "GET /wp-content/themes/betheme/betheme/css/responsive.css?ver=14.7 HTTP/1.1" 200 51251 "-" "Mozilla/5.0 AppleWebKit/537.36 (KHTML, like Gecko; compatible; bingbot/2.0; +http://www.bing.com/bingbot.htm) Chrome/116.0.1938.76 Safari/537.36"
207.46.13.14 www.nougat-bb.be - [06/Feb/2024:05:13:43 +0100] "GET /wp-content/themes/betheme/betheme/css/shortcodes.css?ver=14.7 HTTP/1.1" 200 129633 "-" "Mozilla/5.0 AppleWebKit/537.36 (KHTML, like Gecko; compatible; bingbot/2.0; +http://www.bing.com/bingbot.htm) Chrome/116.0.1938.76 Safari/537.36"
207.46.13.14 www.nougat-bb.be - [06/Feb/2024:05:13:43 +0100] "GET /wp-includes/css/dist/block-library/style.min.css?ver=6.4.3 HTTP/1.1" 200 110147 "-" "Mozilla/5.0 AppleWebKit/537.36 (KHTML, like Gecko; compatible; bingbot/2.0; +http://www.bing.com/bingbot.htm) Chrome/116.0.1938.76 Safari/537.36"
207.46.13.14 www.nougat-bb.be - [06/Feb/2024:05:13:45 +0100] "GET /wp-includes/js/jquery/jquery-migrate.min.js?ver=3.4.1 HTTP/1.1" 200 13577 "-" "Mozilla/5.0 AppleWebKit/537.36 (KHTML, like Gecko; compatible; bingbot/2.0; +http://www.bing.com/bingbot.htm) Chrome/116.0.1938.76 Safari/537.36"
207.46.13.14 www.nougat-bb.be - [06/Feb/2024:05:13:45 +0100] "GET /wp-includes/js/wp-emoji-release.min.js?ver=6.4.3 HTTP/1.1" 200 18692 "-" "Mozilla/5.0 AppleWebKit/537.36 (KHTML, like Gecko; compatible; bingbot/2.0; +http://www.bing.com/bingbot.htm) Chrome/116.0.1938.76 Safari/537.36"
40.77.167.68 www.nougat-bb.be - [06/Feb/2024:05:13:51 +0100] "GET /wp-content/plugins/LayerSlider/static/css/layerslider.css?ver=5.6.9 HTTP/1.1" 200 15709 "-" "Mozilla/5.0 AppleWebKit/537.36 (KHTML, like Gecko; compatible; bingbot/2.0; +http://www.bing.com/bingbot.htm) Chrome/116.0.1938.76 Safari/537.36"
40.77.167.68 www.nougat-bb.be - [06/Feb/2024:05:13:52 +0100] "GET /wp-content/plugins/contact-form-7/includes/swv/js/index.js?ver=5.8.5 HTTP/1.1" 200 11117 "-" "Mozilla/5.0 AppleWebKit/537.36 (KHTML, like Gecko; compatible; bingbot/2.0; +http://www.bing.com/bingbot.htm) Chrome/116.0.1938.76 Safari/537.36"
40.77.167.68 www.nougat-bb.be - [06/Feb/2024:05:13:52 +0100] "GET /wp-content/themes/betheme/betheme/assets/jplayer/jplayer.min.js?ver=14.7 HTTP/1.1" 200 52702 "-" "Mozilla/5.0 AppleWebKit/537.36 (KHTML, like Gecko; compatible; bingbot/2.0; +http://www.bing.com/bingbot.htm) Chrome/116.0.1938.76 Safari/537.36"
40.77.167.68 www.nougat-bb.be - [06/Feb/2024:05:13:52 +0100] "GET /wp-content/themes/betheme/betheme/assets/ui/jquery.ui.all.css?ver=14.7 HTTP/1.1" 200 19611 "-" "Mozilla/5.0 AppleWebKit/537.36 (KHTML, like Gecko; compatible; bingbot/2.0; +http://www.bing.com/bingbot.htm) Chrome/116.0.1938.76 Safari/537.36"
40.77.167.68 www.nougat-bb.be - [06/Feb/2024:05:13:53 +0100] "GET /wp-content/themes/betheme/betheme/js/menu.js?ver=14.7 HTTP/1.1" 200 2451 "-" "Mozilla/5.0 AppleWebKit/537.36 (KHTML, like Gecko; compatible; bingbot/2.0; +http://www.bing.com/bingbot.htm) Chrome/116.0.1938.76 Safari/537.36"
40.77.167.68 www.nougat-bb.be - [06/Feb/2024:05:13:53 +0100] "GET /wp-content/themes/betheme/betheme/js/plugins.js?ver=14.7 HTTP/1.1" 200 220551 "-" "Mozilla/5.0 AppleWebKit/537.36 (KHTML, like Gecko; compatible; bingbot/2.0; +http://www.bing.com/bingbot.htm) Chrome/116.0.1938.76 Safari/537.36"
40.77.167.68 www.nougat-bb.be - [06/Feb/2024:05:13:53 +0100] "GET /wp-content/themes/betheme/betheme/js/scripts.js?ver=14.7 HTTP/1.1" 200 61775 "-" "Mozilla/5.0 AppleWebKit/537.36 (KHTML, like Gecko; compatible; bingbot/2.0; +http://www.bing.com/bingbot.htm) Chrome/116.0.1938.76 Safari/537.36"
40.77.167.68 www.nougat-bb.be - [06/Feb/2024:05:13:53 +0100] "GET /wp-content/themes/betheme/betheme/style.css?ver=14.7 HTTP/1.1" 200 282 "-" "Mozilla/5.0 AppleWebKit/537.36 (KHTML, like Gecko; compatible; bingbot/2.0; +http://www.bing.com/bingbot.htm) Chrome/116.0.1938.76 Safari/537.36"
40.77.167.68 www.nougat-bb.be - [06/Feb/2024:05:13:55 +0100] "GET /wp-includes/js/jquery/ui/core.min.js?ver=1.13.2 HTTP/1.1" 200 21438 "-" "Mozilla/5.0 AppleWebKit/537.36 (KHTML, like Gecko; compatible; bingbot/2.0; +http://www.bing.com/bingbot.htm) Chrome/116.0.1938.76 Safari/537.36"
40.77.167.68 www.nougat-bb.be - [06/Feb/2024:05:13:55 +0100] "GET /wp-includes/js/jquery/ui/mouse.min.js?ver=1.13.2 HTTP/1.1" 200 3402 "-" "Mozilla/5.0 AppleWebKit/537.36 (KHTML, like Gecko; compatible; bingbot/2.0; +http://www.bing.com/bingbot.htm) Chrome/116.0.1938.76 Safari/537.36"
40.77.188.30 www.nougat-bb.be - [06/Feb/2024:05:29:27 +0100] "GET /wp-content/themes/betheme/betheme/fonts/mfn-icons.woff?12022314 HTTP/1.1" 200 80132 "-" "Mozilla/5.0 AppleWebKit/537.36 (KHTML, like Gecko; compatible; bingbot/2.0; +http://www.bing.com/bingbot.htm) Chrome/100.0.4896.127 Safari/537.36"
27.124.42.160 www.nougat-bb.be - [06/Feb/2024:07:20:28 +0100] "GET /zb_system/login.php HTTP/1.1" 404 341 "-" "python-requests/2.31.0"
27.124.44.37 www.nougat-bb.be - [06/Feb/2024:07:56:36 +0100] "GET /api.php?op=checkcode&code_len=4&font_size=20&width=130&height=50&font_color=&background= HTTP/1.1" 404 341 "-" "python-requests/2.31.0"
134.122.130.251 www.nougat-bb.be - [06/Feb/2024:07:57:49 +0100] "GET /admin.php HTTP/1.1" 404 341 "-" "python-requests/2.31.0"
134.122.130.251 www.nougat-bb.be - [06/Feb/2024:07:57:49 +0100] "GET /login.php?s=Admin/login HTTP/1.1" 404 341 "-" "python-requests/2.31.0"
216.83.52.5 www.nougat-bb.be - [06/Feb/2024:08:10:14 +0100] "GET /user.php?act=login HTTP/1.1" 404 341 "-" "python-requests/2.31.0"
27.124.41.145 www.nougat-bb.be - [06/Feb/2024:08:14:51 +0100] "GET /include/ckeditor/plugins/smiley/images/angel_smile.gif HTTP/1.1" 404 341 "http://www.nougat-bb.be/include/ckeditor/plugins/smiley/images/angel_smile.gif" "Mozilla/5.0 (Windows NT 10.0; Win64; x64) AppleWebKit/537.36 (KHTML, like Gecko) Chrome/83.0.4103.61 Safari/537.36"
27.124.41.145 www.nougat-bb.be - [06/Feb/2024:08:14:53 +0100] "GET /plus/ad_js.php HTTP/1.1" 404 341 "http://www.nougat-bb.be/plus/ad_js.php" "Mozilla/5.0 (Windows NT 10.0; Win64; x64) AppleWebKit/537.36 (KHTML, like Gecko) Chrome/83.0.4103.61 Safari/537.36"
27.124.41.145 www.nougat-bb.be - [06/Feb/2024:08:14:54 +0100] "GET /plus/flink_add.php HTTP/1.1" 404 341 "http://www.nougat-bb.be/plus/flink_add.php" "Mozilla/5.0 (Windows NT 10.0; Win64; x64) AppleWebKit/537.36 (KHTML, like Gecko) Chrome/83.0.4103.61 Safari/537.36"
27.124.44.37 www.nougat-bb.be - [06/Feb/2024:11:20:18 +0100] "GET /e/DownSys/play/images/top_l.gif HTTP/1.1" 404 341 "http://www.nougat-bb.be/e/DownSys/play/images/top_l.gif" "Mozilla/5.0 (Windows NT 10.0; Win64; x64) AppleWebKit/537.36 (KHTML, like Gecko) Chrome/83.0.4103.61 Safari/537.36"
27.124.44.37 www.nougat-bb.be - [06/Feb/2024:11:20:19 +0100] "GET /d/txt/test.txt HTTP/1.1" 404 341 "http://www.nougat-bb.be/d/txt/test.txt" "Mozilla/5.0 (Windows NT 10.0; Win64; x64) AppleWebKit/537.36 (KHTML, like Gecko) Chrome/83.0.4103.61 Safari/537.36"
27.124.44.37 www.nougat-bb.be - [06/Feb/2024:11:20:20 +0100] "GET /d/js/acmsd/close_o.gif HTTP/1.1" 404 341 "http://www.nougat-bb.be/d/js/acmsd/close_o.gif" "Mozilla/5.0 (Windows NT 10.0; Win64; x64) AppleWebKit/537.36 (KHTML, like Gecko) Chrome/83.0.4103.61 Safari/537.36"
27.124.44.37 www.nougat-bb.be - [06/Feb/2024:11:20:20 +0100] "GET /e/DoInfo/AddInfo.php HTTP/1.1" 404 341 "http://www.nougat-bb.be/e/DoInfo/AddInfo.php" "Mozilla/5.0 (Windows NT 10.0; Win64; x64) AppleWebKit/537.36 (KHTML, like Gecko) Chrome/83.0.4103.61 Safari/537.36"
114.119.155.223 www.nougat-bb.be - [06/Feb/2024:21:52:04 +0100] "GET /robots.txt HTTP/1.1" 404 341 "-" "Mozilla/5.0 (compatible;PetalBot;+https://webmaster.petalsearch.com/site/petalbot)"
66.249.66.164 www.nougat-bb.be - [06/Feb/2024:22:39:09 +0100] "GET /robots.txt HTTP/1.1" 404 341 "-" "Mozilla/5.0 (compatible; Googlebot/2.1; +http://www.google.com/bot.html)"
66.249.66.164 www.nougat-bb.be - [06/Feb/2024:22:39:09 +0100] "GET /wp-content/uploads/2016/02/hazelnoten_home.jpg HTTP/1.1" 304 0 "-" "Googlebot-Image/1.0"
188.165.52.21 www.nougat-bb.be - [07/Feb/2024:01:03:25 +0100] "POST /wp-cron.php?doing_wp_cron=1707264206.4642770290374755859375 HTTP/1.1" 200 0 "-" "WordPress/6.4.3; http://www.nougat-bb.be"
207.46.13.168 www.nougat-bb.be - [07/Feb/2024:01:03:25 +0100] "GET / HTTP/1.1" 200 87673 "-" "Mozilla/5.0 AppleWebKit/537.36 (KHTML, like Gecko; compatible; bingbot/2.0; +http://www.bing.com/bingbot.htm) Chrome/116.0.1938.76 Safari/537.36"
188.165.52.21 www.nougat-bb.be - [07/Feb/2024:01:52:58 +0100] "POST /wp-cron.php?doing_wp_cron=1707267179.4433739185333251953125 HTTP/1.1" 200 0 "-" "WordPress/6.4.3; http://www.nougat-bb.be"
40.77.167.25 www.nougat-bb.be - [07/Feb/2024:01:52:58 +0100] "GET /?s=2024 HTTP/1.1" 200 79634 "-" "Mozilla/5.0 AppleWebKit/537.36 (KHTML, like Gecko; compatible; bingbot/2.0; +http://www.bing.com/bingbot.htm) Chrome/116.0.1938.76 Safari/537.36"
66.249.66.164 www.nougat-bb.be - [07/Feb/2024:09:04:28 +0100] "GET /wp-content/uploads/2016/02/bruine-amandelen_home.jpg HTTP/1.1" 304 0 "-" "Googlebot-Image/1.0"
66.249.66.166 www.nougat-bb.be - [07/Feb/2024:10:27:29 +0100] "GET /wp-content/uploads/2016/02/hazelnoten_home.jpg HTTP/1.1" 304 0 "-" "Googlebot-Image/1.0"
40.77.167.93 www.nougat-bb.be - [07/Feb/2024:14:37:46 +0100] "GET /robots.txt HTTP/1.1" 404 341 "-" "Mozilla/5.0 AppleWebKit/537.36 (KHTML, like Gecko; compatible; bingbot/2.0; +http://www.bing.com/bingbot.htm) Chrome/116.0.1938.76 Safari/537.36"
188.165.52.21 www.nougat-bb.be - [07/Feb/2024:14:37:53 +0100] "POST /wp-cron.php?doing_wp_cron=1707313073.9175500869750976562500 HTTP/1.1" 200 0 "-" "WordPress/6.4.3; http://www.nougat-bb.be"
52.167.144.192 www.nougat-bb.be - [07/Feb/2024:14:37:53 +0100] "GET /?s= HTTP/1.1" 200 79610 "-" "Mozilla/5.0 AppleWebKit/537.36 (KHTML, like Gecko; compatible; bingbot/2.0; +http://www.bing.com/bingbot.htm) Chrome/116.0.1938.76 Safari/537.36"
66.249.66.166 www.nougat-bb.be - [08/Feb/2024:11:01:41 +0100] "GET /robots.txt HTTP/1.1" 404 341 "-" "Mozilla/5.0 (compatible; Googlebot/2.1; +http://www.google.com/bot.html)"
66.249.66.164 www.nougat-bb.be - [08/Feb/2024:11:01:41 +0100] "GET /wp-content/uploads/2016/02/bruine-amandelen_home.jpg HTTP/1.1" 304 0 "-" "Googlebot-Image/1.0"
66.249.66.166 www.nougat-bb.be - [08/Feb/2024:12:31:40 +0100] "GET /wp-content/uploads/2016/02/hazelnoten_home.jpg HTTP/1.1" 304 0 "-" "Googlebot-Image/1.0"
188.165.52.21 www.nougat-bb.be - [08/Feb/2024:21:48:02 +0100] "POST /wp-cron.php?doing_wp_cron=1707425281.9894590377807617187500 HTTP/1.1" 200 0 "-" "WordPress/6.4.3; http://www.nougat-bb.be"
66.249.66.166 www.nougat-bb.be - [08/Feb/2024:21:48:02 +0100] "GET / HTTP/1.1" 200 87673 "-" "Mozilla/5.0 (Linux; Android 6.0.1; Nexus 5X Build/MMB29P) AppleWebKit/537.36 (KHTML, like Gecko) Chrome/121.0.6167.85 Mobile Safari/537.36 (compatible; Googlebot/2.1; +http://www.google.com/bot.html)"
66.249.66.164 www.nougat-bb.be - [08/Feb/2024:21:48:03 +0100] "GET /wp-includes/css/dist/block-library/style.min.css?ver=6.4.3 HTTP/1.1" 200 110147 "http://www.nougat-bb.be/" "Mozilla/5.0 (Linux; Android 6.0.1; Nexus 5X Build/MMB29P) AppleWebKit/537.36 (KHTML, like Gecko) Chrome/121.0.6167.85 Mobile Safari/537.36 (compatible; Googlebot/2.1; +http://www.google.com/bot.html)"
66.249.66.165 www.nougat-bb.be - [08/Feb/2024:21:48:03 +0100] "GET /wp-content/plugins/LayerSlider/static/css/layerslider.css?ver=5.6.9 HTTP/1.1" 200 15709 "http://www.nougat-bb.be/" "Mozilla/5.0 (Linux; Android 6.0.1; Nexus 5X Build/MMB29P) AppleWebKit/537.36 (KHTML, like Gecko) Chrome/121.0.6167.85 Mobile Safari/537.36 (compatible; Googlebot/2.1; +http://www.google.com/bot.html)"
66.249.66.165 www.nougat-bb.be - [08/Feb/2024:21:48:04 +0100] "GET /wp-content/plugins/contact-form-7/includes/js/index.js?ver=5.8.5 HTTP/1.1" 200 13182 "http://www.nougat-bb.be/" "Mozilla/5.0 (Linux; Android 6.0.1; Nexus 5X Build/MMB29P) AppleWebKit/537.36 (KHTML, like Gecko) Chrome/121.0.6167.85 Mobile Safari/537.36 (compatible; Googlebot/2.1; +http://www.google.com/bot.html)"
66.249.66.164 www.nougat-bb.be - [08/Feb/2024:21:48:04 +0100] "GET /wp-content/themes/betheme/betheme/css/layout.css?ver=14.7 HTTP/1.1" 200 109170 "http://www.nougat-bb.be/" "Mozilla/5.0 (Linux; Android 6.0.1; Nexus 5X Build/MMB29P) AppleWebKit/537.36 (KHTML, like Gecko) Chrome/121.0.6167.85 Mobile Safari/537.36 (compatible; Googlebot/2.1; +http://www.google.com/bot.html)"
188.165.52.21 www.nougat-bb.be - [08/Feb/2024:21:48:05 +0100] "POST /wp-cron.php HTTP/1.1" 200 0 "-" "WordPress/6.4.3; http://www.nougat-bb.be"
66.249.66.164 www.nougat-bb.be - [08/Feb/2024:21:48:05 +0100] "GET /wp-content/plugins/contact-form-7/includes/swv/js/index.js?ver=5.8.5 HTTP/1.1" 200 11117 "http://www.nougat-bb.be/" "Mozilla/5.0 (Linux; Android 6.0.1; Nexus 5X Build/MMB29P) AppleWebKit/537.36 (KHTML, like Gecko) Chrome/121.0.6167.85 Mobile Safari/537.36 (compatible; Googlebot/2.1; +http://www.google.com/bot.html)"
188.165.52.21 www.nougat-bb.be - [08/Feb/2024:21:48:05 +0100] "GET / HTTP/1.1" 200 87673 "-" "WordPress/6.4.3; http://www.nougat-bb.be"
188.165.52.21 www.nougat-bb.be - [08/Feb/2024:21:48:05 +0100] "GET / HTTP/1.1" 200 87673 "-" "WordPress/6.4.3; http://www.nougat-bb.be"
188.165.52.21 www.nougat-bb.be - [08/Feb/2024:21:48:06 +0100] "GET / HTTP/1.1" 200 87673 "-" "WordPress/6.4.3; http://www.nougat-bb.be"
66.249.66.164 www.nougat-bb.be - [08/Feb/2024:21:48:06 +0100] "GET /wp-content/themes/betheme/betheme/assets/jplayer/css/jplayer.blue.monday.css?ver=14.7 HTTP/1.1" 200 10145 "http://www.nougat-bb.be/" "Mozilla/5.0 (Linux; Android 6.0.1; Nexus 5X Build/MMB29P) AppleWebKit/537.36 (KHTML, like Gecko) Chrome/121.0.6167.85 Mobile Safari/537.36 (compatible; Googlebot/2.1; +http://www.google.com/bot.html)"
66.249.66.164 www.nougat-bb.be - [08/Feb/2024:21:48:06 +0100] "GET /wp-content/plugins/contact-form-7/includes/css/styles.css?ver=5.8.5 HTTP/1.1" 200 2894 "http://www.nougat-bb.be/" "Mozilla/5.0 (Linux; Android 6.0.1; Nexus 5X Build/MMB29P) AppleWebKit/537.36 (KHTML, like Gecko) Chrome/121.0.6167.85 Mobile Safari/537.36 (compatible; Googlebot/2.1; +http://www.google.com/bot.html)"
66.249.66.164 www.nougat-bb.be - [08/Feb/2024:21:48:08 +0100] "GET /wp-content/themes/betheme/betheme/css/base.css?ver=14.7 HTTP/1.1" 200 49620 "http://www.nougat-bb.be/" "Mozilla/5.0 (Linux; Android 6.0.1; Nexus 5X Build/MMB29P) AppleWebKit/537.36 (KHTML, like Gecko) Chrome/121.0.6167.85 Mobile Safari/537.36 (compatible; Googlebot/2.1; +http://www.google.com/bot.html)"
66.249.66.164 www.nougat-bb.be - [08/Feb/2024:21:48:09 +0100] "GET /wp-content/themes/betheme/betheme/assets/prettyPhoto/prettyPhoto.css?ver=14.7 HTTP/1.1" 200 18388 "http://www.nougat-bb.be/" "Mozilla/5.0 (Linux; Android 6.0.1; Nexus 5X Build/MMB29P) AppleWebKit/537.36 (KHTML, like Gecko) Chrome/121.0.6167.85 Mobile Safari/537.36 (compatible; Googlebot/2.1; +http://www.google.com/bot.html)"
66.249.66.164 www.nougat-bb.be - [08/Feb/2024:21:48:10 +0100] "GET /wp-includes/js/jquery/jquery-migrate.min.js?ver=3.4.1 HTTP/1.1" 200 13577 "http://www.nougat-bb.be/" "Mozilla/5.0 (Linux; Android 6.0.1; Nexus 5X Build/MMB29P) AppleWebKit/537.36 (KHTML, like Gecko) Chrome/121.0.6167.85 Mobile Safari/537.36 (compatible; Googlebot/2.1; +http://www.google.com/bot.html)"
66.249.66.164 www.nougat-bb.be - [08/Feb/2024:21:48:10 +0100] "GET /wp-content/themes/betheme/betheme/css/responsive.css?ver=14.7 HTTP/1.1" 200 51251 "http://www.nougat-bb.be/" "Mozilla/5.0 (Linux; Android 6.0.1; Nexus 5X Build/MMB29P) AppleWebKit/537.36 (KHTML, like Gecko) Chrome/121.0.6167.85 Mobile Safari/537.36 (compatible; Googlebot/2.1; +http://www.google.com/bot.html)"
66.249.66.164 www.nougat-bb.be - [08/Feb/2024:21:48:11 +0100] "GET /wp-content/themes/betheme/betheme/assets/animations/animations.min.css?ver=14.7 HTTP/1.1" 200 58508 "http://www.nougat-bb.be/" "Mozilla/5.0 (Linux; Android 6.0.1; Nexus 5X Build/MMB29P) AppleWebKit/537.36 (KHTML, like Gecko) Chrome/121.0.6167.85 Mobile Safari/537.36 (compatible; Googlebot/2.1; +http://www.google.com/bot.html)"
66.249.66.164 www.nougat-bb.be - [08/Feb/2024:21:48:11 +0100] "GET /wp-content/plugins/LayerSlider/static/js/layerslider.transitions.js?ver=5.6.9 HTTP/1.1" 200 21096 "http://www.nougat-bb.be/" "Mozilla/5.0 (Linux; Android 6.0.1; Nexus 5X Build/MMB29P) AppleWebKit/537.36 (KHTML, like Gecko) Chrome/121.0.6167.85 Mobile Safari/537.36 (compatible; Googlebot/2.1; +http://www.google.com/bot.html)"
66.249.66.164 www.nougat-bb.be - [08/Feb/2024:21:48:13 +0100] "GET /wp-includes/js/jquery/ui/mouse.min.js?ver=1.13.2 HTTP/1.1" 200 3402 "http://www.nougat-bb.be/" "Mozilla/5.0 (Linux; Android 6.0.1; Nexus 5X Build/MMB29P) AppleWebKit/537.36 (KHTML, like Gecko) Chrome/121.0.6167.85 Mobile Safari/537.36 (compatible; Googlebot/2.1; +http://www.google.com/bot.html)"
66.249.66.164 www.nougat-bb.be - [08/Feb/2024:21:48:14 +0100] "GET /wp-includes/js/jquery/ui/sortable.min.js?ver=1.13.2 HTTP/1.1" 200 25449 "http://www.nougat-bb.be/" "Mozilla/5.0 (Linux; Android 6.0.1; Nexus 5X Build/MMB29P) AppleWebKit/537.36 (KHTML, like Gecko) Chrome/121.0.6167.85 Mobile Safari/537.36 (compatible; Googlebot/2.1; +http://www.google.com/bot.html)"
66.249.66.164 www.nougat-bb.be - [08/Feb/2024:21:48:14 +0100] "GET /wp-includes/js/jquery/ui/accordion.min.js?ver=1.13.2 HTTP/1.1" 200 8814 "http://www.nougat-bb.be/" "Mozilla/5.0 (Linux; Android 6.0.1; Nexus 5X Build/MMB29P) AppleWebKit/537.36 (KHTML, like Gecko) Chrome/121.0.6167.85 Mobile Safari/537.36 (compatible; Googlebot/2.1; +http://www.google.com/bot.html)"
66.249.66.164 www.nougat-bb.be - [08/Feb/2024:21:48:14 +0100] "GET /wp-content/themes/betheme/betheme/js/menu.js?ver=14.7 HTTP/1.1" 200 2451 "http://www.nougat-bb.be/" "Mozilla/5.0 (Linux; Android 6.0.1; Nexus 5X Build/MMB29P) AppleWebKit/537.36 (KHTML, like Gecko) Chrome/121.0.6167.85 Mobile Safari/537.36 (compatible; Googlebot/2.1; +http://www.google.com/bot.html)"
66.249.66.164 www.nougat-bb.be - [08/Feb/2024:21:48:16 +0100] "GET /wp-content/themes/betheme/betheme/assets/animations/animations.min.js?ver=14.7 HTTP/1.1" 200 1896 "http://www.nougat-bb.be/" "Mozilla/5.0 (Linux; Android 6.0.1; Nexus 5X Build/MMB29P) AppleWebKit/537.36 (KHTML, like Gecko) Chrome/121.0.6167.85 Mobile Safari/537.36 (compatible; Googlebot/2.1; +http://www.google.com/bot.html)"
66.249.66.164 www.nougat-bb.be - [08/Feb/2024:21:48:17 +0100] "GET /wp-content/themes/betheme/betheme/assets/jplayer/jplayer.min.js?ver=14.7 HTTP/1.1" 200 52702 "http://www.nougat-bb.be/" "Mozilla/5.0 (Linux; Android 6.0.1; Nexus 5X Build/MMB29P) AppleWebKit/537.36 (KHTML, like Gecko) Chrome/121.0.6167.85 Mobile Safari/537.36 (compatible; Googlebot/2.1; +http://www.google.com/bot.html)"
66.249.66.164 www.nougat-bb.be - [08/Feb/2024:21:48:17 +0100] "GET /wp-includes/js/comment-reply.min.js?ver=6.4.3 HTTP/1.1" 200 2981 "http://www.nougat-bb.be/" "Mozilla/5.0 (Linux; Android 6.0.1; Nexus 5X Build/MMB29P) AppleWebKit/537.36 (KHTML, like Gecko) Chrome/121.0.6167.85 Mobile Safari/537.36 (compatible; Googlebot/2.1; +http://www.google.com/bot.html)"
66.249.66.164 www.nougat-bb.be - [08/Feb/2024:21:48:17 +0100] "HEAD /wp-content/uploads/2016/02/process@2x.jpg HTTP/1.1" 404 0 "http://www.nougat-bb.be/" "Mozilla/5.0 (Linux; Android 6.0.1; Nexus 5X Build/MMB29P) AppleWebKit/537.36 (KHTML, like Gecko) Chrome/121.0.6167.85 Mobile Safari/537.36 (compatible; Googlebot/2.1; +http://www.google.com/bot.html)"
66.249.66.164 www.nougat-bb.be - [08/Feb/2024:21:48:19 +0100] "HEAD /wp-content/uploads/2016/02/home_tea_sep4@2x.png HTTP/1.1" 404 0 "http://www.nougat-bb.be/" "Mozilla/5.0 (Linux; Android 6.0.1; Nexus 5X Build/MMB29P) AppleWebKit/537.36 (KHTML, like Gecko) Chrome/121.0.6167.85 Mobile Safari/537.36 (compatible; Googlebot/2.1; +http://www.google.com/bot.html)"
66.249.66.164 www.nougat-bb.be - [08/Feb/2024:21:48:20 +0100] "HEAD /wp-content/uploads/2016/02/hazelnoten_home@2x.jpg HTTP/1.1" 404 0 "http://www.nougat-bb.be/" "Mozilla/5.0 (Linux; Android 6.0.1; Nexus 5X Build/MMB29P) AppleWebKit/537.36 (KHTML, like Gecko) Chrome/121.0.6167.85 Mobile Safari/537.36 (compatible; Googlebot/2.1; +http://www.google.com/bot.html)"
66.249.66.164 www.nougat-bb.be - [08/Feb/2024:21:48:20 +0100] "HEAD /wp-content/uploads/2016/09/Logo_small@2x.jpg HTTP/1.1" 404 0 "http://www.nougat-bb.be/" "Mozilla/5.0 (Linux; Android 6.0.1; Nexus 5X Build/MMB29P) AppleWebKit/537.36 (KHTML, like Gecko) Chrome/121.0.6167.85 Mobile Safari/537.36 (compatible; Googlebot/2.1; +http://www.google.com/bot.html)"
66.249.66.164 www.nougat-bb.be - [08/Feb/2024:21:48:20 +0100] "HEAD /wp-content/uploads/2016/09/Logo_small@2x.jpg HTTP/1.1" 404 0 "http://www.nougat-bb.be/" "Mozilla/5.0 (Linux; Android 6.0.1; Nexus 5X Build/MMB29P) AppleWebKit/537.36 (KHTML, like Gecko) Chrome/121.0.6167.85 Mobile Safari/537.36 (compatible; Googlebot/2.1; +http://www.google.com/bot.html)"
66.249.66.164 www.nougat-bb.be - [08/Feb/2024:21:48:22 +0100] "HEAD /wp-content/uploads/2016/02/home_tea_sep3@2x.png HTTP/1.1" 404 0 "http://www.nougat-bb.be/" "Mozilla/5.0 (Linux; Android 6.0.1; Nexus 5X Build/MMB29P) AppleWebKit/537.36 (KHTML, like Gecko) Chrome/121.0.6167.85 Mobile Safari/537.36 (compatible; Googlebot/2.1; +http://www.google.com/bot.html)"
66.249.66.164 www.nougat-bb.be - [08/Feb/2024:21:48:22 +0100] "HEAD /wp-content/uploads/2016/02/home_tea_sep@2x.png HTTP/1.1" 404 0 "http://www.nougat-bb.be/" "Mozilla/5.0 (Linux; Android 6.0.1; Nexus 5X Build/MMB29P) AppleWebKit/537.36 (KHTML, like Gecko) Chrome/121.0.6167.85 Mobile Safari/537.36 (compatible; Googlebot/2.1; +http://www.google.com/bot.html)"
66.249.66.164 www.nougat-bb.be - [08/Feb/2024:21:48:22 +0100] "HEAD /wp-content/uploads/2016/02/home_tea_sep@2x.png HTTP/1.1" 404 0 "http://www.nougat-bb.be/" "Mozilla/5.0 (Linux; Android 6.0.1; Nexus 5X Build/MMB29P) AppleWebKit/537.36 (KHTML, like Gecko) Chrome/121.0.6167.85 Mobile Safari/537.36 (compatible; Googlebot/2.1; +http://www.google.com/bot.html)"
66.249.66.164 www.nougat-bb.be - [08/Feb/2024:21:48:24 +0100] "HEAD /wp-content/uploads/2016/02/miel@2x.jpg HTTP/1.1" 404 0 "http://www.nougat-bb.be/" "Mozilla/5.0 (Linux; Android 6.0.1; Nexus 5X Build/MMB29P) AppleWebKit/537.36 (KHTML, like Gecko) Chrome/121.0.6167.85 Mobile Safari/537.36 (compatible; Googlebot/2.1; +http://www.google.com/bot.html)"
66.249.66.164 www.nougat-bb.be - [08/Feb/2024:21:48:25 +0100] "HEAD /wp-content/uploads/2016/02/bruine-amandelen_home@2x.jpg HTTP/1.1" 404 0 "http://www.nougat-bb.be/" "Mozilla/5.0 (Linux; Android 6.0.1; Nexus 5X Build/MMB29P) AppleWebKit/537.36 (KHTML, like Gecko) Chrome/121.0.6167.85 Mobile Safari/537.36 (compatible; Googlebot/2.1; +http://www.google.com/bot.html)"
66.249.66.164 www.nougat-bb.be - [08/Feb/2024:21:48:25 +0100] "HEAD /wp-content/uploads/2016/02/home_tea_sep@2x.png HTTP/1.1" 404 0 "http://www.nougat-bb.be/" "Mozilla/5.0 (Linux; Android 6.0.1; Nexus 5X Build/MMB29P) AppleWebKit/537.36 (KHTML, like Gecko) Chrome/121.0.6167.85 Mobile Safari/537.36 (compatible; Googlebot/2.1; +http://www.google.com/bot.html)"
66.249.66.164 www.nougat-bb.be - [08/Feb/2024:21:48:25 +0100] "HEAD /wp-content/uploads/2016/02/home_tea_sep2@2x.png HTTP/1.1" 404 0 "http://www.nougat-bb.be/" "Mozilla/5.0 (Linux; Android 6.0.1; Nexus 5X Build/MMB29P) AppleWebKit/537.36 (KHTML, like Gecko) Chrome/121.0.6167.85 Mobile Safari/537.36 (compatible; Googlebot/2.1; +http://www.google.com/bot.html)"
66.249.66.164 www.nougat-bb.be - [08/Feb/2024:21:48:27 +0100] "HEAD /wp-content/uploads/2016/09/Logo_small@2x.jpg HTTP/1.1" 404 0 "http://www.nougat-bb.be/" "Mozilla/5.0 (Linux; Android 6.0.1; Nexus 5X Build/MMB29P) AppleWebKit/537.36 (KHTML, like Gecko) Chrome/121.0.6167.85 Mobile Safari/537.36 (compatible; Googlebot/2.1; +http://www.google.com/bot.html)"
66.249.66.165 www.nougat-bb.be - [09/Feb/2024:00:19:05 +0100] "GET /robots.txt HTTP/1.1" 404 341 "-" "Mozilla/5.0 (compatible; Googlebot/2.1; +http://www.google.com/bot.html)"
66.249.66.166 www.nougat-bb.be - [09/Feb/2024:00:19:05 +0100] "GET /wp-content/uploads/2016/02/bruine-amandelen_home.jpg HTTP/1.1" 304 0 "-" "Googlebot-Image/1.0"
66.249.66.165 www.nougat-bb.be - [09/Feb/2024:00:34:04 +0100] "GET /wp-content/uploads/2016/02/hazelnoten_home.jpg HTTP/1.1" 304 0 "-" "Googlebot-Image/1.0"
40.77.167.93 www.nougat-bb.be - [09/Feb/2024:09:59:37 +0100] "GET /robots.txt HTTP/1.1" 404 341 "-" "Mozilla/5.0 AppleWebKit/537.36 (KHTML, like Gecko; compatible; bingbot/2.0; +http://www.bing.com/bingbot.htm) Chrome/116.0.1938.76 Safari/537.36"
40.77.167.93 www.nougat-bb.be - [09/Feb/2024:09:59:38 +0100] "GET /robots.txt HTTP/1.1" 404 341 "-" "Mozilla/5.0 AppleWebKit/537.36 (KHTML, like Gecko; compatible; bingbot/2.0; +http://www.bing.com/bingbot.htm) Chrome/116.0.1938.76 Safari/537.36"
40.77.167.93 www.nougat-bb.be - [09/Feb/2024:09:59:38 +0100] "GET /robots.txt HTTP/1.1" 404 341 "-" "Mozilla/5.0 AppleWebKit/537.36 (KHTML, like Gecko; compatible; bingbot/2.0; +http://www.bing.com/bingbot.htm) Chrome/116.0.1938.76 Safari/537.36"
52.167.144.190 www.nougat-bb.be - [09/Feb/2024:09:59:43 +0100] "GET /wp-content/plugins/LayerSlider/static/js/layerslider.kreaturamedia.jquery.js?ver=5.6.9 HTTP/1.1" 200 54713 "-" "Mozilla/5.0 AppleWebKit/537.36 (KHTML, like Gecko; compatible; bingbot/2.0; +http://www.bing.com/bingbot.htm) Chrome/116.0.1938.76 Safari/537.36"
52.167.144.190 www.nougat-bb.be - [09/Feb/2024:09:59:43 +0100] "GET /wp-content/plugins/revslider/public/assets/css/settings.css?ver=5.2.6 HTTP/1.1" 200 36724 "-" "Mozilla/5.0 AppleWebKit/537.36 (KHTML, like Gecko; compatible; bingbot/2.0; +http://www.bing.com/bingbot.htm) Chrome/116.0.1938.76 Safari/537.36"
52.167.144.190 www.nougat-bb.be - [09/Feb/2024:09:59:43 +0100] "GET /wp-content/plugins/revslider/public/assets/js/jquery.themepunch.revolution.min.js?ver=5.2.6 HTTP/1.1" 200 56422 "-" "Mozilla/5.0 AppleWebKit/537.36 (KHTML, like Gecko; compatible; bingbot/2.0; +http://www.bing.com/bingbot.htm) Chrome/116.0.1938.76 Safari/537.36"
52.167.144.190 www.nougat-bb.be - [09/Feb/2024:09:59:43 +0100] "GET /wp-content/plugins/revslider/public/assets/js/jquery.themepunch.tools.min.js?ver=5.2.6 HTTP/1.1" 200 107147 "-" "Mozilla/5.0 AppleWebKit/537.36 (KHTML, like Gecko; compatible; bingbot/2.0; +http://www.bing.com/bingbot.htm) Chrome/116.0.1938.76 Safari/537.36"
52.167.144.190 www.nougat-bb.be - [09/Feb/2024:09:59:44 +0100] "GET /wp-content/themes/betheme/betheme/assets/jplayer/css/jplayer.blue.monday.css?ver=14.7 HTTP/1.1" 200 10145 "-" "Mozilla/5.0 AppleWebKit/537.36 (KHTML, like Gecko; compatible; bingbot/2.0; +http://www.bing.com/bingbot.htm) Chrome/116.0.1938.76 Safari/537.36"
52.167.144.190 www.nougat-bb.be - [09/Feb/2024:09:59:44 +0100] "GET /wp-content/themes/betheme/betheme/assets/prettyPhoto/prettyPhoto.css?ver=14.7 HTTP/1.1" 200 18388 "-" "Mozilla/5.0 AppleWebKit/537.36 (KHTML, like Gecko; compatible; bingbot/2.0; +http://www.bing.com/bingbot.htm) Chrome/116.0.1938.76 Safari/537.36"
52.167.144.190 www.nougat-bb.be - [09/Feb/2024:09:59:44 +0100] "GET /wp-content/themes/betheme/betheme/css/base.css?ver=14.7 HTTP/1.1" 200 49620 "-" "Mozilla/5.0 AppleWebKit/537.36 (KHTML, like Gecko; compatible; bingbot/2.0; +http://www.bing.com/bingbot.htm) Chrome/116.0.1938.76 Safari/537.36"
