66.249.66.164 www.nougat-bb.be - [11/Feb/2024:08:28:08 +0100] "HEAD /wp-content/uploads/2016/02/home_tea_sep2@2x.png HTTP/1.1" 404 0 "http://www.nougat-bb.be/" "Mozilla/5.0 (Linux; Android 6.0.1; Nexus 5X Build/MMB29P) AppleWebKit/537.36 (KHTML, like Gecko) Chrome/121.0.6167.85 Mobile Safari/537.36 (compatible; Googlebot/2.1; +http://www.google.com/bot.html)"
66.249.66.164 www.nougat-bb.be - [11/Feb/2024:08:28:08 +0100] "HEAD /wp-content/uploads/2016/02/hazelnoten_home@2x.jpg HTTP/1.1" 404 0 "http://www.nougat-bb.be/" "Mozilla/5.0 (Linux; Android 6.0.1; Nexus 5X Build/MMB29P) AppleWebKit/537.36 (KHTML, like Gecko) Chrome/121.0.6167.85 Mobile Safari/537.36 (compatible; Googlebot/2.1; +http://www.google.com/bot.html)"
66.249.66.164 www.nougat-bb.be - [11/Feb/2024:08:28:09 +0100] "HEAD /wp-content/uploads/2016/09/Logo_small@2x.jpg HTTP/1.1" 404 0 "http://www.nougat-bb.be/" "Mozilla/5.0 (Linux; Android 6.0.1; Nexus 5X Build/MMB29P) AppleWebKit/537.36 (KHTML, like Gecko) Chrome/121.0.6167.85 Mobile Safari/537.36 (compatible; Googlebot/2.1; +http://www.google.com/bot.html)"
66.249.66.164 www.nougat-bb.be - [11/Feb/2024:08:28:09 +0100] "HEAD /wp-content/uploads/2016/02/miel@2x.jpg HTTP/1.1" 404 0 "http://www.nougat-bb.be/" "Mozilla/5.0 (Linux; Android 6.0.1; Nexus 5X Build/MMB29P) AppleWebKit/537.36 (KHTML, like Gecko) Chrome/121.0.6167.85 Mobile Safari/537.36 (compatible; Googlebot/2.1; +http://www.google.com/bot.html)"
66.249.66.164 www.nougat-bb.be - [11/Feb/2024:08:28:10 +0100] "HEAD /wp-content/uploads/2016/02/home_tea_sep@2x.png HTTP/1.1" 404 0 "http://www.nougat-bb.be/" "Mozilla/5.0 (Linux; Android 6.0.1; Nexus 5X Build/MMB29P) AppleWebKit/537.36 (KHTML, like Gecko) Chrome/121.0.6167.85 Mobile Safari/537.36 (compatible; Googlebot/2.1; +http://www.google.com/bot.html)"
66.249.66.164 www.nougat-bb.be - [11/Feb/2024:08:28:10 +0100] "HEAD /wp-content/uploads/2016/02/bruine-amandelen_home@2x.jpg HTTP/1.1" 404 0 "http://www.nougat-bb.be/" "Mozilla/5.0 (Linux; Android 6.0.1; Nexus 5X Build/MMB29P) AppleWebKit/537.36 (KHTML, like Gecko) Chrome/121.0.6167.85 Mobile Safari/537.36 (compatible; Googlebot/2.1; +http://www.google.com/bot.html)"
66.249.66.164 www.nougat-bb.be - [11/Feb/2024:08:28:11 +0100] "HEAD /wp-content/uploads/2016/02/home_tea_sep@2x.png HTTP/1.1" 404 0 "http://www.nougat-bb.be/" "Mozilla/5.0 (Linux; Android 6.0.1; Nexus 5X Build/MMB29P) AppleWebKit/537.36 (KHTML, like Gecko) Chrome/121.0.6167.85 Mobile Safari/537.36 (compatible; Googlebot/2.1; +http://www.google.com/bot.html)"
66.249.66.164 www.nougat-bb.be - [11/Feb/2024:08:29:54 +0100] "GET /wp-content/themes/betheme/betheme/css/base.css?ver=14.7 HTTP/1.1" 200 49620 "http://www.nougat-bb.be/" "Mozilla/5.0 (Linux; Android 6.0.1; Nexus 5X Build/MMB29P) AppleWebKit/537.36 (KHTML, like Gecko) Chrome/121.0.6167.85 Mobile Safari/537.36 (compatible; Googlebot/2.1; +http://www.google.com/bot.html)"
66.249.66.166 www.nougat-bb.be - [11/Feb/2024:08:29:54 +0100] "GET /wp-content/plugins/contact-form-7/includes/css/styles.css?ver=5.8.5 HTTP/1.1" 200 2894 "http://www.nougat-bb.be/" "Mozilla/5.0 (Linux; Android 6.0.1; Nexus 5X Build/MMB29P) AppleWebKit/537.36 (KHTML, like Gecko) Chrome/121.0.6167.85 Mobile Safari/537.36 (compatible; Googlebot/2.1; +http://www.google.com/bot.html)"
66.249.66.166 www.nougat-bb.be - [11/Feb/2024:08:29:55 +0100] "GET /wp-content/plugins/contact-form-7/includes/js/index.js?ver=5.8.5 HTTP/1.1" 200 13182 "http://www.nougat-bb.be/" "Mozilla/5.0 (Linux; Android 6.0.1; Nexus 5X Build/MMB29P) AppleWebKit/537.36 (KHTML, like Gecko) Chrome/121.0.6167.85 Mobile Safari/537.36 (compatible; Googlebot/2.1; +http://www.google.com/bot.html)"
66.249.66.165 www.nougat-bb.be - [11/Feb/2024:08:29:55 +0100] "GET /wp-content/themes/betheme/betheme/assets/ui/jquery.ui.all.css?ver=14.7 HTTP/1.1" 200 19611 "http://www.nougat-bb.be/" "Mozilla/5.0 (Linux; Android 6.0.1; Nexus 5X Build/MMB29P) AppleWebKit/537.36 (KHTML, like Gecko) Chrome/121.0.6167.85 Mobile Safari/537.36 (compatible; Googlebot/2.1; +http://www.google.com/bot.html)"
66.249.66.166 www.nougat-bb.be - [11/Feb/2024:08:29:56 +0100] "GET /wp-content/themes/betheme/betheme/css/shortcodes.css?ver=14.7 HTTP/1.1" 200 129633 "http://www.nougat-bb.be/" "Mozilla/5.0 (Linux; Android 6.0.1; Nexus 5X Build/MMB29P) AppleWebKit/537.36 (KHTML, like Gecko) Chrome/121.0.6167.85 Mobile Safari/537.36 (compatible; Googlebot/2.1; +http://www.google.com/bot.html)"
66.249.66.166 www.nougat-bb.be - [11/Feb/2024:08:29:56 +0100] "GET /wp-content/plugins/contact-form-7/includes/swv/js/index.js?ver=5.8.5 HTTP/1.1" 200 11117 "http://www.nougat-bb.be/" "Mozilla/5.0 (Linux; Android 6.0.1; Nexus 5X Build/MMB29P) AppleWebKit/537.36 (KHTML, like Gecko) Chrome/121.0.6167.85 Mobile Safari/537.36 (compatible; Googlebot/2.1; +http://www.google.com/bot.html)"
66.249.66.166 www.nougat-bb.be - [11/Feb/2024:08:29:57 +0100] "GET /wp-includes/js/jquery/jquery.min.js?ver=3.7.1 HTTP/1.1" 200 87553 "http://www.nougat-bb.be/" "Mozilla/5.0 (Linux; Android 6.0.1; Nexus 5X Build/MMB29P) AppleWebKit/537.36 (KHTML, like Gecko) Chrome/121.0.6167.85 Mobile Safari/537.36 (compatible; Googlebot/2.1; +http://www.google.com/bot.html)"
66.249.66.165 www.nougat-bb.be - [11/Feb/2024:08:29:57 +0100] "GET /wp-content/plugins/LayerSlider/static/js/greensock.js?ver=1.11.8 HTTP/1.1" 200 59709 "http://www.nougat-bb.be/" "Mozilla/5.0 (Linux; Android 6.0.1; Nexus 5X Build/MMB29P) AppleWebKit/537.36 (KHTML, like Gecko) Chrome/121.0.6167.85 Mobile Safari/537.36 (compatible; Googlebot/2.1; +http://www.google.com/bot.html)"
66.249.66.165 www.nougat-bb.be - [11/Feb/2024:08:29:57 +0100] "GET /wp-content/themes/betheme/betheme/assets/animations/animations.min.css?ver=14.7 HTTP/1.1" 200 58508 "http://www.nougat-bb.be/" "Mozilla/5.0 (Linux; Android 6.0.1; Nexus 5X Build/MMB29P) AppleWebKit/537.36 (KHTML, like Gecko) Chrome/121.0.6167.85 Mobile Safari/537.36 (compatible; Googlebot/2.1; +http://www.google.com/bot.html)"
66.249.66.165 www.nougat-bb.be - [11/Feb/2024:08:29:59 +0100] "GET /wp-includes/css/dist/block-library/style.min.css?ver=6.4.3 HTTP/1.1" 200 110147 "http://www.nougat-bb.be/" "Mozilla/5.0 (Linux; Android 6.0.1; Nexus 5X Build/MMB29P) AppleWebKit/537.36 (KHTML, like Gecko) Chrome/121.0.6167.85 Mobile Safari/537.36 (compatible; Googlebot/2.1; +http://www.google.com/bot.html)"
66.249.66.164 www.nougat-bb.be - [11/Feb/2024:08:29:59 +0100] "GET /wp-content/themes/betheme/betheme/css/responsive.css?ver=14.7 HTTP/1.1" 200 51251 "http://www.nougat-bb.be/" "Mozilla/5.0 (Linux; Android 6.0.1; Nexus 5X Build/MMB29P) AppleWebKit/537.36 (KHTML, like Gecko) Chrome/121.0.6167.85 Mobile Safari/537.36 (compatible; Googlebot/2.1; +http://www.google.com/bot.html)"
66.249.66.165 www.nougat-bb.be - [11/Feb/2024:08:29:59 +0100] "GET /wp-content/plugins/LayerSlider/static/js/layerslider.kreaturamedia.jquery.js?ver=5.6.9 HTTP/1.1" 200 54713 "http://www.nougat-bb.be/" "Mozilla/5.0 (Linux; Android 6.0.1; Nexus 5X Build/MMB29P) AppleWebKit/537.36 (KHTML, like Gecko) Chrome/121.0.6167.85 Mobile Safari/537.36 (compatible; Googlebot/2.1; +http://www.google.com/bot.html)"
66.249.66.165 www.nougat-bb.be - [11/Feb/2024:08:30:00 +0100] "GET /wp-content/plugins/LayerSlider/static/css/layerslider.css?ver=5.6.9 HTTP/1.1" 200 15709 "http://www.nougat-bb.be/" "Mozilla/5.0 (Linux; Android 6.0.1; Nexus 5X Build/MMB29P) AppleWebKit/537.36 (KHTML, like Gecko) Chrome/121.0.6167.85 Mobile Safari/537.36 (compatible; Googlebot/2.1; +http://www.google.com/bot.html)"
66.249.66.164 www.nougat-bb.be - [11/Feb/2024:08:30:00 +0100] "GET /wp-content/themes/betheme/betheme/assets/prettyPhoto/prettyPhoto.css?ver=14.7 HTTP/1.1" 200 18388 "http://www.nougat-bb.be/" "Mozilla/5.0 (Linux; Android 6.0.1; Nexus 5X Build/MMB29P) AppleWebKit/537.36 (KHTML, like Gecko) Chrome/121.0.6167.85 Mobile Safari/537.36 (compatible; Googlebot/2.1; +http://www.google.com/bot.html)"
66.249.66.164 www.nougat-bb.be - [11/Feb/2024:08:30:00 +0100] "GET /wp-includes/js/jquery/ui/core.min.js?ver=1.13.2 HTTP/1.1" 200 21438 "http://www.nougat-bb.be/" "Mozilla/5.0 (Linux; Android 6.0.1; Nexus 5X Build/MMB29P) AppleWebKit/537.36 (KHTML, like Gecko) Chrome/121.0.6167.85 Mobile Safari/537.36 (compatible; Googlebot/2.1; +http://www.google.com/bot.html)"
66.249.66.165 www.nougat-bb.be - [11/Feb/2024:08:30:02 +0100] "GET /wp-includes/js/jquery/ui/mouse.min.js?ver=1.13.2 HTTP/1.1" 200 3402 "http://www.nougat-bb.be/" "Mozilla/5.0 (Linux; Android 6.0.1; Nexus 5X Build/MMB29P) AppleWebKit/537.36 (KHTML, like Gecko) Chrome/121.0.6167.85 Mobile Safari/537.36 (compatible; Googlebot/2.1; +http://www.google.com/bot.html)"
66.249.66.164 www.nougat-bb.be - [11/Feb/2024:08:30:02 +0100] "GET /wp-includes/js/jquery/ui/sortable.min.js?ver=1.13.2 HTTP/1.1" 200 25449 "http://www.nougat-bb.be/" "Mozilla/5.0 (Linux; Android 6.0.1; Nexus 5X Build/MMB29P) AppleWebKit/537.36 (KHTML, like Gecko) Chrome/121.0.6167.85 Mobile Safari/537.36 (compatible; Googlebot/2.1; +http://www.google.com/bot.html)"
66.249.66.165 www.nougat-bb.be - [11/Feb/2024:08:30:03 +0100] "GET /wp-includes/js/jquery/ui/tabs.min.js?ver=1.13.2 HTTP/1.1" 200 11937 "http://www.nougat-bb.be/" "Mozilla/5.0 (Linux; Android 6.0.1; Nexus 5X Build/MMB29P) AppleWebKit/537.36 (KHTML, like Gecko) Chrome/121.0.6167.85 Mobile Safari/537.36 (compatible; Googlebot/2.1; +http://www.google.com/bot.html)"
66.249.66.164 www.nougat-bb.be - [11/Feb/2024:08:30:03 +0100] "GET /wp-includes/js/jquery/ui/accordion.min.js?ver=1.13.2 HTTP/1.1" 200 8814 "http://www.nougat-bb.be/" "Mozilla/5.0 (Linux; Android 6.0.1; Nexus 5X Build/MMB29P) AppleWebKit/537.36 (KHTML, like Gecko) Chrome/121.0.6167.85 Mobile Safari/537.36 (compatible; Googlebot/2.1; +http://www.google.com/bot.html)"
66.249.66.164 www.nougat-bb.be - [11/Feb/2024:08:30:03 +0100] "GET /wp-content/themes/betheme/betheme/js/plugins.js?ver=14.7 HTTP/1.1" 200 220551 "http://www.nougat-bb.be/" "Mozilla/5.0 (Linux; Android 6.0.1; Nexus 5X Build/MMB29P) AppleWebKit/537.36 (KHTML, like Gecko) Chrome/121.0.6167.85 Mobile Safari/537.36 (compatible; Googlebot/2.1; +http://www.google.com/bot.html)"
66.249.66.164 www.nougat-bb.be - [11/Feb/2024:08:30:03 +0100] "GET /wp-content/themes/betheme/betheme/js/menu.js?ver=14.7 HTTP/1.1" 200 2451 "http://www.nougat-bb.be/" "Mozilla/5.0 (Linux; Android 6.0.1; Nexus 5X Build/MMB29P) AppleWebKit/537.36 (KHTML, like Gecko) Chrome/121.0.6167.85 Mobile Safari/537.36 (compatible; Googlebot/2.1; +http://www.google.com/bot.html)"
66.249.66.164 www.nougat-bb.be - [11/Feb/2024:08:30:04 +0100] "GET /wp-content/themes/betheme/betheme/assets/animations/animations.min.js?ver=14.7 HTTP/1.1" 200 1896 "http://www.nougat-bb.be/" "Mozilla/5.0 (Linux; Android 6.0.1; Nexus 5X Build/MMB29P) AppleWebKit/537.36 (KHTML, like Gecko) Chrome/121.0.6167.85 Mobile Safari/537.36 (compatible; Googlebot/2.1; +http://www.google.com/bot.html)"
66.249.66.164 www.nougat-bb.be - [11/Feb/2024:08:30:04 +0100] "GET /wp-content/themes/betheme/betheme/assets/jplayer/jplayer.min.js?ver=14.7 HTTP/1.1" 200 52702 "http://www.nougat-bb.be/" "Mozilla/5.0 (Linux; Android 6.0.1; Nexus 5X Build/MMB29P) AppleWebKit/537.36 (KHTML, like Gecko) Chrome/121.0.6167.85 Mobile Safari/537.36 (compatible; Googlebot/2.1; +http://www.google.com/bot.html)"
66.249.66.164 www.nougat-bb.be - [11/Feb/2024:08:30:05 +0100] "GET /wp-content/themes/betheme/betheme/js/parallax/translate3d.js?ver=14.7 HTTP/1.1" 200 6715 "http://www.nougat-bb.be/" "Mozilla/5.0 (Linux; Android 6.0.1; Nexus 5X Build/MMB29P) AppleWebKit/537.36 (KHTML, like Gecko) Chrome/121.0.6167.85 Mobile Safari/537.36 (compatible; Googlebot/2.1; +http://www.google.com/bot.html)"
66.249.66.164 www.nougat-bb.be - [11/Feb/2024:08:30:05 +0100] "GET /wp-content/themes/betheme/betheme/js/scripts.js?ver=14.7 HTTP/1.1" 200 61775 "http://www.nougat-bb.be/" "Mozilla/5.0 (Linux; Android 6.0.1; Nexus 5X Build/MMB29P) AppleWebKit/537.36 (KHTML, like Gecko) Chrome/121.0.6167.85 Mobile Safari/537.36 (compatible; Googlebot/2.1; +http://www.google.com/bot.html)"
66.249.66.164 www.nougat-bb.be - [11/Feb/2024:08:30:06 +0100] "GET /wp-includes/js/comment-reply.min.js?ver=6.4.3 HTTP/1.1" 200 2981 "http://www.nougat-bb.be/" "Mozilla/5.0 (Linux; Android 6.0.1; Nexus 5X Build/MMB29P) AppleWebKit/537.36 (KHTML, like Gecko) Chrome/121.0.6167.85 Mobile Safari/537.36 (compatible; Googlebot/2.1; +http://www.google.com/bot.html)"
188.165.52.21 www.nougat-bb.be - [11/Feb/2024:09:39:49 +0100] "POST /wp-cron.php?doing_wp_cron=1707640789.8197429180145263671875 HTTP/1.1" 200 0 "-" "WordPress/6.4.3; http://www.nougat-bb.be"
66.249.66.165 www.nougat-bb.be - [11/Feb/2024:09:39:49 +0100] "GET / HTTP/1.1" 200 87673 "-" "Mozilla/5.0 (Linux; Android 6.0.1; Nexus 5X Build/MMB29P) AppleWebKit/537.36 (KHTML, like Gecko) Chrome/121.0.6167.85 Mobile Safari/537.36 (compatible; Googlebot/2.1; +http://www.google.com/bot.html)"
66.249.66.164 www.nougat-bb.be - [11/Feb/2024:09:39:49 +0100] "GET /wp-content/themes/betheme/betheme/assets/prettyPhoto/prettyPhoto.css?ver=14.7 HTTP/1.1" 200 18388 "http://www.nougat-bb.be/" "Mozilla/5.0 (Linux; Android 6.0.1; Nexus 5X Build/MMB29P) AppleWebKit/537.36 (KHTML, like Gecko) Chrome/121.0.6167.85 Mobile Safari/537.36 (compatible; Googlebot/2.1; +http://www.google.com/bot.html)"
66.249.66.166 www.nougat-bb.be - [11/Feb/2024:09:39:50 +0100] "GET /wp-content/themes/betheme/betheme/assets/ui/jquery.ui.all.css?ver=14.7 HTTP/1.1" 200 19611 "http://www.nougat-bb.be/" "Mozilla/5.0 (Linux; Android 6.0.1; Nexus 5X Build/MMB29P) AppleWebKit/537.36 (KHTML, like Gecko) Chrome/121.0.6167.85 Mobile Safari/537.36 (compatible; Googlebot/2.1; +http://www.google.com/bot.html)"
66.249.66.166 www.nougat-bb.be - [11/Feb/2024:09:39:51 +0100] "GET /wp-includes/js/jquery/jquery-migrate.min.js?ver=3.4.1 HTTP/1.1" 200 13577 "http://www.nougat-bb.be/" "Mozilla/5.0 (Linux; Android 6.0.1; Nexus 5X Build/MMB29P) AppleWebKit/537.36 (KHTML, like Gecko) Chrome/121.0.6167.85 Mobile Safari/537.36 (compatible; Googlebot/2.1; +http://www.google.com/bot.html)"
66.249.66.165 www.nougat-bb.be - [11/Feb/2024:09:39:51 +0100] "GET /wp-content/themes/betheme/betheme/style.css?ver=14.7 HTTP/1.1" 200 282 "http://www.nougat-bb.be/" "Mozilla/5.0 (Linux; Android 6.0.1; Nexus 5X Build/MMB29P) AppleWebKit/537.36 (KHTML, like Gecko) Chrome/121.0.6167.85 Mobile Safari/537.36 (compatible; Googlebot/2.1; +http://www.google.com/bot.html)"
66.249.66.165 www.nougat-bb.be - [11/Feb/2024:09:39:52 +0100] "GET /wp-content/themes/betheme/betheme/css/shortcodes.css?ver=14.7 HTTP/1.1" 200 129633 "http://www.nougat-bb.be/" "Mozilla/5.0 (Linux; Android 6.0.1; Nexus 5X Build/MMB29P) AppleWebKit/537.36 (KHTML, like Gecko) Chrome/121.0.6167.85 Mobile Safari/537.36 (compatible; Googlebot/2.1; +http://www.google.com/bot.html)"
66.249.66.164 www.nougat-bb.be - [11/Feb/2024:09:39:52 +0100] "GET /wp-content/plugins/LayerSlider/static/js/layerslider.kreaturamedia.jquery.js?ver=5.6.9 HTTP/1.1" 200 54713 "http://www.nougat-bb.be/" "Mozilla/5.0 (Linux; Android 6.0.1; Nexus 5X Build/MMB29P) AppleWebKit/537.36 (KHTML, like Gecko) Chrome/121.0.6167.85 Mobile Safari/537.36 (compatible; Googlebot/2.1; +http://www.google.com/bot.html)"
66.249.66.165 www.nougat-bb.be - [11/Feb/2024:09:39:53 +0100] "GET /wp-includes/js/jquery/ui/mouse.min.js?ver=1.13.2 HTTP/1.1" 200 3402 "http://www.nougat-bb.be/" "Mozilla/5.0 (Linux; Android 6.0.1; Nexus 5X Build/MMB29P) AppleWebKit/537.36 (KHTML, like Gecko) Chrome/121.0.6167.85 Mobile Safari/537.36 (compatible; Googlebot/2.1; +http://www.google.com/bot.html)"
66.249.66.165 www.nougat-bb.be - [11/Feb/2024:09:39:53 +0100] "GET /wp-includes/js/jquery/ui/sortable.min.js?ver=1.13.2 HTTP/1.1" 200 25449 "http://www.nougat-bb.be/" "Mozilla/5.0 (Linux; Android 6.0.1; Nexus 5X Build/MMB29P) AppleWebKit/537.36 (KHTML, like Gecko) Chrome/121.0.6167.85 Mobile Safari/537.36 (compatible; Googlebot/2.1; +http://www.google.com/bot.html)"
66.249.66.165 www.nougat-bb.be - [11/Feb/2024:09:39:55 +0100] "GET /wp-content/themes/betheme/betheme/css/layout.css?ver=14.7 HTTP/1.1" 200 109170 "http://www.nougat-bb.be/" "Mozilla/5.0 (Linux; Android 6.0.1; Nexus 5X Build/MMB29P) AppleWebKit/537.36 (KHTML, like Gecko) Chrome/121.0.6167.85 Mobile Safari/537.36 (compatible; Googlebot/2.1; +http://www.google.com/bot.html)"
66.249.66.164 www.nougat-bb.be - [11/Feb/2024:09:39:55 +0100] "GET /wp-content/plugins/LayerSlider/static/css/layerslider.css?ver=5.6.9 HTTP/1.1" 200 15709 "http://www.nougat-bb.be/" "Mozilla/5.0 (Linux; Android 6.0.1; Nexus 5X Build/MMB29P) AppleWebKit/537.36 (KHTML, like Gecko) Chrome/121.0.6167.85 Mobile Safari/537.36 (compatible; Googlebot/2.1; +http://www.google.com/bot.html)"
66.249.66.165 www.nougat-bb.be - [11/Feb/2024:09:39:55 +0100] "GET /wp-includes/js/jquery/jquery.min.js?ver=3.7.1 HTTP/1.1" 200 87553 "http://www.nougat-bb.be/" "Mozilla/5.0 (Linux; Android 6.0.1; Nexus 5X Build/MMB29P) AppleWebKit/537.36 (KHTML, like Gecko) Chrome/121.0.6167.85 Mobile Safari/537.36 (compatible; Googlebot/2.1; +http://www.google.com/bot.html)"
66.249.66.164 www.nougat-bb.be - [11/Feb/2024:09:39:56 +0100] "GET /wp-content/plugins/LayerSlider/static/js/greensock.js?ver=1.11.8 HTTP/1.1" 200 59709 "http://www.nougat-bb.be/" "Mozilla/5.0 (Linux; Android 6.0.1; Nexus 5X Build/MMB29P) AppleWebKit/537.36 (KHTML, like Gecko) Chrome/121.0.6167.85 Mobile Safari/537.36 (compatible; Googlebot/2.1; +http://www.google.com/bot.html)"
66.249.66.165 www.nougat-bb.be - [11/Feb/2024:09:39:56 +0100] "GET /wp-content/plugins/contact-form-7/includes/css/styles.css?ver=5.8.5 HTTP/1.1" 200 2894 "http://www.nougat-bb.be/" "Mozilla/5.0 (Linux; Android 6.0.1; Nexus 5X Build/MMB29P) AppleWebKit/537.36 (KHTML, like Gecko) Chrome/121.0.6167.85 Mobile Safari/537.36 (compatible; Googlebot/2.1; +http://www.google.com/bot.html)"
66.249.66.164 www.nougat-bb.be - [11/Feb/2024:09:39:58 +0100] "GET /wp-includes/js/jquery/ui/accordion.min.js?ver=1.13.2 HTTP/1.1" 200 8814 "http://www.nougat-bb.be/" "Mozilla/5.0 (Linux; Android 6.0.1; Nexus 5X Build/MMB29P) AppleWebKit/537.36 (KHTML, like Gecko) Chrome/121.0.6167.85 Mobile Safari/537.36 (compatible; Googlebot/2.1; +http://www.google.com/bot.html)"
66.249.66.164 www.nougat-bb.be - [11/Feb/2024:09:39:58 +0100] "GET /wp-content/themes/betheme/betheme/js/plugins.js?ver=14.7 HTTP/1.1" 200 220551 "http://www.nougat-bb.be/" "Mozilla/5.0 (Linux; Android 6.0.1; Nexus 5X Build/MMB29P) AppleWebKit/537.36 (KHTML, like Gecko) Chrome/121.0.6167.85 Mobile Safari/537.36 (compatible; Googlebot/2.1; +http://www.google.com/bot.html)"
66.249.66.164 www.nougat-bb.be - [11/Feb/2024:09:39:58 +0100] "GET /wp-content/themes/betheme/betheme/assets/jplayer/jplayer.min.js?ver=14.7 HTTP/1.1" 200 52702 "http://www.nougat-bb.be/" "Mozilla/5.0 (Linux; Android 6.0.1; Nexus 5X Build/MMB29P) AppleWebKit/537.36 (KHTML, like Gecko) Chrome/121.0.6167.85 Mobile Safari/537.36 (compatible; Googlebot/2.1; +http://www.google.com/bot.html)"
66.249.66.164 www.nougat-bb.be - [11/Feb/2024:09:39:59 +0100] "GET /wp-content/themes/betheme/betheme/assets/animations/animations.min.js?ver=14.7 HTTP/1.1" 200 1896 "http://www.nougat-bb.be/" "Mozilla/5.0 (Linux; Android 6.0.1; Nexus 5X Build/MMB29P) AppleWebKit/537.36 (KHTML, like Gecko) Chrome/121.0.6167.85 Mobile Safari/537.36 (compatible; Googlebot/2.1; +http://www.google.com/bot.html)"
66.249.66.164 www.nougat-bb.be - [11/Feb/2024:09:40:00 +0100] "GET /wp-content/themes/betheme/betheme/js/scripts.js?ver=14.7 HTTP/1.1" 200 61775 "http://www.nougat-bb.be/" "Mozilla/5.0 (Linux; Android 6.0.1; Nexus 5X Build/MMB29P) AppleWebKit/537.36 (KHTML, like Gecko) Chrome/121.0.6167.85 Mobile Safari/537.36 (compatible; Googlebot/2.1; +http://www.google.com/bot.html)"
66.249.66.164 www.nougat-bb.be - [11/Feb/2024:09:40:01 +0100] "HEAD /wp-content/uploads/2016/02/home_tea_sep@2x.png HTTP/1.1" 404 0 "http://www.nougat-bb.be/" "Mozilla/5.0 (Linux; Android 6.0.1; Nexus 5X Build/MMB29P) AppleWebKit/537.36 (KHTML, like Gecko) Chrome/121.0.6167.85 Mobile Safari/537.36 (compatible; Googlebot/2.1; +http://www.google.com/bot.html)"
66.249.66.164 www.nougat-bb.be - [11/Feb/2024:09:40:01 +0100] "HEAD /wp-content/uploads/2016/02/home_tea_sep@2x.png HTTP/1.1" 404 0 "http://www.nougat-bb.be/" "Mozilla/5.0 (Linux; Android 6.0.1; Nexus 5X Build/MMB29P) AppleWebKit/537.36 (KHTML, like Gecko) Chrome/121.0.6167.85 Mobile Safari/537.36 (compatible; Googlebot/2.1; +http://www.google.com/bot.html)"
66.249.66.164 www.nougat-bb.be - [11/Feb/2024:09:40:02 +0100] "HEAD /wp-content/uploads/2016/02/home_tea_sep3@2x.png HTTP/1.1" 404 0 "http://www.nougat-bb.be/" "Mozilla/5.0 (Linux; Android 6.0.1; Nexus 5X Build/MMB29P) AppleWebKit/537.36 (KHTML, like Gecko) Chrome/121.0.6167.85 Mobile Safari/537.36 (compatible; Googlebot/2.1; +http://www.google.com/bot.html)"
66.249.66.164 www.nougat-bb.be - [11/Feb/2024:09:40:02 +0100] "HEAD /wp-content/uploads/2016/09/Logo_small@2x.jpg HTTP/1.1" 404 0 "http://www.nougat-bb.be/" "Mozilla/5.0 (Linux; Android 6.0.1; Nexus 5X Build/MMB29P) AppleWebKit/537.36 (KHTML, like Gecko) Chrome/121.0.6167.85 Mobile Safari/537.36 (compatible; Googlebot/2.1; +http://www.google.com/bot.html)"
66.249.66.164 www.nougat-bb.be - [11/Feb/2024:09:40:03 +0100] "HEAD /wp-content/uploads/2016/02/home_tea_sep@2x.png HTTP/1.1" 404 0 "http://www.nougat-bb.be/" "Mozilla/5.0 (Linux; Android 6.0.1; Nexus 5X Build/MMB29P) AppleWebKit/537.36 (KHTML, like Gecko) Chrome/121.0.6167.85 Mobile Safari/537.36 (compatible; Googlebot/2.1; +http://www.google.com/bot.html)"
66.249.66.164 www.nougat-bb.be - [11/Feb/2024:09:40:03 +0100] "HEAD /wp-content/uploads/2016/09/Logo_small@2x.jpg HTTP/1.1" 404 0 "http://www.nougat-bb.be/" "Mozilla/5.0 (Linux; Android 6.0.1; Nexus 5X Build/MMB29P) AppleWebKit/537.36 (KHTML, like Gecko) Chrome/121.0.6167.85 Mobile Safari/537.36 (compatible; Googlebot/2.1; +http://www.google.com/bot.html)"
66.249.66.164 www.nougat-bb.be - [11/Feb/2024:09:40:03 +0100] "HEAD /wp-content/uploads/2016/09/Logo_small@2x.jpg HTTP/1.1" 404 0 "http://www.nougat-bb.be/" "Mozilla/5.0 (Linux; Android 6.0.1; Nexus 5X Build/MMB29P) AppleWebKit/537.36 (KHTML, like Gecko) Chrome/121.0.6167.85 Mobile Safari/537.36 (compatible; Googlebot/2.1; +http://www.google.com/bot.html)"
66.249.66.164 www.nougat-bb.be - [11/Feb/2024:09:40:05 +0100] "HEAD /wp-content/uploads/2016/02/process@2x.jpg HTTP/1.1" 404 0 "http://www.nougat-bb.be/" "Mozilla/5.0 (Linux; Android 6.0.1; Nexus 5X Build/MMB29P) AppleWebKit/537.36 (KHTML, like Gecko) Chrome/121.0.6167.85 Mobile Safari/537.36 (compatible; Googlebot/2.1; +http://www.google.com/bot.html)"
66.249.66.164 www.nougat-bb.be - [11/Feb/2024:09:40:05 +0100] "HEAD /wp-content/uploads/2016/02/home_tea_sep2@2x.png HTTP/1.1" 404 0 "http://www.nougat-bb.be/" "Mozilla/5.0 (Linux; Android 6.0.1; Nexus 5X Build/MMB29P) AppleWebKit/537.36 (KHTML, like Gecko) Chrome/121.0.6167.85 Mobile Safari/537.36 (compatible; Googlebot/2.1; +http://www.google.com/bot.html)"
66.249.66.164 www.nougat-bb.be - [11/Feb/2024:09:40:05 +0100] "HEAD /wp-content/uploads/2016/02/home_tea_sep4@2x.png HTTP/1.1" 404 0 "http://www.nougat-bb.be/" "Mozilla/5.0 (Linux; Android 6.0.1; Nexus 5X Build/MMB29P) AppleWebKit/537.36 (KHTML, like Gecko) Chrome/121.0.6167.85 Mobile Safari/537.36 (compatible; Googlebot/2.1; +http://www.google.com/bot.html)"
66.249.66.164 www.nougat-bb.be - [11/Feb/2024:09:40:06 +0100] "HEAD /wp-content/uploads/2016/02/hazelnoten_home@2x.jpg HTTP/1.1" 404 0 "http://www.nougat-bb.be/" "Mozilla/5.0 (Linux; Android 6.0.1; Nexus 5X Build/MMB29P) AppleWebKit/537.36 (KHTML, like Gecko) Chrome/121.0.6167.85 Mobile Safari/537.36 (compatible; Googlebot/2.1; +http://www.google.com/bot.html)"
66.249.66.164 www.nougat-bb.be - [11/Feb/2024:09:40:06 +0100] "HEAD /wp-content/uploads/2016/02/bruine-amandelen_home@2x.jpg HTTP/1.1" 404 0 "http://www.nougat-bb.be/" "Mozilla/5.0 (Linux; Android 6.0.1; Nexus 5X Build/MMB29P) AppleWebKit/537.36 (KHTML, like Gecko) Chrome/121.0.6167.85 Mobile Safari/537.36 (compatible; Googlebot/2.1; +http://www.google.com/bot.html)"
66.249.66.164 www.nougat-bb.be - [11/Feb/2024:09:40:07 +0100] "HEAD /wp-content/uploads/2016/02/miel@2x.jpg HTTP/1.1" 404 0 "http://www.nougat-bb.be/" "Mozilla/5.0 (Linux; Android 6.0.1; Nexus 5X Build/MMB29P) AppleWebKit/537.36 (KHTML, like Gecko) Chrome/121.0.6167.85 Mobile Safari/537.36 (compatible; Googlebot/2.1; +http://www.google.com/bot.html)"
157.55.39.225 www.nougat-bb.be - [11/Feb/2024:11:10:14 +0100] "GET /robots.txt HTTP/1.1" 404 341 "-" "Mozilla/5.0 AppleWebKit/537.36 (KHTML, like Gecko; compatible; bingbot/2.0; +http://www.bing.com/bingbot.htm) Chrome/116.0.1938.76 Safari/537.36"
188.165.52.21 www.nougat-bb.be - [11/Feb/2024:11:10:22 +0100] "POST /wp-cron.php?doing_wp_cron=1707646223.1842329502105712890625 HTTP/1.1" 200 0 "-" "WordPress/6.4.3; http://www.nougat-bb.be"
52.167.144.212 www.nougat-bb.be - [11/Feb/2024:11:10:22 +0100] "GET /?s= HTTP/1.1" 200 79610 "-" "Mozilla/5.0 AppleWebKit/537.36 (KHTML, like Gecko; compatible; bingbot/2.0; +http://www.bing.com/bingbot.htm) Chrome/116.0.1938.76 Safari/537.36"
188.165.52.21 www.nougat-bb.be - [11/Feb/2024:17:14:59 +0100] "POST /wp-cron.php?doing_wp_cron=1707668100.4138159751892089843750 HTTP/1.1" 200 0 "-" "WordPress/6.4.3; http://www.nougat-bb.be"
20.191.45.212 www.nougat-bb.be - [11/Feb/2024:17:14:59 +0100] "GET / HTTP/1.1" 200 87673 "http://www.nougat-bb.be/" "Mozilla/5.0 (compatible; DuckDuckGo-Favicons-Bot/1.0; +http://duckduckgo.com)"
20.191.45.212 www.nougat-bb.be - [11/Feb/2024:17:14:59 +0100] "GET /wp-content/themes/betheme/betheme/images/favicon.ico HTTP/1.1" 200 5430 "http://www.nougat-bb.be/wp-content/themes/betheme/betheme/images/favicon.ico" "Mozilla/5.0 (compatible; DuckDuckGo-Favicons-Bot/1.0; +http://duckduckgo.com)"
213.167.242.53 www.nougat-bb.be - [11/Feb/2024:17:50:03 +0100] "POST /wp-cron.php?doing_wp_cron=1707670203.3514759540557861328125 HTTP/1.1" 200 0 "http://www.nougat-bb.be/wp-cron.php?doing_wp_cron=1707670203.3514759540557861328125" "WordPress/4.6.1; http://www.nougat-bb.be"
188.165.52.21 www.nougat-bb.be - [11/Feb/2024:22:35:20 +0100] "POST /wp-cron.php?doing_wp_cron=1707687320.4006230831146240234375 HTTP/1.1" 200 0 "-" "WordPress/6.4.3; http://www.nougat-bb.be"
52.167.144.20 www.nougat-bb.be - [11/Feb/2024:22:35:20 +0100] "GET /?s=2024 HTTP/1.1" 200 79634 "-" "Mozilla/5.0 AppleWebKit/537.36 (KHTML, like Gecko; compatible; bingbot/2.0; +http://www.bing.com/bingbot.htm) Chrome/116.0.1938.76 Safari/537.36"
188.165.52.21 www.nougat-bb.be - [12/Feb/2024:08:08:57 +0100] "POST /wp-cron.php?doing_wp_cron=1707721738.2509489059448242187500 HTTP/1.1" 200 0 "-" "WordPress/6.4.3; http://www.nougat-bb.be"
54.39.131.196 www.nougat-bb.be - [12/Feb/2024:08:08:57 +0100] "GET / HTTP/1.1" 200 87673 "-" "Mozilla/5.0 (Windows NT 6.1; Win64; x64; +http://url-classification.io/wiki/index.php?title=URL_server_crawler) KStandBot/1.0"
188.165.52.21 www.nougat-bb.be - [12/Feb/2024:08:58:15 +0100] "POST /wp-cron.php?doing_wp_cron=1707724695.2709059715270996093750 HTTP/1.1" 200 0 "-" "WordPress/6.4.3; http://www.nougat-bb.be"
52.167.144.204 www.nougat-bb.be - [12/Feb/2024:08:58:15 +0100] "GET /?s= HTTP/1.1" 200 79610 "-" "Mozilla/5.0 AppleWebKit/537.36 (KHTML, like Gecko; compatible; bingbot/2.0; +http://www.bing.com/bingbot.htm) Chrome/116.0.1938.76 Safari/537.36"
188.165.52.21 www.nougat-bb.be - [12/Feb/2024:21:34:24 +0100] "POST /wp-cron.php?doing_wp_cron=1707770065.1825850009918212890625 HTTP/1.1" 200 0 "-" "WordPress/6.4.3; http://www.nougat-bb.be"
52.167.144.219 www.nougat-bb.be - [12/Feb/2024:21:34:24 +0100] "GET /?s=2024 HTTP/1.1" 200 79634 "-" "Mozilla/5.0 AppleWebKit/537.36 (KHTML, like Gecko; compatible; bingbot/2.0; +http://www.bing.com/bingbot.htm) Chrome/116.0.1938.76 Safari/537.36"
188.165.52.21 www.nougat-bb.be - [12/Feb/2024:21:37:17 +0100] "POST /wp-cron.php?doing_wp_cron=1707770237.7300620079040527343750 HTTP/1.1" 200 0 "-" "WordPress/6.4.3; http://www.nougat-bb.be"
40.77.167.53 www.nougat-bb.be - [12/Feb/2024:21:37:17 +0100] "GET /?s= HTTP/1.1" 200 79610 "-" "Mozilla/5.0 AppleWebKit/537.36 (KHTML, like Gecko; compatible; bingbot/2.0; +http://www.bing.com/bingbot.htm) Chrome/116.0.1938.76 Safari/537.36"
66.249.66.166 www.nougat-bb.be - [13/Feb/2024:01:31:13 +0100] "GET /robots.txt HTTP/1.1" 404 341 "-" "Mozilla/5.0 (compatible; Googlebot/2.1; +http://www.google.com/bot.html)"
188.165.52.21 www.nougat-bb.be - [13/Feb/2024:01:31:14 +0100] "POST /wp-cron.php?doing_wp_cron=1707784274.8993449211120605468750 HTTP/1.1" 200 0 "-" "WordPress/6.4.3; http://www.nougat-bb.be"
66.249.66.166 www.nougat-bb.be - [13/Feb/2024:01:31:14 +0100] "GET /index.php/comments/feed/ HTTP/1.1" 200 773 "-" "Mozilla/5.0 (Linux; Android 6.0.1; Nexus 5X Build/MMB29P) AppleWebKit/537.36 (KHTML, like Gecko) Chrome/121.0.6167.85 Mobile Safari/537.36 (compatible; Googlebot/2.1; +http://www.google.com/bot.html)"
114.119.152.216 www.nougat-bb.be - [13/Feb/2024:06:08:48 +0100] "GET /robots.txt HTTP/1.1" 404 341 "-" "Mozilla/5.0 (compatible;PetalBot;+https://webmaster.petalsearch.com/site/petalbot)"
188.165.52.21 www.nougat-bb.be - [13/Feb/2024:18:51:36 +0100] "POST /wp-cron.php?doing_wp_cron=1707846696.0014410018920898437500 HTTP/1.1" 200 0 "-" "WordPress/6.4.3; http://www.nougat-bb.be"
205.210.31.230 www.nougat-bb.be - [13/Feb/2024:18:51:36 +0100] "GET / HTTP/1.1" 200 87673 "-" "Expanse, a Palo Alto Networks company, searches across the global IPv4 space multiple times per day to identify customers' presences on the Internet. If you would like to be excluded from our scans, please send IP addresses/domains to: scaninfo@paloaltonetworks.com"
52.167.144.54 www.nougat-bb.be - [13/Feb/2024:20:49:37 +0100] "GET /robots.txt HTTP/1.1" 404 341 "-" "Mozilla/5.0 AppleWebKit/537.36 (KHTML, like Gecko; compatible; bingbot/2.0; +http://www.bing.com/bingbot.htm) Chrome/116.0.1938.76 Safari/537.36"
188.165.52.21 www.nougat-bb.be - [13/Feb/2024:20:49:43 +0100] "POST /wp-cron.php?doing_wp_cron=1707853783.9365370273590087890625 HTTP/1.1" 200 0 "-" "WordPress/6.4.3; http://www.nougat-bb.be"
52.167.144.238 www.nougat-bb.be - [13/Feb/2024:20:49:43 +0100] "GET /?s=2023 HTTP/1.1" 200 79634 "-" "Mozilla/5.0 AppleWebKit/537.36 (KHTML, like Gecko; compatible; bingbot/2.0; +http://www.bing.com/bingbot.htm) Chrome/116.0.1938.76 Safari/537.36"
188.165.52.21 www.nougat-bb.be - [14/Feb/2024:01:00:58 +0100] "POST /wp-cron.php?doing_wp_cron=1707868859.0336918830871582031250 HTTP/1.1" 200 0 "-" "WordPress/6.4.3; http://www.nougat-bb.be"
40.77.167.68 www.nougat-bb.be - [14/Feb/2024:01:00:58 +0100] "GET /?s=2023 HTTP/1.1" 200 79634 "-" "Mozilla/5.0 AppleWebKit/537.36 (KHTML, like Gecko; compatible; bingbot/2.0; +http://www.bing.com/bingbot.htm) Chrome/116.0.1938.76 Safari/537.36"
188.165.52.21 www.nougat-bb.be - [14/Feb/2024:05:11:39 +0100] "POST /wp-cron.php?doing_wp_cron=1707883899.8816061019897460937500 HTTP/1.1" 200 0 "-" "WordPress/6.4.3; http://www.nougat-bb.be"
40.77.167.33 www.nougat-bb.be - [14/Feb/2024:05:11:39 +0100] "GET / HTTP/1.1" 200 87673 "-" "Mozilla/5.0 AppleWebKit/537.36 (KHTML, like Gecko; compatible; bingbot/2.0; +http://www.bing.com/bingbot.htm) Chrome/116.0.1938.76 Safari/537.36"
207.46.13.124 www.nougat-bb.be - [14/Feb/2024:05:12:31 +0100] "GET /wp-content/plugins/LayerSlider/static/js/greensock.js?ver=1.11.8 HTTP/1.1" 200 59709 "-" "Mozilla/5.0 AppleWebKit/537.36 (KHTML, like Gecko; compatible; bingbot/2.0; +http://www.bing.com/bingbot.htm) Chrome/116.0.1938.76 Safari/537.36"
207.46.13.124 www.nougat-bb.be - [14/Feb/2024:05:12:31 +0100] "GET /wp-content/plugins/LayerSlider/static/js/layerslider.transitions.js?ver=5.6.9 HTTP/1.1" 200 21096 "-" "Mozilla/5.0 AppleWebKit/537.36 (KHTML, like Gecko; compatible; bingbot/2.0; +http://www.bing.com/bingbot.htm) Chrome/116.0.1938.76 Safari/537.36"
207.46.13.124 www.nougat-bb.be - [14/Feb/2024:05:12:31 +0100] "GET /wp-content/themes/betheme/betheme/assets/animations/animations.min.css?ver=14.7 HTTP/1.1" 200 58508 "-" "Mozilla/5.0 AppleWebKit/537.36 (KHTML, like Gecko; compatible; bingbot/2.0; +http://www.bing.com/bingbot.htm) Chrome/116.0.1938.76 Safari/537.36"
207.46.13.124 www.nougat-bb.be - [14/Feb/2024:05:12:32 +0100] "GET /wp-content/themes/betheme/betheme/assets/animations/animations.min.js?ver=14.7 HTTP/1.1" 200 1896 "-" "Mozilla/5.0 AppleWebKit/537.36 (KHTML, like Gecko; compatible; bingbot/2.0; +http://www.bing.com/bingbot.htm) Chrome/116.0.1938.76 Safari/537.36"
207.46.13.124 www.nougat-bb.be - [14/Feb/2024:05:12:32 +0100] "GET /wp-content/themes/betheme/betheme/css/layout.css?ver=14.7 HTTP/1.1" 200 109170 "-" "Mozilla/5.0 AppleWebKit/537.36 (KHTML, like Gecko; compatible; bingbot/2.0; +http://www.bing.com/bingbot.htm) Chrome/116.0.1938.76 Safari/537.36"
207.46.13.124 www.nougat-bb.be - [14/Feb/2024:05:12:32 +0100] "GET /wp-content/themes/betheme/betheme/css/responsive.css?ver=14.7 HTTP/1.1" 200 51251 "-" "Mozilla/5.0 AppleWebKit/537.36 (KHTML, like Gecko; compatible; bingbot/2.0; +http://www.bing.com/bingbot.htm) Chrome/116.0.1938.76 Safari/537.36"
207.46.13.124 www.nougat-bb.be - [14/Feb/2024:05:12:33 +0100] "GET /wp-content/themes/betheme/betheme/css/shortcodes.css?ver=14.7 HTTP/1.1" 200 129633 "-" "Mozilla/5.0 AppleWebKit/537.36 (KHTML, like Gecko; compatible; bingbot/2.0; +http://www.bing.com/bingbot.htm) Chrome/116.0.1938.76 Safari/537.36"
207.46.13.124 www.nougat-bb.be - [14/Feb/2024:05:12:33 +0100] "GET /wp-includes/css/dist/block-library/style.min.css?ver=6.4.3 HTTP/1.1" 200 110147 "-" "Mozilla/5.0 AppleWebKit/537.36 (KHTML, like Gecko; compatible; bingbot/2.0; +http://www.bing.com/bingbot.htm) Chrome/116.0.1938.76 Safari/537.36"
207.46.13.124 www.nougat-bb.be - [14/Feb/2024:05:12:33 +0100] "GET /wp-includes/js/jquery/jquery-migrate.min.js?ver=3.4.1 HTTP/1.1" 200 13577 "-" "Mozilla/5.0 AppleWebKit/537.36 (KHTML, like Gecko; compatible; bingbot/2.0; +http://www.bing.com/bingbot.htm) Chrome/116.0.1938.76 Safari/537.36"
207.46.13.124 www.nougat-bb.be - [14/Feb/2024:05:12:34 +0100] "GET /wp-includes/js/wp-emoji-release.min.js?ver=6.4.3 HTTP/1.1" 200 18692 "-" "Mozilla/5.0 AppleWebKit/537.36 (KHTML, like Gecko; compatible; bingbot/2.0; +http://www.bing.com/bingbot.htm) Chrome/116.0.1938.76 Safari/537.36"
52.167.144.140 www.nougat-bb.be - [14/Feb/2024:05:12:40 +0100] "GET /wp-content/plugins/LayerSlider/static/js/layerslider.kreaturamedia.jquery.js?ver=5.6.9 HTTP/1.1" 200 54713 "-" "Mozilla/5.0 AppleWebKit/537.36 (KHTML, like Gecko; compatible; bingbot/2.0; +http://www.bing.com/bingbot.htm) Chrome/116.0.1938.76 Safari/537.36"
52.167.144.140 www.nougat-bb.be - [14/Feb/2024:05:12:41 +0100] "GET /wp-content/plugins/contact-form-7/includes/css/styles.css?ver=5.8.5 HTTP/1.1" 200 2894 "-" "Mozilla/5.0 AppleWebKit/537.36 (KHTML, like Gecko; compatible; bingbot/2.0; +http://www.bing.com/bingbot.htm) Chrome/116.0.1938.76 Safari/537.36"
52.167.144.140 www.nougat-bb.be - [14/Feb/2024:05:12:41 +0100] "GET /wp-content/plugins/contact-form-7/includes/js/index.js?ver=5.8.5 HTTP/1.1" 200 13182 "-" "Mozilla/5.0 AppleWebKit/537.36 (KHTML, like Gecko; compatible; bingbot/2.0; +http://www.bing.com/bingbot.htm) Chrome/116.0.1938.76 Safari/537.36"
52.167.144.140 www.nougat-bb.be - [14/Feb/2024:05:12:41 +0100] "GET /wp-content/themes/betheme/betheme/assets/jplayer/css/jplayer.blue.monday.css?ver=14.7 HTTP/1.1" 200 10145 "-" "Mozilla/5.0 AppleWebKit/537.36 (KHTML, like Gecko; compatible; bingbot/2.0; +http://www.bing.com/bingbot.htm) Chrome/116.0.1938.76 Safari/537.36"
52.167.144.140 www.nougat-bb.be - [14/Feb/2024:05:12:41 +0100] "GET /wp-content/themes/betheme/betheme/assets/prettyPhoto/prettyPhoto.css?ver=14.7 HTTP/1.1" 200 18388 "-" "Mozilla/5.0 AppleWebKit/537.36 (KHTML, like Gecko; compatible; bingbot/2.0; +http://www.bing.com/bingbot.htm) Chrome/116.0.1938.76 Safari/537.36"
52.167.144.140 www.nougat-bb.be - [14/Feb/2024:05:12:41 +0100] "GET /wp-content/themes/betheme/betheme/css/base.css?ver=14.7 HTTP/1.1" 200 49620 "-" "Mozilla/5.0 AppleWebKit/537.36 (KHTML, like Gecko; compatible; bingbot/2.0; +http://www.bing.com/bingbot.htm) Chrome/116.0.1938.76 Safari/537.36"
52.167.144.140 www.nougat-bb.be - [14/Feb/2024:05:12:42 +0100] "GET /wp-content/themes/betheme/betheme/js/parallax/translate3d.js?ver=14.7 HTTP/1.1" 200 6715 "-" "Mozilla/5.0 AppleWebKit/537.36 (KHTML, like Gecko; compatible; bingbot/2.0; +http://www.bing.com/bingbot.htm) Chrome/116.0.1938.76 Safari/537.36"
52.167.144.140 www.nougat-bb.be - [14/Feb/2024:05:12:42 +0100] "GET /wp-includes/js/comment-reply.min.js?ver=6.4.3 HTTP/1.1" 200 2981 "-" "Mozilla/5.0 AppleWebKit/537.36 (KHTML, like Gecko; compatible; bingbot/2.0; +http://www.bing.com/bingbot.htm) Chrome/116.0.1938.76 Safari/537.36"
52.167.144.140 www.nougat-bb.be - [14/Feb/2024:05:12:42 +0100] "GET /wp-includes/js/jquery/ui/accordion.min.js?ver=1.13.2 HTTP/1.1" 200 8814 "-" "Mozilla/5.0 AppleWebKit/537.36 (KHTML, like Gecko; compatible; bingbot/2.0; +http://www.bing.com/bingbot.htm) Chrome/116.0.1938.76 Safari/537.36"
52.167.144.140 www.nougat-bb.be - [14/Feb/2024:05:12:43 +0100] "GET /wp-includes/js/jquery/ui/sortable.min.js?ver=1.13.2 HTTP/1.1" 200 25449 "-" "Mozilla/5.0 AppleWebKit/537.36 (KHTML, like Gecko; compatible; bingbot/2.0; +http://www.bing.com/bingbot.htm) Chrome/116.0.1938.76 Safari/537.36"
52.167.144.140 www.nougat-bb.be - [14/Feb/2024:05:12:43 +0100] "GET /wp-includes/js/jquery/ui/tabs.min.js?ver=1.13.2 HTTP/1.1" 200 11937 "-" "Mozilla/5.0 AppleWebKit/537.36 (KHTML, like Gecko; compatible; bingbot/2.0; +http://www.bing.com/bingbot.htm) Chrome/116.0.1938.76 Safari/537.36"
52.167.144.140 www.nougat-bb.be - [14/Feb/2024:05:12:43 +0100] "GET /wp-includes/js/jquery/jquery.min.js?ver=3.7.1 HTTP/1.1" 200 87553 "-" "Mozilla/5.0 AppleWebKit/537.36 (KHTML, like Gecko; compatible; bingbot/2.0; +http://www.bing.com/bingbot.htm) Chrome/116.0.1938.76 Safari/537.36"
40.77.167.33 www.nougat-bb.be - [14/Feb/2024:05:12:52 +0100] "GET /wp-content/plugins/LayerSlider/static/css/layerslider.css?ver=5.6.9 HTTP/1.1" 200 15709 "-" "Mozilla/5.0 AppleWebKit/537.36 (KHTML, like Gecko; compatible; bingbot/2.0; +http://www.bing.com/bingbot.htm) Chrome/116.0.1938.76 Safari/537.36"
40.77.167.33 www.nougat-bb.be - [14/Feb/2024:05:12:52 +0100] "GET /wp-content/plugins/contact-form-7/includes/swv/js/index.js?ver=5.8.5 HTTP/1.1" 200 11117 "-" "Mozilla/5.0 AppleWebKit/537.36 (KHTML, like Gecko; compatible; bingbot/2.0; +http://www.bing.com/bingbot.htm) Chrome/116.0.1938.76 Safari/537.36"
40.77.167.33 www.nougat-bb.be - [14/Feb/2024:05:12:53 +0100] "GET /wp-content/themes/betheme/betheme/assets/jplayer/jplayer.min.js?ver=14.7 HTTP/1.1" 200 52702 "-" "Mozilla/5.0 AppleWebKit/537.36 (KHTML, like Gecko; compatible; bingbot/2.0; +http://www.bing.com/bingbot.htm) Chrome/116.0.1938.76 Safari/537.36"
40.77.167.33 www.nougat-bb.be - [14/Feb/2024:05:12:53 +0100] "GET /wp-content/themes/betheme/betheme/assets/ui/jquery.ui.all.css?ver=14.7 HTTP/1.1" 200 19611 "-" "Mozilla/5.0 AppleWebKit/537.36 (KHTML, like Gecko; compatible; bingbot/2.0; +http://www.bing.com/bingbot.htm) Chrome/116.0.1938.76 Safari/537.36"
40.77.167.33 www.nougat-bb.be - [14/Feb/2024:05:12:53 +0100] "GET /wp-content/themes/betheme/betheme/js/plugins.js?ver=14.7 HTTP/1.1" 200 220551 "-" "Mozilla/5.0 AppleWebKit/537.36 (KHTML, like Gecko; compatible; bingbot/2.0; +http://www.bing.com/bingbot.htm) Chrome/116.0.1938.76 Safari/537.36"
40.77.167.33 www.nougat-bb.be - [14/Feb/2024:05:12:54 +0100] "GET /wp-content/themes/betheme/betheme/js/scripts.js?ver=14.7 HTTP/1.1" 200 61775 "-" "Mozilla/5.0 AppleWebKit/537.36 (KHTML, like Gecko; compatible; bingbot/2.0; +http://www.bing.com/bingbot.htm) Chrome/116.0.1938.76 Safari/537.36"
40.77.167.33 www.nougat-bb.be - [14/Feb/2024:05:12:54 +0100] "GET /wp-content/themes/betheme/betheme/style.css?ver=14.7 HTTP/1.1" 200 282 "-" "Mozilla/5.0 AppleWebKit/537.36 (KHTML, like Gecko; compatible; bingbot/2.0; +http://www.bing.com/bingbot.htm) Chrome/116.0.1938.76 Safari/537.36"
40.77.167.33 www.nougat-bb.be - [14/Feb/2024:05:12:54 +0100] "GET /wp-content/themes/betheme/betheme/js/menu.js?ver=14.7 HTTP/1.1" 200 2451 "-" "Mozilla/5.0 AppleWebKit/537.36 (KHTML, like Gecko; compatible; bingbot/2.0; +http://www.bing.com/bingbot.htm) Chrome/116.0.1938.76 Safari/537.36"
40.77.167.33 www.nougat-bb.be - [14/Feb/2024:05:12:55 +0100] "GET /wp-includes/js/jquery/ui/core.min.js?ver=1.13.2 HTTP/1.1" 200 21438 "-" "Mozilla/5.0 AppleWebKit/537.36 (KHTML, like Gecko; compatible; bingbot/2.0; +http://www.bing.com/bingbot.htm) Chrome/116.0.1938.76 Safari/537.36"
40.77.167.33 www.nougat-bb.be - [14/Feb/2024:05:12:55 +0100] "GET /wp-includes/js/jquery/ui/mouse.min.js?ver=1.13.2 HTTP/1.1" 200 3402 "-" "Mozilla/5.0 AppleWebKit/537.36 (KHTML, like Gecko; compatible; bingbot/2.0; +http://www.bing.com/bingbot.htm) Chrome/116.0.1938.76 Safari/537.36"
40.77.190.228 www.nougat-bb.be - [14/Feb/2024:05:29:06 +0100] "GET /wp-content/themes/betheme/betheme/fonts/mfn-icons.woff?12022314 HTTP/1.1" 200 80132 "http://www.nougat-bb.be/wp-content/themes/betheme/betheme/css/base.css?ver=14.7" "Mozilla/5.0 AppleWebKit/537.36 (KHTML, like Gecko; compatible; bingbot/2.0; +http://www.bing.com/bingbot.htm) Chrome/112.0.0.0 Safari/537.36"
185.191.171.8 www.nougat-bb.be - [14/Feb/2024:13:19:12 +0100] "GET /robots.txt HTTP/1.1" 404 341 "-" "Mozilla/5.0 (compatible; SemrushBot/7~bl; +http://www.semrush.com/bot.html)"
188.165.52.21 www.nougat-bb.be - [14/Feb/2024:13:19:19 +0100] "POST /wp-cron.php?doing_wp_cron=1707913159.8480908870697021484375 HTTP/1.1" 200 0 "-" "WordPress/6.4.3; http://www.nougat-bb.be"
85.208.96.208 www.nougat-bb.be - [14/Feb/2024:13:19:19 +0100] "GET /index.php/fabrication/ HTTP/1.1" 200 80840 "-" "Mozilla/5.0 (compatible; SemrushBot/7~bl; +http://www.semrush.com/bot.html)"
13.67.175.95 www.nougat-bb.be - [14/Feb/2024:13:31:11 +0100] "GET /robots.txt HTTP/1.1" 404 341 "-" "Mozilla/5.0 (Windows NT 10.0; Win64; x64) AppleWebKit/537.36 (KHTML, like Gecko) Chrome/93.0.4577.15 Safari/537.36"
188.165.52.21 www.nougat-bb.be - [14/Feb/2024:13:48:55 +0100] "POST /wp-cron.php?doing_wp_cron=1707914935.2327239513397216796875 HTTP/1.1" 200 0 "-" "WordPress/6.4.3; http://www.nougat-bb.be"
52.167.144.194 www.nougat-bb.be - [14/Feb/2024:13:48:55 +0100] "GET /?s=2023 HTTP/1.1" 200 79634 "-" "Mozilla/5.0 AppleWebKit/537.36 (KHTML, like Gecko; compatible; bingbot/2.0; +http://www.bing.com/bingbot.htm) Chrome/116.0.1938.76 Safari/537.36"
66.249.66.165 www.nougat-bb.be - [14/Feb/2024:14:31:58 +0100] "GET /robots.txt HTTP/1.1" 404 341 "-" "Mozilla/5.0 (compatible; Googlebot/2.1; +http://www.google.com/bot.html)"
66.249.66.165 www.nougat-bb.be - [14/Feb/2024:14:31:59 +0100] "GET / HTTP/1.1" 200 87673 "-" "Mozilla/5.0 (Linux; Android 6.0.1; Nexus 5X Build/MMB29P) AppleWebKit/537.36 (KHTML, like Gecko) Chrome/121.0.6167.139 Mobile Safari/537.36 (compatible; Googlebot/2.1; +http://www.google.com/bot.html)"
66.249.66.165 www.nougat-bb.be - [14/Feb/2024:14:32:12 +0100] "GET /wp-content/themes/betheme/betheme/css/layout.css?ver=14.7 HTTP/1.1" 200 109170 "http://www.nougat-bb.be/" "Mozilla/5.0 (Linux; Android 6.0.1; Nexus 5X Build/MMB29P) AppleWebKit/537.36 (KHTML, like Gecko) Chrome/121.0.6167.85 Mobile Safari/537.36 (compatible; Googlebot/2.1; +http://www.google.com/bot.html)"
66.249.66.165 www.nougat-bb.be - [14/Feb/2024:14:32:12 +0100] "GET /wp-content/themes/betheme/betheme/assets/jplayer/jplayer.min.js?ver=14.7 HTTP/1.1" 200 52702 "http://www.nougat-bb.be/" "Mozilla/5.0 (Linux; Android 6.0.1; Nexus 5X Build/MMB29P) AppleWebKit/537.36 (KHTML, like Gecko) Chrome/121.0.6167.85 Mobile Safari/537.36 (compatible; Googlebot/2.1; +http://www.google.com/bot.html)"
66.249.66.165 www.nougat-bb.be - [14/Feb/2024:14:32:15 +0100] "GET /wp-content/themes/betheme/betheme/assets/ui/jquery.ui.all.css?ver=14.7 HTTP/1.1" 200 19611 "http://www.nougat-bb.be/" "Mozilla/5.0 (Linux; Android 6.0.1; Nexus 5X Build/MMB29P) AppleWebKit/537.36 (KHTML, like Gecko) Chrome/121.0.6167.85 Mobile Safari/537.36 (compatible; Googlebot/2.1; +http://www.google.com/bot.html)"
66.249.66.165 www.nougat-bb.be - [14/Feb/2024:14:32:15 +0100] "GET /wp-content/themes/betheme/betheme/css/shortcodes.css?ver=14.7 HTTP/1.1" 200 129633 "http://www.nougat-bb.be/" "Mozilla/5.0 (Linux; Android 6.0.1; Nexus 5X Build/MMB29P) AppleWebKit/537.36 (KHTML, like Gecko) Chrome/121.0.6167.85 Mobile Safari/537.36 (compatible; Googlebot/2.1; +http://www.google.com/bot.html)"
66.249.66.165 www.nougat-bb.be - [14/Feb/2024:14:32:16 +0100] "HEAD /wp-content/uploads/2016/02/hazelnoten_home@2x.jpg HTTP/1.1" 404 0 "http://www.nougat-bb.be/" "Mozilla/5.0 (Linux; Android 6.0.1; Nexus 5X Build/MMB29P) AppleWebKit/537.36 (KHTML, like Gecko) Chrome/121.0.6167.85 Mobile Safari/537.36 (compatible; Googlebot/2.1; +http://www.google.com/bot.html)"
66.249.66.164 www.nougat-bb.be - [14/Feb/2024:14:32:16 +0100] "HEAD /wp-content/uploads/2016/02/home_tea_sep@2x.png HTTP/1.1" 404 0 "http://www.nougat-bb.be/" "Mozilla/5.0 (Linux; Android 6.0.1; Nexus 5X Build/MMB29P) AppleWebKit/537.36 (KHTML, like Gecko) Chrome/121.0.6167.85 Mobile Safari/537.36 (compatible; Googlebot/2.1; +http://www.google.com/bot.html)"
66.249.66.164 www.nougat-bb.be - [14/Feb/2024:14:32:17 +0100] "HEAD /wp-content/uploads/2016/02/home_tea_sep@2x.png HTTP/1.1" 404 0 "http://www.nougat-bb.be/" "Mozilla/5.0 (Linux; Android 6.0.1; Nexus 5X Build/MMB29P) AppleWebKit/537.36 (KHTML, like Gecko) Chrome/121.0.6167.85 Mobile Safari/537.36 (compatible; Googlebot/2.1; +http://www.google.com/bot.html)"
66.249.66.164 www.nougat-bb.be - [14/Feb/2024:14:32:18 +0100] "HEAD /wp-content/uploads/2016/02/bruine-amandelen_home@2x.jpg HTTP/1.1" 404 0 "http://www.nougat-bb.be/" "Mozilla/5.0 (Linux; Android 6.0.1; Nexus 5X Build/MMB29P) AppleWebKit/537.36 (KHTML, like Gecko) Chrome/121.0.6167.85 Mobile Safari/537.36 (compatible; Googlebot/2.1; +http://www.google.com/bot.html)"
66.249.66.164 www.nougat-bb.be - [14/Feb/2024:14:32:18 +0100] "HEAD /wp-content/uploads/2016/09/Logo_small@2x.jpg HTTP/1.1" 404 0 "http://www.nougat-bb.be/" "Mozilla/5.0 (Linux; Android 6.0.1; Nexus 5X Build/MMB29P) AppleWebKit/537.36 (KHTML, like Gecko) Chrome/121.0.6167.85 Mobile Safari/537.36 (compatible; Googlebot/2.1; +http://www.google.com/bot.html)"
66.249.66.164 www.nougat-bb.be - [14/Feb/2024:14:32:19 +0100] "HEAD /wp-content/uploads/2016/09/Logo_small@2x.jpg HTTP/1.1" 404 0 "http://www.nougat-bb.be/" "Mozilla/5.0 (Linux; Android 6.0.1; Nexus 5X Build/MMB29P) AppleWebKit/537.36 (KHTML, like Gecko) Chrome/121.0.6167.85 Mobile Safari/537.36 (compatible; Googlebot/2.1; +http://www.google.com/bot.html)"
66.249.66.164 www.nougat-bb.be - [14/Feb/2024:14:32:19 +0100] "HEAD /wp-content/uploads/2016/09/Logo_small@2x.jpg HTTP/1.1" 404 0 "http://www.nougat-bb.be/" "Mozilla/5.0 (Linux; Android 6.0.1; Nexus 5X Build/MMB29P) AppleWebKit/537.36 (KHTML, like Gecko) Chrome/121.0.6167.85 Mobile Safari/537.36 (compatible; Googlebot/2.1; +http://www.google.com/bot.html)"
66.249.66.164 www.nougat-bb.be - [14/Feb/2024:14:32:20 +0100] "HEAD /wp-content/uploads/2016/02/home_tea_sep4@2x.png HTTP/1.1" 404 0 "http://www.nougat-bb.be/" "Mozilla/5.0 (Linux; Android 6.0.1; Nexus 5X Build/MMB29P) AppleWebKit/537.36 (KHTML, like Gecko) Chrome/121.0.6167.85 Mobile Safari/537.36 (compatible; Googlebot/2.1; +http://www.google.com/bot.html)"
66.249.66.164 www.nougat-bb.be - [14/Feb/2024:14:32:21 +0100] "HEAD /wp-content/uploads/2016/02/home_tea_sep3@2x.png HTTP/1.1" 404 0 "http://www.nougat-bb.be/" "Mozilla/5.0 (Linux; Android 6.0.1; Nexus 5X Build/MMB29P) AppleWebKit/537.36 (KHTML, like Gecko) Chrome/121.0.6167.85 Mobile Safari/537.36 (compatible; Googlebot/2.1; +http://www.google.com/bot.html)"
66.249.66.164 www.nougat-bb.be - [14/Feb/2024:14:32:21 +0100] "HEAD /wp-content/uploads/2016/02/miel@2x.jpg HTTP/1.1" 404 0 "http://www.nougat-bb.be/" "Mozilla/5.0 (Linux; Android 6.0.1; Nexus 5X Build/MMB29P) AppleWebKit/537.36 (KHTML, like Gecko) Chrome/121.0.6167.85 Mobile Safari/537.36 (compatible; Googlebot/2.1; +http://www.google.com/bot.html)"
66.249.66.164 www.nougat-bb.be - [14/Feb/2024:14:32:22 +0100] "HEAD /wp-content/uploads/2016/02/process@2x.jpg HTTP/1.1" 404 0 "http://www.nougat-bb.be/" "Mozilla/5.0 (Linux; Android 6.0.1; Nexus 5X Build/MMB29P) AppleWebKit/537.36 (KHTML, like Gecko) Chrome/121.0.6167.85 Mobile Safari/537.36 (compatible; Googlebot/2.1; +http://www.google.com/bot.html)"
66.249.66.164 www.nougat-bb.be - [14/Feb/2024:14:32:22 +0100] "HEAD /wp-content/uploads/2016/02/home_tea_sep2@2x.png HTTP/1.1" 404 0 "http://www.nougat-bb.be/" "Mozilla/5.0 (Linux; Android 6.0.1; Nexus 5X Build/MMB29P) AppleWebKit/537.36 (KHTML, like Gecko) Chrome/121.0.6167.85 Mobile Safari/537.36 (compatible; Googlebot/2.1; +http://www.google.com/bot.html)"
66.249.66.164 www.nougat-bb.be - [14/Feb/2024:14:32:25 +0100] "HEAD /wp-content/uploads/2016/02/home_tea_sep@2x.png HTTP/1.1" 404 0 "http://www.nougat-bb.be/" "Mozilla/5.0 (Linux; Android 6.0.1; Nexus 5X Build/MMB29P) AppleWebKit/537.36 (KHTML, like Gecko) Chrome/121.0.6167.85 Mobile Safari/537.36 (compatible; Googlebot/2.1; +http://www.google.com/bot.html)"
188.165.52.21 www.nougat-bb.be - [14/Feb/2024:15:23:03 +0100] "POST /wp-cron.php?doing_wp_cron=1707920583.2494750022888183593750 HTTP/1.1" 200 0 "-" "WordPress/6.4.3; http://www.nougat-bb.be"
66.249.66.164 www.nougat-bb.be - [14/Feb/2024:15:23:03 +0100] "GET / HTTP/1.1" 200 87673 "-" "Mozilla/5.0 (Linux; Android 6.0.1; Nexus 5X Build/MMB29P) AppleWebKit/537.36 (KHTML, like Gecko) Chrome/121.0.6167.139 Mobile Safari/537.36 (compatible; Googlebot/2.1; +http://www.google.com/bot.html)"
66.249.66.164 www.nougat-bb.be - [14/Feb/2024:15:23:11 +0100] "GET /wp-includes/css/dist/block-library/style.min.css?ver=6.4.3 HTTP/1.1" 200 110147 "http://www.nougat-bb.be/" "Mozilla/5.0 (Linux; Android 6.0.1; Nexus 5X Build/MMB29P) AppleWebKit/537.36 (KHTML, like Gecko) Chrome/121.0.6167.85 Mobile Safari/537.36 (compatible; Googlebot/2.1; +http://www.google.com/bot.html)"
