34.247.116.121 - - [27/Dec/2023:12:57:07 +0100] "GET /index.php/category/travail-en-cours/ HTTP/1.1" 200 21272 "http://www.cordales.be/" "Mozilla/5.0 (Macintosh; Intel Mac OS X 10_15_5) AppleWebKit/537.36 (KHTML, like Gecko) Chrome/83.0.4103.61 Safari/537.36"
34.247.116.121 - - [27/Dec/2023:12:57:11 +0100] "GET /index.php/biographie/ HTTP/1.1" 200 23764 "http://www.cordales.be/" "Mozilla/5.0 (Macintosh; Intel Mac OS X 10_15_5) AppleWebKit/537.36 (KHTML, like Gecko) Chrome/83.0.4103.61 Safari/537.36"
46.226.109.11 - - [27/Dec/2023:13:07:40 +0100] "POST /wp-cron.php?doing_wp_cron=1703678860.8342840671539306640625 HTTP/1.1" 200 0 "http://www.cordales.be/wp-cron.php?doing_wp_cron=1703678860.8342840671539306640625" "WordPress/5.3.16; http://www.cordales.be" doing_wp_cron=1703678860.8342840671539306640625
144.217.181.137 - - [27/Dec/2023:13:07:40 +0100] "POST /wp-login.php HTTP/1.1" 200 5992 "-" "Mozilla/5.0 (Windows NT 5.1) AppleWebKit/537.36 (KHTML, like Gecko) Chrome/47.0.2526.106 Safari/537.36"
167.71.233.39 - - [27/Dec/2023:13:10:01 +0100] "POST /wp-login.php HTTP/1.1" 200 6112 "-" "Mozilla/5.0 (Windows NT 6.3; Win64; x64) AppleWebKit/537.36 (KHTML, like Gecko) Chrome/79.0.3945.130 Safari/537.36"
46.226.109.11 - - [27/Dec/2023:13:41:10 +0100] "POST /wp-cron.php?doing_wp_cron=1703680870.8992209434509277343750 HTTP/1.1" 200 0 "http://www.cordales.be/wp-cron.php?doing_wp_cron=1703680870.8992209434509277343750" "WordPress/5.3.16; http://www.cordales.be" doing_wp_cron=1703680870.8992209434509277343750
104.131.177.21 - - [27/Dec/2023:13:41:10 +0100] "POST /wp-login.php HTTP/1.1" 200 5992 "-" "Mozilla/5.0 (Windows NT 6.3; Win64; x64) AppleWebKit/537.36 (KHTML, like Gecko) Chrome/62.0.3202.94 Safari/537.36"
134.122.123.193 - - [27/Dec/2023:13:43:38 +0100] "POST /wp-login.php HTTP/1.1" 200 6112 "-" "Mozilla/5.0 (Windows NT 6.1) AppleWebKit/537.36 (KHTML, like Gecko) Chrome/62.0.3202.94 Safari/537.36"
51.222.253.7 - - [27/Dec/2023:13:59:17 +0100] "GET /robots.txt HTTP/1.1" 404 345 "-" "Mozilla/5.0 (compatible; AhrefsBot/7.0; +http://ahrefs.com/robot/)"
46.226.109.11 - - [27/Dec/2023:14:25:39 +0100] "POST /wp-cron.php?doing_wp_cron=1703683539.0916690826416015625000 HTTP/1.1" 200 0 "http://www.cordales.be/wp-cron.php?doing_wp_cron=1703683539.0916690826416015625000" "WordPress/5.3.16; http://www.cordales.be" doing_wp_cron=1703683539.0916690826416015625000
111.230.202.147 - - [27/Dec/2023:14:25:39 +0100] "POST /wp-login.php HTTP/1.1" 200 5992 "-" "Mozilla/5.0 (Windows NT 6.1; Win64; x64) AppleWebKit/537.36 (KHTML, like Gecko) Chrome/55.0.2883.87 Safari/537.36"
206.189.59.247 - - [27/Dec/2023:14:28:12 +0100] "POST /wp-login.php HTTP/1.1" 200 5992 "-" "Mozilla/5.0 (Windows NT 10.0; WOW64) AppleWebKit/537.36 (KHTML, like Gecko) Chrome/46.0.2490.86 Safari/537.36"
136.243.228.193 - - [27/Dec/2023:14:30:42 +0100] "GET /wp-content/uploads/2015/03/ HTTP/1.1" 200 6281 "-" "Mozilla/5.0 (compatible; DataForSeoBot/1.0; +https://dataforseo.com/dataforseo-bot)"
136.243.228.193 - - [27/Dec/2023:14:30:43 +0100] "GET /index.php/feed/ HTTP/1.1" 200 7392 "-" "Mozilla/5.0 (compatible; DataForSeoBot/1.0; +https://dataforseo.com/dataforseo-bot)"
46.226.109.11 - - [27/Dec/2023:14:51:02 +0100] "POST /wp-cron.php?doing_wp_cron=1703685062.3324649333953857421875 HTTP/1.1" 200 0 "http://www.cordales.be/wp-cron.php?doing_wp_cron=1703685062.3324649333953857421875" "WordPress/5.3.16; http://www.cordales.be" doing_wp_cron=1703685062.3324649333953857421875
136.243.228.193 - - [27/Dec/2023:14:51:02 +0100] "GET /index.php/comments/feed/ HTTP/1.1" 200 1831 "-" "Mozilla/5.0 (compatible; DataForSeoBot/1.0; +https://dataforseo.com/dataforseo-bot)"
46.226.109.11 - - [27/Dec/2023:15:01:14 +0100] "POST /wp-cron.php?doing_wp_cron=1703685674.2307898998260498046875 HTTP/1.1" 200 0 "http://www.cordales.be/wp-cron.php?doing_wp_cron=1703685674.2307898998260498046875" "WordPress/5.3.16; http://www.cordales.be" doing_wp_cron=1703685674.2307898998260498046875
34.75.65.218 - - [27/Dec/2023:15:01:14 +0100] "POST /wp-login.php HTTP/1.1" 200 5992 "-" "Mozilla/5.0 (Windows NT 10.0; WOW64) AppleWebKit/537.36 (KHTML, like Gecko) Chrome/79.0.3945.130 Safari/537.36"
67.205.173.154 - - [27/Dec/2023:15:03:59 +0100] "POST /wp-login.php HTTP/1.1" 200 5992 "-" "Mozilla/5.0 (Windows NT 10.0; WOW64) AppleWebKit/537.36 (KHTML, like Gecko) Chrome/57.0.2987.133 Safari/537.36"
46.226.109.11 - - [27/Dec/2023:15:30:21 +0100] "POST /wp-cron.php?doing_wp_cron=1703687421.8150119781494140625000 HTTP/1.1" 200 0 "http://www.cordales.be/wp-cron.php?doing_wp_cron=1703687421.8150119781494140625000" "WordPress/5.3.16; http://www.cordales.be" doing_wp_cron=1703687421.8150119781494140625000
123.187.240.242 - - [27/Dec/2023:15:30:22 +0100] "GET / HTTP/1.1" 200 22504 "-" "Mozilla/5.0 (iPhone; CPU iPhone OS 13_2_3 like Mac OS X) AppleWebKit/605.1.15 (KHTML, like Gecko) Version/13.0.3 Mobile/15E148 Safari/604.1"
46.226.109.11 - - [27/Dec/2023:15:38:43 +0100] "POST /wp-cron.php?doing_wp_cron=1703687923.9192039966583251953125 HTTP/1.1" 200 0 "http://www.cordales.be/wp-cron.php?doing_wp_cron=1703687923.9192039966583251953125" "WordPress/5.3.16; http://www.cordales.be" doing_wp_cron=1703687923.9192039966583251953125
142.4.12.109 - - [27/Dec/2023:15:38:43 +0100] "POST /wp-login.php HTTP/1.1" 200 5992 "-" "Mozilla/5.0 (Windows NT 6.1; WOW64) AppleWebKit/537.36 (KHTML, like Gecko) Chrome/52.0.2743.116 Safari/537.36"
148.72.208.193 - - [27/Dec/2023:15:41:29 +0100] "POST /wp-login.php HTTP/1.1" 200 5992 "-" "Mozilla/5.0 (Windows NT 6.1; Win64; x64) AppleWebKit/537.36 (KHTML, like Gecko) Chrome/70.0.3538.67 Safari/537.36"
46.226.109.11 - - [27/Dec/2023:16:45:03 +0100] "POST /wp-cron.php?doing_wp_cron=1703691903.3389000892639160156250 HTTP/1.1" 200 0 "http://www.cordales.be/wp-cron.php?doing_wp_cron=1703691903.3389000892639160156250" "WordPress/5.3.16; http://www.cordales.be" doing_wp_cron=1703691903.3389000892639160156250
34.247.116.121 - - [27/Dec/2023:16:45:03 +0100] "GET /index.php/galerie/ HTTP/1.1" 200 52489 "http://www.cordales.be/" "Mozilla/5.0 (Macintosh; Intel Mac OS X 10_15_5) AppleWebKit/537.36 (KHTML, like Gecko) Chrome/83.0.4103.61 Safari/537.36"
34.247.116.121 - - [27/Dec/2023:16:45:07 +0100] "GET /index.php/galerie/la-vie-sauvage/ HTTP/1.1" 200 23524 "http://www.cordales.be/" "Mozilla/5.0 (Macintosh; Intel Mac OS X 10_15_5) AppleWebKit/537.36 (KHTML, like Gecko) Chrome/83.0.4103.61 Safari/537.36"
34.247.116.121 - - [27/Dec/2023:16:45:11 +0100] "GET /index.php/galerie/le-lion-et-sa-lionne-1/ HTTP/1.1" 200 23349 "http://www.cordales.be/" "Mozilla/5.0 (Macintosh; Intel Mac OS X 10_15_5) AppleWebKit/537.36 (KHTML, like Gecko) Chrome/83.0.4103.61 Safari/537.36"
34.247.116.121 - - [27/Dec/2023:16:45:15 +0100] "GET /index.php/galerie/le-lion-et-sa-lionne-2/ HTTP/1.1" 200 23325 "http://www.cordales.be/" "Mozilla/5.0 (Macintosh; Intel Mac OS X 10_15_5) AppleWebKit/537.36 (KHTML, like Gecko) Chrome/83.0.4103.61 Safari/537.36"
34.247.116.121 - - [27/Dec/2023:16:45:18 +0100] "GET /index.php/galerie/le-lion-et-sa-lionne-3/ HTTP/1.1" 200 22899 "http://www.cordales.be/" "Mozilla/5.0 (Macintosh; Intel Mac OS X 10_15_5) AppleWebKit/537.36 (KHTML, like Gecko) Chrome/83.0.4103.61 Safari/537.36"
34.247.116.121 - - [27/Dec/2023:16:45:22 +0100] "GET /index.php/galerie/seasex-and-sun/ HTTP/1.1" 200 25620 "http://www.cordales.be/" "Mozilla/5.0 (Macintosh; Intel Mac OS X 10_15_5) AppleWebKit/537.36 (KHTML, like Gecko) Chrome/83.0.4103.61 Safari/537.36"
34.247.116.121 - - [27/Dec/2023:16:45:25 +0100] "GET /index.php/galerie/abusives-supplications/ HTTP/1.1" 200 23688 "http://www.cordales.be/" "Mozilla/5.0 (Macintosh; Intel Mac OS X 10_15_5) AppleWebKit/537.36 (KHTML, like Gecko) Chrome/83.0.4103.61 Safari/537.36"
185.191.171.5 - - [27/Dec/2023:16:58:18 +0100] "GET /robots.txt HTTP/1.1" 404 345 "-" "Mozilla/5.0 (compatible; SemrushBot/7~bl; +http://www.semrush.com/bot.html)"
46.226.109.11 - - [27/Dec/2023:16:58:20 +0100] "POST /wp-cron.php?doing_wp_cron=1703692700.1305730342864990234375 HTTP/1.1" 200 0 "http://www.cordales.be/wp-cron.php?doing_wp_cron=1703692700.1305730342864990234375" "WordPress/5.3.16; http://www.cordales.be" doing_wp_cron=1703692700.1305730342864990234375
85.208.96.211 - - [27/Dec/2023:16:58:20 +0100] "GET /index.php/galerie/larmistice/ HTTP/1.1" 200 23243 "-" "Mozilla/5.0 (compatible; SemrushBot/7~bl; +http://www.semrush.com/bot.html)"
85.208.98.18 - - [27/Dec/2023:16:59:12 +0100] "GET /robots.txt HTTP/1.1" 404 345 "-" "Mozilla/5.0 (compatible; SemrushBot; +http://www.semrush.com/bot.html)"
85.208.98.18 - - [27/Dec/2023:17:00:16 +0100] "HEAD /wp-content/uploads/2015/03/ HTTP/1.1" 200 0 "-" "Mozilla/5.0 (compatible; SemrushBot; +http://www.semrush.com/bot.html)"
52.167.144.55 - - [27/Dec/2023:17:03:22 +0100] "GET /robots.txt HTTP/1.1" 404 345 "-" "Mozilla/5.0 AppleWebKit/537.36 (KHTML, like Gecko; compatible; bingbot/2.0; +http://www.bing.com/bingbot.htm) Chrome/116.0.1938.76 Safari/537.36"
52.167.144.175 - - [27/Dec/2023:17:03:32 +0100] "GET /wp-content/uploads/2016/12/Denims-attitude-5-1024x768.jpg HTTP/1.1" 200 121669 "-" "Mozilla/5.0 AppleWebKit/537.36 (KHTML, like Gecko; compatible; bingbot/2.0; +http://www.bing.com/bingbot.htm) Chrome/116.0.1938.76 Safari/537.36"
46.226.109.11 - - [27/Dec/2023:17:16:29 +0100] "POST /wp-cron.php?doing_wp_cron=1703693789.6701850891113281250000 HTTP/1.1" 200 0 "http://www.cordales.be/wp-cron.php?doing_wp_cron=1703693789.6701850891113281250000" "WordPress/5.3.16; http://www.cordales.be" doing_wp_cron=1703693789.6701850891113281250000
66.249.66.5 - - [27/Dec/2023:17:16:29 +0100] "GET /index.php/galerie/le-lion-et-sa-lionne-1/ HTTP/1.1" 200 23349 "-" "Mozilla/5.0 (compatible; Googlebot/2.1; +http://www.google.com/bot.html)"
66.249.66.5 - - [27/Dec/2023:17:16:32 +0100] "GET /robots.txt HTTP/1.1" 404 345 "-" "Mozilla/5.0 (compatible; Googlebot/2.1; +http://www.google.com/bot.html)"
46.226.109.11 - - [27/Dec/2023:17:30:36 +0100] "POST /wp-cron.php?doing_wp_cron=1703694636.6675610542297363281250 HTTP/1.1" 200 0 "http://www.cordales.be/wp-cron.php?doing_wp_cron=1703694636.6675610542297363281250" "WordPress/5.3.16; http://www.cordales.be" doing_wp_cron=1703694636.6675610542297363281250
54.36.149.63 - - [27/Dec/2023:17:30:36 +0100] "GET /index.php/galerie/les-mysteres-du-temps/arcane-ou-arnaque/ HTTP/1.1" 200 23503 "-" "Mozilla/5.0 (compatible; AhrefsBot/7.0; +http://ahrefs.com/robot/)"
188.165.212.137 - - [27/Dec/2023:18:47:24 +0100] "GET /robots.txt HTTP/1.1" 404 345 "-" "Mozilla/5.0 (compatible; MJ12bot/v1.4.8; http://mj12bot.com/)"
188.165.212.137 - - [27/Dec/2023:18:47:25 +0100] "GET /wp-content/uploads/2015/03/ HTTP/1.1" 200 6281 "-" "Mozilla/5.0 (compatible; MJ12bot/v1.4.8; http://mj12bot.com/)"
46.226.109.11 - - [27/Dec/2023:19:05:12 +0100] "POST /wp-cron.php?doing_wp_cron=1703700312.3741390705108642578125 HTTP/1.1" 200 0 "http://www.cordales.be/wp-cron.php?doing_wp_cron=1703700312.3741390705108642578125" "WordPress/5.3.16; http://www.cordales.be" doing_wp_cron=1703700312.3741390705108642578125
66.249.66.4 - - [27/Dec/2023:19:05:12 +0100] "GET /index.php/feed/ HTTP/1.1" 200 7392 "-" "Mozilla/5.0 (Linux; Android 6.0.1; Nexus 5X Build/MMB29P) AppleWebKit/537.36 (KHTML, like Gecko) Chrome/120.0.6099.71 Mobile Safari/537.36 (compatible; Googlebot/2.1; +http://www.google.com/bot.html)"
66.249.66.6 - - [27/Dec/2023:19:15:21 +0100] "GET /index.php/galerie/la-suite-de-fibonacci/feed/ HTTP/1.1" 200 788 "-" "Mozilla/5.0 (compatible; Googlebot/2.1; +http://www.google.com/bot.html)"
46.226.109.11 - - [27/Dec/2023:19:26:46 +0100] "POST /wp-cron.php?doing_wp_cron=1703701606.7649419307708740234375 HTTP/1.1" 200 0 "http://www.cordales.be/wp-cron.php?doing_wp_cron=1703701606.7649419307708740234375" "WordPress/5.3.16; http://www.cordales.be" doing_wp_cron=1703701606.7649419307708740234375
34.247.116.121 - - [27/Dec/2023:19:26:46 +0100] "GET /index.php/galerie/mascarlequinade/ HTTP/1.1" 200 23110 "http://www.cordales.be/" "Mozilla/5.0 (Macintosh; Intel Mac OS X 10_15_5) AppleWebKit/537.36 (KHTML, like Gecko) Chrome/83.0.4103.61 Safari/537.36"
34.247.116.121 - - [27/Dec/2023:19:26:50 +0100] "GET /index.php/galerie/le-soleil-et-rien-dautre-3/ HTTP/1.1" 200 23453 "http://www.cordales.be/" "Mozilla/5.0 (Macintosh; Intel Mac OS X 10_15_5) AppleWebKit/537.36 (KHTML, like Gecko) Chrome/83.0.4103.61 Safari/537.36"
34.247.116.121 - - [27/Dec/2023:19:26:54 +0100] "GET /index.php/galerie/wanted/ HTTP/1.1" 200 23048 "http://www.cordales.be/" "Mozilla/5.0 (Macintosh; Intel Mac OS X 10_15_5) AppleWebKit/537.36 (KHTML, like Gecko) Chrome/83.0.4103.61 Safari/537.36"
34.247.116.121 - - [27/Dec/2023:19:26:57 +0100] "GET /index.php/galerie/no-limit/ HTTP/1.1" 200 23216 "http://www.cordales.be/" "Mozilla/5.0 (Macintosh; Intel Mac OS X 10_15_5) AppleWebKit/537.36 (KHTML, like Gecko) Chrome/83.0.4103.61 Safari/537.36"
34.247.116.121 - - [27/Dec/2023:19:27:01 +0100] "GET /index.php/galerie/lintolerable-beaute-de-neuilly/ HTTP/1.1" 200 23411 "http://www.cordales.be/" "Mozilla/5.0 (Macintosh; Intel Mac OS X 10_15_5) AppleWebKit/537.36 (KHTML, like Gecko) Chrome/83.0.4103.61 Safari/537.36"
34.247.116.121 - - [27/Dec/2023:19:27:04 +0100] "GET /index.php/galerie/les-mysteres-du-temps/ HTTP/1.1" 200 24327 "http://www.cordales.be/" "Mozilla/5.0 (Macintosh; Intel Mac OS X 10_15_5) AppleWebKit/537.36 (KHTML, like Gecko) Chrome/83.0.4103.61 Safari/537.36"
34.247.116.121 - - [27/Dec/2023:19:27:08 +0100] "GET /index.php/galerie/les-mysteres-du-temps/arcane-ou-arnaque/ HTTP/1.1" 200 23503 "http://www.cordales.be/" "Mozilla/5.0 (Macintosh; Intel Mac OS X 10_15_5) AppleWebKit/537.36 (KHTML, like Gecko) Chrome/83.0.4103.61 Safari/537.36"
34.247.116.121 - - [27/Dec/2023:19:27:11 +0100] "GET /index.php/galerie/la-parque-maitresse-du-temps/ HTTP/1.1" 200 23377 "http://www.cordales.be/" "Mozilla/5.0 (Macintosh; Intel Mac OS X 10_15_5) AppleWebKit/537.36 (KHTML, like Gecko) Chrome/83.0.4103.61 Safari/537.36"
34.247.116.121 - - [27/Dec/2023:19:27:15 +0100] "GET /index.php/galerie/le-theatre/ HTTP/1.1" 200 23629 "http://www.cordales.be/" "Mozilla/5.0 (Macintosh; Intel Mac OS X 10_15_5) AppleWebKit/537.36 (KHTML, like Gecko) Chrome/83.0.4103.61 Safari/537.36"
34.247.116.121 - - [27/Dec/2023:19:27:18 +0100] "GET /index.php/galerie/incertaine-promesse/ HTTP/1.1" 200 23385 "http://www.cordales.be/" "Mozilla/5.0 (Macintosh; Intel Mac OS X 10_15_5) AppleWebKit/537.36 (KHTML, like Gecko) Chrome/83.0.4103.61 Safari/537.36"
34.247.116.121 - - [27/Dec/2023:19:27:22 +0100] "GET /index.php/galerie/la-comedie-humaine/ HTTP/1.1" 200 25781 "http://www.cordales.be/" "Mozilla/5.0 (Macintosh; Intel Mac OS X 10_15_5) AppleWebKit/537.36 (KHTML, like Gecko) Chrome/83.0.4103.61 Safari/537.36"
34.247.116.121 - - [27/Dec/2023:19:27:26 +0100] "GET /index.php/galerie/la-foret-de-tous-les-malefices/ HTTP/1.1" 200 24195 "http://www.cordales.be/" "Mozilla/5.0 (Macintosh; Intel Mac OS X 10_15_5) AppleWebKit/537.36 (KHTML, like Gecko) Chrome/83.0.4103.61 Safari/537.36"
66.249.66.4 - - [27/Dec/2023:19:27:45 +0100] "GET /index.php/comments/feed/ HTTP/1.1" 200 1831 "-" "Mozilla/5.0 (Linux; Android 6.0.1; Nexus 5X Build/MMB29P) AppleWebKit/537.36 (KHTML, like Gecko) Chrome/120.0.6099.71 Mobile Safari/537.36 (compatible; Googlebot/2.1; +http://www.google.com/bot.html)"
41.216.188.92 - - [27/Dec/2023:19:37:26 +0100] "GET /wp-content/plugins/core-plugin/include.php HTTP/1.1" 404 345 "www.google.com" "Mozlila/5.0 (Linux; Android 7.0; SM-G892A Bulid/NRD90M; wv) AppleWebKit/537.36 (KHTML, like Gecko) Version/4.0 Chrome/60.0.3112.107 Moblie Safari/537.36"
46.226.109.11 - - [27/Dec/2023:19:37:58 +0100] "POST /wp-cron.php?doing_wp_cron=1703702278.3688170909881591796875 HTTP/1.1" 200 0 "http://www.cordales.be/wp-cron.php?doing_wp_cron=1703702278.3688170909881591796875" "WordPress/5.3.16; http://www.cordales.be" doing_wp_cron=1703702278.3688170909881591796875
66.249.66.6 - - [27/Dec/2023:19:37:58 +0100] "GET /index.php/feed/ HTTP/1.1" 200 7392 "-" "Mozilla/5.0 (compatible; Googlebot/2.1; +http://www.google.com/bot.html)"
41.216.188.92 - - [27/Dec/2023:19:38:02 +0100] "GET /wp-content/plugins/WordPressCore/include.php HTTP/1.1" 404 345 "www.google.com" "Mozlila/5.0 (Linux; Android 7.0; SM-G892A Bulid/NRD90M; wv) AppleWebKit/537.36 (KHTML, like Gecko) Version/4.0 Chrome/60.0.3112.107 Moblie Safari/537.36"
41.216.188.92 - - [27/Dec/2023:19:38:14 +0100] "GET /wp-content/woh.php HTTP/1.1" 404 345 "www.google.com" "Mozlila/5.0 (Linux; Android 7.0; SM-G892A Bulid/NRD90M; wv) AppleWebKit/537.36 (KHTML, like Gecko) Version/4.0 Chrome/60.0.3112.107 Moblie Safari/537.36"
54.36.148.162 - - [27/Dec/2023:19:56:30 +0100] "GET /wp-content/uploads/2015/03/ HTTP/1.1" 200 6281 "-" "Mozilla/5.0 (compatible; AhrefsBot/7.0; +http://ahrefs.com/robot/)"
46.226.109.11 - - [27/Dec/2023:20:00:35 +0100] "POST /wp-cron.php?doing_wp_cron=1703703635.2092170715332031250000 HTTP/1.1" 200 0 "http://www.cordales.be/wp-cron.php?doing_wp_cron=1703703635.2092170715332031250000" "WordPress/5.3.16; http://www.cordales.be" doing_wp_cron=1703703635.2092170715332031250000
66.249.66.6 - - [27/Dec/2023:20:00:35 +0100] "GET /index.php/comments/feed/ HTTP/1.1" 200 1831 "-" "Mozilla/5.0 (compatible; Googlebot/2.1; +http://www.google.com/bot.html)"
46.226.109.11 - - [27/Dec/2023:20:23:12 +0100] "POST /wp-cron.php?doing_wp_cron=1703704992.2469038963317871093750 HTTP/1.1" 200 0 "http://www.cordales.be/wp-cron.php?doing_wp_cron=1703704992.2469038963317871093750" "WordPress/5.3.16; http://www.cordales.be" doing_wp_cron=1703704992.2469038963317871093750
66.249.66.5 - - [27/Dec/2023:20:23:12 +0100] "GET /index.php/galerie/la-suite-de-fibonacci/feed/ HTTP/1.1" 200 788 "-" "Mozilla/5.0 (Linux; Android 6.0.1; Nexus 5X Build/MMB29P) AppleWebKit/537.36 (KHTML, like Gecko) Chrome/120.0.6099.71 Mobile Safari/537.36 (compatible; Googlebot/2.1; +http://www.google.com/bot.html)"
46.226.109.11 - - [27/Dec/2023:20:34:47 +0100] "POST /wp-cron.php?doing_wp_cron=1703705687.6193680763244628906250 HTTP/1.1" 200 0 "http://www.cordales.be/wp-cron.php?doing_wp_cron=1703705687.6193680763244628906250" "WordPress/5.3.16; http://www.cordales.be" doing_wp_cron=1703705687.6193680763244628906250
156.146.49.179 - - [27/Dec/2023:20:34:47 +0100] "GET / HTTP/1.1" 200 22504 "-" "Mozilla/5.0 (Windows; U; Windows NT 6.1; en-US; rv:1.9.1.5) Gecko/20091102 Firefox/3.5.5 (.NET CLR 3.5.30729)"
66.249.66.5 - - [27/Dec/2023:21:04:01 +0100] "GET /wp-content/uploads/2015/02/00-00-00_0037.jpg HTTP/1.1" 200 322666 "-" "Googlebot-Image/1.0"
46.226.109.11 - - [27/Dec/2023:21:52:28 +0100] "POST /wp-cron.php?doing_wp_cron=1703710348.4219889640808105468750 HTTP/1.1" 200 0 "http://www.cordales.be/wp-cron.php?doing_wp_cron=1703710348.4219889640808105468750" "WordPress/5.3.16; http://www.cordales.be" doing_wp_cron=1703710348.4219889640808105468750
178.254.12.205 - - [27/Dec/2023:21:52:28 +0100] "GET /index.php/galerie/no-limit/ HTTP/1.1" 200 23216 "-" "Mozilla/5.0 (Windows NT 10.0; Win64; x64) AppleWebKit/537.36 (KHTML, like Gecko) Chrome/91.0.4472.114 Safari/537.36 Edg/91.0.864.54"
46.226.109.11 - - [27/Dec/2023:22:30:45 +0100] "POST /wp-cron.php?doing_wp_cron=1703712645.2337779998779296875000 HTTP/1.1" 200 0 "http://www.cordales.be/wp-cron.php?doing_wp_cron=1703712645.2337779998779296875000" "WordPress/5.3.16; http://www.cordales.be" doing_wp_cron=1703712645.2337779998779296875000
34.247.116.121 - - [27/Dec/2023:22:30:45 +0100] "GET /index.php/galerie/module-69-bis/ HTTP/1.1" 200 23696 "http://www.cordales.be/" "Mozilla/5.0 (Macintosh; Intel Mac OS X 10_15_5) AppleWebKit/537.36 (KHTML, like Gecko) Chrome/83.0.4103.61 Safari/537.36"
34.247.116.121 - - [27/Dec/2023:22:30:48 +0100] "GET /index.php/galerie/fever-in-the-jungle/ HTTP/1.1" 200 23565 "http://www.cordales.be/" "Mozilla/5.0 (Macintosh; Intel Mac OS X 10_15_5) AppleWebKit/537.36 (KHTML, like Gecko) Chrome/83.0.4103.61 Safari/537.36"
46.226.109.11 - - [27/Dec/2023:23:37:43 +0100] "POST /wp-cron.php?doing_wp_cron=1703716663.5574181079864501953125 HTTP/1.1" 200 0 "http://www.cordales.be/wp-cron.php?doing_wp_cron=1703716663.5574181079864501953125" "WordPress/5.3.16; http://www.cordales.be" doing_wp_cron=1703716663.5574181079864501953125
118.123.237.210 - - [27/Dec/2023:23:37:43 +0100] "GET / HTTP/1.1" 200 22504 "http://www.cordales.be" "Mozilla/5.0 (Windows NT 6.1) AppleWebKit/535.1 (KHTML, like Gecko) Chrome/13.0.782.41 Safari/535.1 QQBrowser/6.9.11079.201"
179.43.191.18 - - [28/Dec/2023:00:31:24 +0100] "GET /wp-content/uploads/2015/03/ HTTP/1.1" 200 6281 "-" "TheSafexInternetSearch"
66.249.66.5 - - [28/Dec/2023:00:55:33 +0100] "GET /wp-content/uploads/2015/02/00-00-00_0052.jpg HTTP/1.1" 200 175465 "-" "Googlebot-Image/1.0"
46.226.109.11 - - [28/Dec/2023:01:25:35 +0100] "POST /wp-cron.php?doing_wp_cron=1703723135.4701330661773681640625 HTTP/1.1" 200 0 "http://www.cordales.be/wp-cron.php?doing_wp_cron=1703723135.4701330661773681640625" "WordPress/5.3.16; http://www.cordales.be" doing_wp_cron=1703723135.4701330661773681640625
18.200.106.200 - - [28/Dec/2023:01:25:35 +0100] "GET /index.php/nemesis-ou-la-desillusion/ HTTP/1.1" 200 23557 "http://www.cordales.be/" "Mozilla/5.0 (Macintosh; Intel Mac OS X 10_15_5) AppleWebKit/537.36 (KHTML, like Gecko) Chrome/83.0.4103.61 Safari/537.36"
18.200.106.200 - - [28/Dec/2023:01:25:47 +0100] "GET /index.php/galerie/la-suite-de-fibonacci/ HTTP/1.1" 200 23515 "http://www.cordales.be/" "Mozilla/5.0 (Macintosh; Intel Mac OS X 10_15_5) AppleWebKit/537.36 (KHTML, like Gecko) Chrome/83.0.4103.61 Safari/537.36"
18.200.106.200 - - [28/Dec/2023:01:25:51 +0100] "GET /index.php/galerie/tentations/ HTTP/1.1" 200 28461 "http://www.cordales.be/" "Mozilla/5.0 (Macintosh; Intel Mac OS X 10_15_5) AppleWebKit/537.36 (KHTML, like Gecko) Chrome/83.0.4103.61 Safari/537.36"
18.200.106.200 - - [28/Dec/2023:01:25:54 +0100] "GET /index.php/galerie/la-nonne/ HTTP/1.1" 200 28262 "http://www.cordales.be/" "Mozilla/5.0 (Macintosh; Intel Mac OS X 10_15_5) AppleWebKit/537.36 (KHTML, like Gecko) Chrome/83.0.4103.61 Safari/537.36"
18.200.106.200 - - [28/Dec/2023:01:25:58 +0100] "GET /index.php/galerie/et-ainsi-la-farce-sera-parfaite/ HTTP/1.1" 200 23408 "http://www.cordales.be/" "Mozilla/5.0 (Macintosh; Intel Mac OS X 10_15_5) AppleWebKit/537.36 (KHTML, like Gecko) Chrome/83.0.4103.61 Safari/537.36"
40.77.167.36 - - [28/Dec/2023:01:52:47 +0100] "GET /wp-content/uploads/2016/12/Venise-mon-amour-1.jpg HTTP/1.1" 200 2117186 "-" "Mozilla/5.0 AppleWebKit/537.36 (KHTML, like Gecko; compatible; bingbot/2.0; +http://www.bing.com/bingbot.htm) Chrome/116.0.1938.76 Safari/537.36"
54.36.148.170 - - [28/Dec/2023:02:00:13 +0100] "GET /robots.txt HTTP/1.1" 404 345 "-" "Mozilla/5.0 (compatible; AhrefsBot/7.0; +http://ahrefs.com/robot/)"
54.38.85.38 - - [28/Dec/2023:02:28:35 +0100] "GET /robots.txt HTTP/1.1" 404 345 "-" "Mozilla/5.0 (compatible; MJ12bot/v1.4.8; http://mj12bot.com/)"
46.226.109.11 - - [28/Dec/2023:02:28:50 +0100] "POST /wp-cron.php?doing_wp_cron=1703726929.9835600852966308593750 HTTP/1.1" 200 0 "http://www.cordales.be/wp-cron.php?doing_wp_cron=1703726929.9835600852966308593750" "WordPress/5.3.16; http://www.cordales.be" doing_wp_cron=1703726929.9835600852966308593750
54.38.85.38 - - [28/Dec/2023:02:28:50 +0100] "GET /index.php/galerie/et-ainsi-la-fa%E2%80%A6-sera-parfaite/ HTTP/1.1" 404 20575 "-" "Mozilla/5.0 (compatible; MJ12bot/v1.4.8; http://mj12bot.com/)"
66.249.66.4 - - [28/Dec/2023:03:08:13 +0100] "GET /wp-content/uploads/2015/02/Wanted-2.jpg HTTP/1.1" 200 2081198 "-" "Googlebot-Image/1.0"
46.226.109.11 - - [28/Dec/2023:04:07:19 +0100] "POST /wp-cron.php?doing_wp_cron=1703732839.2596240043640136718750 HTTP/1.1" 200 0 "http://www.cordales.be/wp-cron.php?doing_wp_cron=1703732839.2596240043640136718750" "WordPress/5.3.16; http://www.cordales.be" doing_wp_cron=1703732839.2596240043640136718750
18.200.106.200 - - [28/Dec/2023:04:07:19 +0100] "GET /index.php/galerie/larmistice/ HTTP/1.1" 200 23243 "http://www.cordales.be/" "Mozilla/5.0 (Macintosh; Intel Mac OS X 10_15_5) AppleWebKit/537.36 (KHTML, like Gecko) Chrome/83.0.4103.61 Safari/537.36"
40.77.167.7 - - [28/Dec/2023:04:25:05 +0100] "GET /wp-content/uploads/2017/07/La-Tsarine-6.jpg HTTP/1.1" 200 2438141 "-" "Mozilla/5.0 AppleWebKit/537.36 (KHTML, like Gecko; compatible; bingbot/2.0; +http://www.bing.com/bingbot.htm) Chrome/116.0.1938.76 Safari/537.36"
40.122.196.174 - - [28/Dec/2023:04:27:42 +0100] "GET /robots.txt HTTP/1.1" 404 345 "-" "Mozilla/5.0 (Windows NT 10.0; Win64; x64) AppleWebKit/537.36 (KHTML, like Gecko) Chrome/96.0.4664.18 Safari/537.36"
46.226.109.11 - - [28/Dec/2023:04:40:19 +0100] "POST /wp-cron.php?doing_wp_cron=1703734819.1940391063690185546875 HTTP/1.1" 200 0 "http://www.cordales.be/wp-cron.php?doing_wp_cron=1703734819.1940391063690185546875" "WordPress/5.3.16; http://www.cordales.be" doing_wp_cron=1703734819.1940391063690185546875
222.77.96.146 - - [28/Dec/2023:04:40:19 +0100] "GET / HTTP/1.1" 200 22504 "http://www.cordales.be" "Mozilla/5.0 (Windows NT 10.0; \x/"\x(0\x+&) Gecko/20100101 Firefox/73.0"
85.208.98.18 - - [28/Dec/2023:05:50:07 +0100] "GET /robots.txt HTTP/1.1" 404 345 "-" "Mozilla/5.0 (compatible; SemrushBot; +http://www.semrush.com/bot.html)"
85.208.98.18 - - [28/Dec/2023:05:51:24 +0100] "HEAD /wp-content/uploads/2015/03/ HTTP/1.1" 200 0 "-" "Mozilla/5.0 (compatible; SemrushBot; +http://www.semrush.com/bot.html)"
66.249.66.5 - - [28/Dec/2023:05:57:21 +0100] "GET /robots.txt HTTP/1.1" 404 345 "-" "Mozilla/5.0 (compatible; Googlebot/2.1; +http://www.google.com/bot.html)"
46.226.109.11 - - [28/Dec/2023:05:57:22 +0100] "POST /wp-cron.php?doing_wp_cron=1703739442.7965130805969238281250 HTTP/1.1" 200 0 "http://www.cordales.be/wp-cron.php?doing_wp_cron=1703739442.7965130805969238281250" "WordPress/5.3.16; http://www.cordales.be" doing_wp_cron=1703739442.7965130805969238281250
66.249.66.5 - - [28/Dec/2023:05:57:23 +0100] "GET /index.php/galerie/la-comedie-humaine/ HTTP/1.1" 200 25781 "-" "Mozilla/5.0 (Linux; Android 6.0.1; Nexus 5X Build/MMB29P) AppleWebKit/537.36 (KHTML, like Gecko) Chrome/120.0.6099.129 Mobile Safari/537.36 (compatible; Googlebot/2.1; +http://www.google.com/bot.html)"
66.249.66.5 - - [28/Dec/2023:06:25:37 +0100] "GET /wp-content/uploads/2015/02/La-Nonne.jpg HTTP/1.1" 200 102997 "-" "Googlebot-Image/1.0"
66.249.66.4 - - [28/Dec/2023:06:48:08 +0100] "GET /wp-content/uploads/2016/12/Ce-qui-m%C3%A8ne-le-Monde-2.jpg HTTP/1.1" 200 2640093 "-" "Googlebot-Image/1.0"
46.226.109.11 - - [28/Dec/2023:06:59:20 +0100] "POST /wp-cron.php?doing_wp_cron=1703743160.4191179275512695312500 HTTP/1.1" 200 0 "http://www.cordales.be/wp-cron.php?doing_wp_cron=1703743160.4191179275512695312500" "WordPress/5.3.16; http://www.cordales.be" doing_wp_cron=1703743160.4191179275512695312500
66.249.66.4 - - [28/Dec/2023:06:59:20 +0100] "GET /index.php/impossible-de-revenir-en-arriere/ HTTP/1.1" 301 0 "-" "Mozilla/5.0 (Linux; Android 6.0.1; Nexus 5X Build/MMB29P) AppleWebKit/537.36 (KHTML, like Gecko) Chrome/120.0.6099.71 Mobile Safari/537.36 (compatible; Googlebot/2.1; +http://www.google.com/bot.html)"
66.249.66.5 - - [28/Dec/2023:06:59:21 +0100] "GET /index.php/galerie/impossible-de-revenir-en-arriere/ HTTP/1.1" 200 23731 "-" "Mozilla/5.0 (Linux; Android 6.0.1; Nexus 5X Build/MMB29P) AppleWebKit/537.36 (KHTML, like Gecko) Chrome/120.0.6099.71 Mobile Safari/537.36 (compatible; Googlebot/2.1; +http://www.google.com/bot.html)"
66.249.66.4 - - [28/Dec/2023:06:59:22 +0100] "GET /wp-content/plugins/jetpack/_inc/genericons/genericons/genericons.css?ver=3.1 HTTP/1.1" 200 16291 "http://www.cordales.be/index.php/galerie/impossible-de-revenir-en-arriere/" "Mozilla/5.0 (Linux; Android 6.0.1; Nexus 5X Build/MMB29P) AppleWebKit/537.36 (KHTML, like Gecko) Chrome/120.0.6099.71 Mobile Safari/537.36 (compatible; Googlebot/2.1; +http://www.google.com/bot.html)" ver=3.1
46.226.109.11 - - [28/Dec/2023:07:09:23 +0100] "POST /wp-cron.php?doing_wp_cron=1703743763.8082840442657470703125 HTTP/1.1" 200 0 "http://www.cordales.be/wp-cron.php?doing_wp_cron=1703743763.8082840442657470703125" "WordPress/5.3.16; http://www.cordales.be" doing_wp_cron=1703743763.8082840442657470703125
18.200.106.200 - - [28/Dec/2023:07:09:23 +0100] "GET /index.php/dos-au-mur/ HTTP/1.1" 200 23121 "http://www.cordales.be/" "Mozilla/5.0 (Macintosh; Intel Mac OS X 10_15_5) AppleWebKit/537.36 (KHTML, like Gecko) Chrome/83.0.4103.61 Safari/537.36"
18.200.106.200 - - [28/Dec/2023:07:09:27 +0100] "GET /index.php/galerie/structure-neuronale/ HTTP/1.1" 200 23416 "http://www.cordales.be/" "Mozilla/5.0 (Macintosh; Intel Mac OS X 10_15_5) AppleWebKit/537.36 (KHTML, like Gecko) Chrome/83.0.4103.61 Safari/537.36"
18.200.106.200 - - [28/Dec/2023:07:09:31 +0100] "GET /index.php/la-cite-des-turpitudes/ HTTP/1.1" 200 23199 "http://www.cordales.be/" "Mozilla/5.0 (Macintosh; Intel Mac OS X 10_15_5) AppleWebKit/537.36 (KHTML, like Gecko) Chrome/83.0.4103.61 Safari/537.36"
18.200.106.200 - - [28/Dec/2023:07:09:34 +0100] "GET /index.php/galerie/pistache/ HTTP/1.1" 200 23311 "http://www.cordales.be/" "Mozilla/5.0 (Macintosh; Intel Mac OS X 10_15_5) AppleWebKit/537.36 (KHTML, like Gecko) Chrome/83.0.4103.61 Safari/537.36"
18.200.106.200 - - [28/Dec/2023:07:09:38 +0100] "GET /index.php/galerie/seules-les-epreuves-menent-a-la-vie-mystique/ HTTP/1.1" 200 23856 "http://www.cordales.be/" "Mozilla/5.0 (Macintosh; Intel Mac OS X 10_15_5) AppleWebKit/537.36 (KHTML, like Gecko) Chrome/83.0.4103.61 Safari/537.36"
18.200.106.200 - - [28/Dec/2023:07:09:42 +0100] "GET /index.php/galerie/transfixation/ HTTP/1.1" 200 23510 "http://www.cordales.be/" "Mozilla/5.0 (Macintosh; Intel Mac OS X 10_15_5) AppleWebKit/537.36 (KHTML, like Gecko) Chrome/83.0.4103.61 Safari/537.36"
46.226.109.11 - - [28/Dec/2023:08:14:47 +0100] "POST /wp-cron.php?doing_wp_cron=1703747687.3055241107940673828125 HTTP/1.1" 200 0 "http://www.cordales.be/wp-cron.php?doing_wp_cron=1703747687.3055241107940673828125" "WordPress/5.3.16; http://www.cordales.be" doing_wp_cron=1703747687.3055241107940673828125
36.99.136.128 - - [28/Dec/2023:08:14:47 +0100] "GET / HTTP/1.1" 301 0 "-" "Mozilla/5.0 (Macintosh; Intel Mac OS X 10_15_7) AppleWebKit/537.36 (KHTML, like Gecko) Chrome/96.0.4664.110 Safari/537.36"
36.99.136.128 - - [28/Dec/2023:08:14:49 +0100] "GET / HTTP/1.1" 200 22504 "http://www.cordales.be:8000" "Mozilla/5.0 (Macintosh; Intel Mac OS X 10_15_7) AppleWebKit/537.36 (KHTML, like Gecko) Chrome/96.0.4664.110 Safari/537.36"
36.99.136.136 - - [28/Dec/2023:08:14:52 +0100] "GET / HTTP/1.1" 301 0 "-" "Mozilla/5.0 (Macintosh; Intel Mac OS X 11_0_0) AppleWebKit/537.36 (KHTML, like Gecko) Chrome/87.0.4280.88 Safari/537.36"
36.99.136.137 - - [28/Dec/2023:08:14:54 +0100] "GET / HTTP/1.1" 200 22504 "-" "Mozilla/5.0 (Macintosh; Intel Mac OS X 11_0_0) AppleWebKit/537.36 (KHTML, like Gecko) Chrome/87.0.4280.88 Safari/537.36"
36.99.136.137 - - [28/Dec/2023:08:14:54 +0100] "GET /wp-content/themes/twentythirteen/js/functions.js?ver=2014-06-08 HTTP/1.1" 200 2651 "http://www.cordales.be/" "Mozilla/5.0 (Macintosh; Intel Mac OS X 11_0_0) AppleWebKit/537.36 (KHTML, like Gecko) Chrome/87.0.4280.88 Safari/537.36" ver=2014-06-08
36.99.136.136 - - [28/Dec/2023:08:14:55 +0100] "GET /wp-includes/js/wp-embed.min.js?ver=5.3.16 HTTP/1.1" 200 1443 "http://www.cordales.be/" "Mozilla/5.0 (Macintosh; Intel Mac OS X 11_0_0) AppleWebKit/537.36 (KHTML, like Gecko) Chrome/87.0.4280.88 Safari/537.36" ver=5.3.16
36.99.136.136 - - [28/Dec/2023:08:14:55 +0100] "GET /wp-includes/js/jquery/jquery.js?ver=1.12.4-wp HTTP/1.1" 200 96873 "http://www.cordales.be/" "Mozilla/5.0 (Macintosh; Intel Mac OS X 11_0_0) AppleWebKit/537.36 (KHTML, like Gecko) Chrome/87.0.4280.88 Safari/537.36" ver=1.12.4-wp
36.99.136.137 - - [28/Dec/2023:08:14:56 +0100] "GET /wp-includes/js/jquery/jquery-migrate.min.js?ver=1.4.1 HTTP/1.1" 200 10056 "http://www.cordales.be/" "Mozilla/5.0 (Macintosh; Intel Mac OS X 11_0_0) AppleWebKit/537.36 (KHTML, like Gecko) Chrome/87.0.4280.88 Safari/537.36" ver=1.4.1
36.99.136.137 - - [28/Dec/2023:08:14:58 +0100] "GET /wp-includes/js/wp-emoji-release.min.js?ver=5.3.16 HTTP/1.1" 200 13849 "http://www.cordales.be/" "Mozilla/5.0 (Macintosh; Intel Mac OS X 11_0_0) AppleWebKit/537.36 (KHTML, like Gecko) Chrome/87.0.4280.88 Safari/537.36" ver=5.3.16
36.99.136.128 - - [28/Dec/2023:08:15:14 +0100] "GET /favicon.ico HTTP/1.1" 404 345 "-" "Mozilla/5.0 (Macintosh; Intel Mac OS X 10_15_7) AppleWebKit/537.36 (KHTML, like Gecko) Chrome/96.0.4664.110 Safari/537.36"
195.191.219.133 - - [28/Dec/2023:08:20:30 +0100] "GET /robots.txt HTTP/1.1" 404 345 "-" "Mozilla/5.0 (compatible; MJ12bot/v1.4.8; http://mj12bot.com/)"
46.226.109.11 - - [28/Dec/2023:08:20:32 +0100] "POST /wp-cron.php?doing_wp_cron=1703748032.2992761135101318359375 HTTP/1.1" 200 0 "http://www.cordales.be/wp-cron.php?doing_wp_cron=1703748032.2992761135101318359375" "WordPress/5.3.16; http://www.cordales.be" doing_wp_cron=1703748032.2992761135101318359375
195.191.219.133 - - [28/Dec/2023:08:20:32 +0100] "GET / HTTP/1.1" 200 22504 "-" "Mozilla/5.0 (compatible; MJ12bot/v1.4.8; http://mj12bot.com/)"
46.226.109.11 - - [28/Dec/2023:08:25:15 +0100] "POST /wp-cron.php?doing_wp_cron=1703748315.3720729351043701171875 HTTP/1.1" 200 0 "http://www.cordales.be/wp-cron.php?doing_wp_cron=1703748315.3720729351043701171875" "WordPress/5.3.16; http://www.cordales.be" doing_wp_cron=1703748315.3720729351043701171875
66.249.66.4 - - [28/Dec/2023:08:25:15 +0100] "GET /index.php/galerie/le-lion-et-sa-lionne-1/ HTTP/1.1" 200 23349 "-" "Mozilla/5.0 (Linux; Android 6.0.1; Nexus 5X Build/MMB29P) AppleWebKit/537.36 (KHTML, like Gecko) Chrome/120.0.6099.71 Mobile Safari/537.36 (compatible; Googlebot/2.1; +http://www.google.com/bot.html)"
66.249.66.4 - - [28/Dec/2023:08:25:16 +0100] "GET /wp-includes/js/wp-emoji-release.min.js?ver=5.3.16 HTTP/1.1" 200 13849 "http://www.cordales.be/index.php/galerie/le-lion-et-sa-lionne-1/" "Mozilla/5.0 (Linux; Android 6.0.1; Nexus 5X Build/MMB29P) AppleWebKit/537.36 (KHTML, like Gecko) Chrome/120.0.6099.71 Mobile Safari/537.36 (compatible; Googlebot/2.1; +http://www.google.com/bot.html)" ver=5.3.16
66.249.66.4 - - [28/Dec/2023:08:25:17 +0100] "GET /?sccss=1&ver=5.3.16 HTTP/1.1" 200 155 "http://www.cordales.be/index.php/galerie/le-lion-et-sa-lionne-1/" "Mozilla/5.0 (Linux; Android 6.0.1; Nexus 5X Build/MMB29P) AppleWebKit/537.36 (KHTML, like Gecko) Chrome/120.0.6099.71 Mobile Safari/537.36 (compatible; Googlebot/2.1; +http://www.google.com/bot.html)" sccss=1&ver=5.3.16
66.249.66.4 - - [28/Dec/2023:08:25:18 +0100] "GET /wp-content/themes/twentythirteen/js/functions.js?ver=2014-06-08 HTTP/1.1" 200 2651 "http://www.cordales.be/index.php/galerie/le-lion-et-sa-lionne-1/" "Mozilla/5.0 (Linux; Android 6.0.1; Nexus 5X Build/MMB29P) AppleWebKit/537.36 (KHTML, like Gecko) Chrome/120.0.6099.71 Mobile Safari/537.36 (compatible; Googlebot/2.1; +http://www.google.com/bot.html)" ver=2014-06-08
46.226.109.11 - - [28/Dec/2023:08:36:44 +0100] "POST /wp-cron.php?doing_wp_cron=1703749004.7122189998626708984375 HTTP/1.1" 200 0 "http://www.cordales.be/wp-cron.php?doing_wp_cron=1703749004.7122189998626708984375" "WordPress/5.3.16; http://www.cordales.be" doing_wp_cron=1703749004.7122189998626708984375
54.36.148.61 - - [28/Dec/2023:08:36:44 +0100] "GET /index.php/author/damien/ HTTP/1.1" 200 23192 "-" "Mozilla/5.0 (compatible; AhrefsBot/7.0; +http://ahrefs.com/robot/)"
54.36.149.8 - - [28/Dec/2023:09:50:55 +0100] "GET /wp-content/uploads/2015/03/ HTTP/1.1" 200 6281 "-" "Mozilla/5.0 (compatible; AhrefsBot/7.0; +http://ahrefs.com/robot/)"
54.36.148.220 - - [28/Dec/2023:09:50:55 +0100] "GET /wp-includes/css/dist/block-library/style.min.css?ver=5.3.15 HTTP/1.1" 200 6132 "-" "Mozilla/5.0 (compatible; AhrefsBot/7.0; +http://ahrefs.com/robot/)" ver=5.3.15
66.249.66.4 - - [28/Dec/2023:09:56:47 +0100] "GET /wp-content/uploads/2015/02/00-00-00_0032.jpg HTTP/1.1" 200 366219 "-" "Googlebot-Image/1.0"
66.249.66.4 - - [28/Dec/2023:10:05:46 +0100] "GET /wp-content/uploads/2015/02/00-00-00_0028.jpg HTTP/1.1" 200 204594 "-" "Googlebot-Image/1.0"
46.226.109.11 - - [28/Dec/2023:10:06:41 +0100] "POST /wp-cron.php?doing_wp_cron=1703754400.9519069194793701171875 HTTP/1.1" 200 0 "http://www.cordales.be/wp-cron.php?doing_wp_cron=1703754400.9519069194793701171875" "WordPress/5.3.16; http://www.cordales.be" doing_wp_cron=1703754400.9519069194793701171875
18.200.106.200 - - [28/Dec/2023:10:06:41 +0100] "GET /index.php/la-legende-de-katana/ HTTP/1.1" 200 23671 "http://www.cordales.be/" "Mozilla/5.0 (Macintosh; Intel Mac OS X 10_15_5) AppleWebKit/537.36 (KHTML, like Gecko) Chrome/83.0.4103.61 Safari/537.36"
18.200.106.200 - - [28/Dec/2023:10:06:47 +0100] "GET /index.php/galerie/katana-le-bain-de-sang/ HTTP/1.1" 200 23989 "http://www.cordales.be/" "Mozilla/5.0 (Macintosh; Intel Mac OS X 10_15_5) AppleWebKit/537.36 (KHTML, like Gecko) Chrome/83.0.4103.61 Safari/537.36"
18.200.106.200 - - [28/Dec/2023:10:06:51 +0100] "GET /index.php/galerie/impossible-de-revenir-en-arriere/ HTTP/1.1" 200 23731 "http://www.cordales.be/" "Mozilla/5.0 (Macintosh; Intel Mac OS X 10_15_5) AppleWebKit/537.36 (KHTML, like Gecko) Chrome/83.0.4103.61 Safari/537.36"
18.200.106.200 - - [28/Dec/2023:10:06:55 +0100] "GET /index.php/galerie/et-dieu-ou-le-diable-crea-la-femme/ HTTP/1.1" 200 28673 "http://www.cordales.be/" "Mozilla/5.0 (Macintosh; Intel Mac OS X 10_15_5) AppleWebKit/537.36 (KHTML, like Gecko) Chrome/83.0.4103.61 Safari/537.36"
18.200.106.200 - - [28/Dec/2023:10:06:58 +0100] "GET /index.php/galerie/ce-qui-mene-le-monde/ HTTP/1.1" 200 23893 "http://www.cordales.be/" "Mozilla/5.0 (Macintosh; Intel Mac OS X 10_15_5) AppleWebKit/537.36 (KHTML, like Gecko) Chrome/83.0.4103.61 Safari/537.36"
18.200.106.200 - - [28/Dec/2023:10:07:03 +0100] "GET /index.php/galerie/just-for-fun/ HTTP/1.1" 200 23357 "http://www.cordales.be/" "Mozilla/5.0 (Macintosh; Intel Mac OS X 10_15_5) AppleWebKit/537.36 (KHTML, like Gecko) Chrome/83.0.4103.61 Safari/537.36"
18.200.106.200 - - [28/Dec/2023:10:07:07 +0100] "GET /index.php/galerie/denims-attitude/ HTTP/1.1" 200 24201 "http://www.cordales.be/" "Mozilla/5.0 (Macintosh; Intel Mac OS X 10_15_5) AppleWebKit/537.36 (KHTML, like Gecko) Chrome/83.0.4103.61 Safari/537.36"
66.249.66.4 - - [28/Dec/2023:10:07:26 +0100] "GET /index.php/expositions/ HTTP/1.1" 200 27776 "-" "Mozilla/5.0 (Linux; Android 6.0.1; Nexus 5X Build/MMB29P) AppleWebKit/537.36 (KHTML, like Gecko) Chrome/120.0.6099.71 Mobile Safari/537.36 (compatible; Googlebot/2.1; +http://www.google.com/bot.html)"
66.249.66.6 - - [28/Dec/2023:10:23:46 +0100] "GET /wp-content/uploads/2015/02/00-00-00_0031.jpg HTTP/1.1" 200 228407 "-" "Googlebot-Image/1.0"
46.226.109.11 - - [28/Dec/2023:10:32:55 +0100] "POST /wp-cron.php?doing_wp_cron=1703755975.8737380504608154296875 HTTP/1.1" 200 0 "http://www.cordales.be/wp-cron.php?doing_wp_cron=1703755975.8737380504608154296875" "WordPress/5.3.16; http://www.cordales.be" doing_wp_cron=1703755975.8737380504608154296875
222.79.104.23 - - [28/Dec/2023:10:32:55 +0100] "GET / HTTP/1.1" 200 22504 "-" "Mozilla/5.0 (iPhone; CPU iPhone OS 13_2_3 like Mac OS X) AppleWebKit/605.1.15 (KHTML, like Gecko) Version/13.0.3 Mobile/15E148 Safari/604.1"
66.249.66.4 - - [28/Dec/2023:10:41:46 +0100] "GET /wp-content/uploads/2015/02/00-00-00_0053.jpg HTTP/1.1" 200 227617 "-" "Googlebot-Image/1.0"
66.249.66.5 - - [28/Dec/2023:10:50:46 +0100] "GET /wp-content/uploads/2015/02/Chambre-avec-vue0001.jpg HTTP/1.1" 200 752535 "-" "Googlebot-Image/1.0"
66.249.66.5 - - [28/Dec/2023:11:26:49 +0100] "GET /wp-content/uploads/2016/03/Parcours-dartistes-2016-1.jpg HTTP/1.1" 200 226975 "-" "Googlebot-Image/1.0"
66.249.66.3 - - [28/Dec/2023:11:33:14 +0100] "GET /wp-content/uploads/2016/03/2016-03-19-10-13-27_0003.jpg HTTP/1.1" 200 2583706 "-" "Googlebot-Image/1.0"
66.249.66.5 - - [28/Dec/2023:11:44:46 +0100] "GET /wp-content/uploads/2015/02/Salle-Expo.jpg HTTP/1.1" 200 306843 "-" "Googlebot-Image/1.0"
156.146.62.52 - - [28/Dec/2023:11:48:59 +0100] "GET / HTTP/1.1" 301 0 "-" "Mozilla/5.0 (Macintosh; Intel Mac OS X 10_15_7) AppleWebKit/537.36 (KHTML, like Gecko) Chrome/96.0.4664.110 Safari/537.36"
66.249.66.4 - - [28/Dec/2023:12:02:46 +0100] "GET /wp-content/uploads/2015/02/Lartiste-2001-.jpg HTTP/1.1" 200 366317 "-" "Googlebot-Image/1.0"
66.249.66.4 - - [28/Dec/2023:12:17:10 +0100] "GET /wp-content/uploads/2017/07/La-Tsarine-6.jpg HTTP/1.1" 200 2438141 "-" "Googlebot-Image/1.0"
66.249.65.42 - - [28/Dec/2023:12:29:50 +0100] "GET /wp-content/uploads/2015/02/00-00-00_0035.jpg HTTP/1.1" 200 223042 "-" "Googlebot-Image/1.0"
66.249.65.41 - - [28/Dec/2023:12:33:13 +0100] "GET /wp-content/uploads/2015/02/00-00-00_0054.jpg HTTP/1.1" 200 214912 "-" "Googlebot-Image/1.0"
66.249.65.43 - - [28/Dec/2023:12:37:43 +0100] "GET /wp-content/uploads/2015/02/Vernissage-2001-b.jpg HTTP/1.1" 200 105915 "-" "Googlebot-Image/1.0"
66.249.65.43 - - [28/Dec/2023:12:38:45 +0100] "GET /wp-content/uploads/2015/02/Chambre-avec-vue-C1.jpg HTTP/1.1" 200 29127 "-" "Googlebot-Image/1.0"
66.249.65.41 - - [28/Dec/2023:12:46:43 +0100] "GET /wp-content/uploads/2015/02/00-00-00_0051.jpg HTTP/1.1" 200 253065 "-" "Googlebot-Image/1.0"
66.249.65.42 - - [28/Dec/2023:12:47:45 +0100] "GET /wp-content/uploads/2016/03/Expo-2016.jpg HTTP/1.1" 200 528507 "-" "Googlebot-Image/1.0"
66.249.65.43 - - [28/Dec/2023:12:51:13 +0100] "GET /wp-content/uploads/2015/02/00-00-00_0046.jpg HTTP/1.1" 200 273050 "-" "Googlebot-Image/1.0"
66.249.65.41 - - [28/Dec/2023:12:56:45 +0100] "GET /wp-content/uploads/2015/02/TableauGuy.jpg HTTP/1.1" 200 1473486 "-" "Googlebot-Image/1.0"
66.249.65.41 - - [28/Dec/2023:13:14:44 +0100] "GET /wp-content/uploads/2015/02/00-00-00_0057.jpg HTTP/1.1" 200 182836 "-" "Googlebot-Image/1.0"
46.226.109.11 - - [28/Dec/2023:14:14:20 +0100] "POST /wp-cron.php?doing_wp_cron=1703769260.3090269565582275390625 HTTP/1.1" 200 0 "http://www.cordales.be/wp-cron.php?doing_wp_cron=1703769260.3090269565582275390625" "WordPress/5.3.16; http://www.cordales.be" doing_wp_cron=1703769260.3090269565582275390625
182.150.1.23 - - [28/Dec/2023:14:14:20 +0100] "GET / HTTP/1.1" 200 22504 "http://www.cordales.be" "Mozilla/4.0 (compatible; MSIE 8.0; Windows NT 6.1; WOW64; Trident/4.0; SLCC2; .NET CLR 2.0.50727; .NET CLR 3.5.30729; .NET CLR 3.0.30729; Media Center PC 6.0; .NET4.0C; InfoPath.3)"
51.222.253.15 - - [28/Dec/2023:14:57:50 +0100] "GET /robots.txt HTTP/1.1" 404 345 "-" "Mozilla/5.0 (compatible; AhrefsBot/7.0; +http://ahrefs.com/robot/)"
46.226.109.11 - - [28/Dec/2023:15:21:59 +0100] "POST /wp-cron.php?doing_wp_cron=1703773319.0246028900146484375000 HTTP/1.1" 200 0 "http://www.cordales.be/wp-cron.php?doing_wp_cron=1703773319.0246028900146484375000" "WordPress/5.3.16; http://www.cordales.be" doing_wp_cron=1703773319.0246028900146484375000
118.123.237.217 - - [28/Dec/2023:15:21:59 +0100] "GET / HTTP/1.1" 200 22504 "http://www.cordales.be" "Mozilla/5.0 (Windows NT 10.0; WOW64) AppleWebKit/537.36 (KHTML, like Gecko) Chrome/63.0.3239.132 Safari/537.36"
46.226.109.11 - - [28/Dec/2023:15:36:35 +0100] "POST /wp-cron.php?doing_wp_cron=1703774195.2121479511260986328125 HTTP/1.1" 200 0 "http://www.cordales.be/wp-cron.php?doing_wp_cron=1703774195.2121479511260986328125" "WordPress/5.3.16; http://www.cordales.be" doing_wp_cron=1703774195.2121479511260986328125
23.26.220.28 - - [28/Dec/2023:15:36:35 +0100] "GET / HTTP/1.1" 200 22504 "-" "Mozilla/5.0 (Windows; U; Windows NT 6.1; en-US; rv:1.9.1.5) Gecko/20091102 Firefox/3.5.5 (.NET CLR 3.5.30729)"
18.200.106.200 - - [28/Dec/2023:16:06:28 +0100] "GET /robots.txt HTTP/1.1" 404 345 "-" "Mozilla/5.0 (Macintosh; Intel Mac OS X 10_15_5) AppleWebKit/537.36 (KHTML, like Gecko) Chrome/83.0.4103.61 Safari/537.36"
46.226.109.11 - - [28/Dec/2023:16:06:32 +0100] "POST /wp-cron.php?doing_wp_cron=1703775992.3536748886108398437500 HTTP/1.1" 200 0 "http://www.cordales.be/wp-cron.php?doing_wp_cron=1703775992.3536748886108398437500" "WordPress/5.3.16; http://www.cordales.be" doing_wp_cron=1703775992.3536748886108398437500
18.200.106.200 - - [28/Dec/2023:16:06:32 +0100] "GET /index.php/galerie/cathedrale/ HTTP/1.1" 200 23339 "http://www.cordales.be/" "Mozilla/5.0 (Macintosh; Intel Mac OS X 10_15_5) AppleWebKit/537.36 (KHTML, like Gecko) Chrome/83.0.4103.61 Safari/537.36"
18.200.106.200 - - [28/Dec/2023:16:06:37 +0100] "GET /index.php/galerie/la-maitresse-decole/ HTTP/1.1" 200 24638 "http://www.cordales.be/" "Mozilla/5.0 (Macintosh; Intel Mac OS X 10_15_5) AppleWebKit/537.36 (KHTML, like Gecko) Chrome/83.0.4103.61 Safari/537.36"
18.200.106.200 - - [28/Dec/2023:16:06:41 +0100] "GET /index.php/galerie/heures-bleues/ HTTP/1.1" 200 23343 "http://www.cordales.be/" "Mozilla/5.0 (Macintosh; Intel Mac OS X 10_15_5) AppleWebKit/537.36 (KHTML, like Gecko) Chrome/83.0.4103.61 Safari/537.36"
40.77.167.13 - - [28/Dec/2023:16:22:16 +0100] "GET /wp-content/uploads/2015/02/00-00-00_0057-225x300.jpg HTTP/1.1" 200 18580 "-" "Mozilla/5.0 AppleWebKit/537.36 (KHTML, like Gecko; compatible; bingbot/2.0; +http://www.bing.com/bingbot.htm) Chrome/116.0.1938.76 Safari/537.36"
52.167.144.189 - - [28/Dec/2023:17:59:40 +0100] "GET /wp-content/uploads/2015/02/00-00-00_0044.jpg HTTP/1.1" 200 154386 "-" "Mozilla/5.0 AppleWebKit/537.36 (KHTML, like Gecko; compatible; bingbot/2.0; +http://www.bing.com/bingbot.htm) Chrome/116.0.1938.76 Safari/537.36"
46.226.109.11 - - [28/Dec/2023:19:04:21 +0100] "POST /wp-cron.php?doing_wp_cron=1703786661.1004569530487060546875 HTTP/1.1" 200 0 "http://www.cordales.be/wp-cron.php?doing_wp_cron=1703786661.1004569530487060546875" "WordPress/5.3.16; http://www.cordales.be" doing_wp_cron=1703786661.1004569530487060546875
18.200.106.200 - - [28/Dec/2023:19:04:21 +0100] "GET /index.php/la-tsarine/ HTTP/1.1" 200 23220 "http://www.cordales.be/" "Mozilla/5.0 (Macintosh; Intel Mac OS X 10_15_5) AppleWebKit/537.36 (KHTML, like Gecko) Chrome/83.0.4103.61 Safari/537.36"
18.200.106.200 - - [28/Dec/2023:19:04:28 +0100] "GET /index.php/loiseau-impertinent/ HTTP/1.1" 200 22969 "http://www.cordales.be/" "Mozilla/5.0 (Macintosh; Intel Mac OS X 10_15_5) AppleWebKit/537.36 (KHTML, like Gecko) Chrome/83.0.4103.61 Safari/537.36"
18.200.106.200 - - [28/Dec/2023:19:04:31 +0100] "GET /index.php/expositions/ HTTP/1.1" 200 27776 "http://www.cordales.be/" "Mozilla/5.0 (Macintosh; Intel Mac OS X 10_15_5) AppleWebKit/537.36 (KHTML, like Gecko) Chrome/83.0.4103.61 Safari/537.36"
18.200.106.200 - - [28/Dec/2023:19:04:35 +0100] "GET /index.php/collections-privees/ HTTP/1.1" 200 25323 "http://www.cordales.be/" "Mozilla/5.0 (Macintosh; Intel Mac OS X 10_15_5) AppleWebKit/537.36 (KHTML, like Gecko) Chrome/83.0.4103.61 Safari/537.36"
18.200.106.200 - - [28/Dec/2023:19:04:41 +0100] "GET /index.php/contact/ HTTP/1.1" 200 22519 "http://www.cordales.be/" "Mozilla/5.0 (Macintosh; Intel Mac OS X 10_15_5) AppleWebKit/537.36 (KHTML, like Gecko) Chrome/83.0.4103.61 Safari/537.36"
18.200.106.200 - - [28/Dec/2023:19:04:45 +0100] "GET /index.php/category/archives/ HTTP/1.1" 200 27112 "http://www.cordales.be/" "Mozilla/5.0 (Macintosh; Intel Mac OS X 10_15_5) AppleWebKit/537.36 (KHTML, like Gecko) Chrome/83.0.4103.61 Safari/537.36"
18.200.106.200 - - [28/Dec/2023:19:04:49 +0100] "GET /?s= HTTP/1.1" 200 28086 "http://www.cordales.be/" "Mozilla/5.0 (Macintosh; Intel Mac OS X 10_15_5) AppleWebKit/537.36 (KHTML, like Gecko) Chrome/83.0.4103.61 Safari/537.36" s=
18.200.106.200 - - [28/Dec/2023:19:04:52 +0100] "GET /index.php/galerie/le-lion-et-sa-lionne-3 HTTP/1.1" 301 0 "http://www.cordales.be/index.php/galerie/la-vie-sauvage/" "Mozilla/5.0 (Macintosh; Intel Mac OS X 10_15_5) AppleWebKit/537.36 (KHTML, like Gecko) Chrome/83.0.4103.61 Safari/537.36"
18.200.106.200 - - [28/Dec/2023:19:04:57 +0100] "GET /index.php/galerie/il-ny-a-pas-de-roses-sans-epines/ HTTP/1.1" 404 20575 "http://www.cordales.be/index.php/galerie/la-vie-sauvage/" "Mozilla/5.0 (Macintosh; Intel Mac OS X 10_15_5) AppleWebKit/537.36 (KHTML, like Gecko) Chrome/83.0.4103.61 Safari/537.36"
46.226.109.11 - - [28/Dec/2023:19:27:51 +0100] "POST /wp-cron.php?doing_wp_cron=1703788071.0148010253906250000000 HTTP/1.1" 200 0 "http://www.cordales.be/wp-cron.php?doing_wp_cron=1703788071.0148010253906250000000" "WordPress/5.3.16; http://www.cordales.be" doing_wp_cron=1703788071.0148010253906250000000
54.36.148.133 - - [28/Dec/2023:19:27:51 +0100] "GET /index.php/galerie/ HTTP/1.1" 200 52489 "-" "Mozilla/5.0 (compatible; AhrefsBot/7.0; +http://ahrefs.com/robot/)"
46.226.109.11 - - [28/Dec/2023:20:49:09 +0100] "POST /wp-cron.php?doing_wp_cron=1703792949.2298378944396972656250 HTTP/1.1" 200 0 "http://www.cordales.be/wp-cron.php?doing_wp_cron=1703792949.2298378944396972656250" "WordPress/5.3.16; http://www.cordales.be" doing_wp_cron=1703792949.2298378944396972656250
54.36.148.133 - - [28/Dec/2023:20:49:09 +0100] "GET /index.php/galerie/ce-qui-mene-le-monde/ HTTP/1.1" 200 23893 "-" "Mozilla/5.0 (compatible; AhrefsBot/7.0; +http://ahrefs.com/robot/)"
46.226.109.11 - - [28/Dec/2023:21:16:11 +0100] "POST /wp-cron.php?doing_wp_cron=1703794571.0416579246520996093750 HTTP/1.1" 200 0 "http://www.cordales.be/wp-cron.php?doing_wp_cron=1703794571.0416579246520996093750" "WordPress/5.3.16; http://www.cordales.be" doing_wp_cron=1703794571.0416579246520996093750
154.16.192.242 - - [28/Dec/2023:21:16:11 +0100] "GET / HTTP/1.1" 200 22504 "-" "Mozilla/5.0 (Windows; U; Windows NT 6.1; en-US; rv:1.9.1.5) Gecko/20091102 Firefox/3.5.5 (.NET CLR 3.5.30729)"
54.36.148.142 - - [28/Dec/2023:21:19:07 +0100] "GET /index.php/galerie/le-lion-et-sa-lionne-3/ HTTP/1.1" 200 22899 "-" "Mozilla/5.0 (compatible; AhrefsBot/7.0; +http://ahrefs.com/robot/)"
66.249.65.43 - - [28/Dec/2023:21:20:06 +0100] "GET /robots.txt HTTP/1.1" 404 345 "-" "Mozilla/5.0 (compatible; Googlebot/2.1; +http://www.google.com/bot.html)"
66.249.65.41 - - [28/Dec/2023:21:20:06 +0100] "GET /favicon.ico HTTP/1.1" 404 345 "-" "Googlebot-Image/1.0"
